000
CXUS55 KLKN 021230
CLSWMC
CLIMATE REPORT
NATIONAL WEATHER SERVICE ELKO, NV
430 AM PST SAT MAR 02 2024
...................................
...THE WINNEMUCCA AIRPORT NV CLIMATE SUMMARY FOR THE SEASON, FROM
12/1/2023 TO 2/29/2024...
CLIMATE NORMAL PERIOD 1991 TO 2020
CLIMATE RECORD PERIOD 1877 TO 2024
WEATHER OBSERVED NORMAL DEPART LAST YEAR`S
VALUE DATE(S) VALUE FROM VALUE
NORMAL
..............................................................
TEMPERATURE (F)
RECORD
HIGH 74 02/28/1986
02/19/1981
LOW -37 12/22/1990
HIGHEST 64 01/30 65 -1 60
LOWEST -6 01/11 -9 3 1
AVG. MAXIMUM 48.1 45.4 2.7 42.1
AVG. MINIMUM 25.4 21.0 4.4 21.8
MEAN 36.8 33.2 3.6 32.0
DAYS MAX >= 90 0 0.0 0.0 0
DAYS MAX <= 32 3 9.9 -6.9 11
DAYS MIN <= 32 71 81.1 -10.1 78
DAYS MIN <= 0 1 4.2 -3.2 0
PRECIPITATION (INCHES)
RECORD
MAXIMUM 7.84 1890
MINIMUM 0.51 1977
TOTALS 4.01 2.69 1.32 4.04
DAILY AVG. 0.05 NAN NAN 0.04
DAYS >= .01 28 24.3 3.7 MM
DAYS >= .10 13 9.6 3.4 MM
DAYS >= .50 1 0.5 0.5 MM
DAYS >= 1.00 0 0.0 0.0 MM
SNOWFALL (INCHES)
RECORDS
TOTAL 68.0 1890
TOTALS 13.9 14.0 -0.1 16.4
DAYS >= 1.0 4 4.8 -0.8 6
GREATEST
SNOW DEPTH 5 01/07 5
01/08
01/09
DEGREE DAYS
HEATING TOTAL 2550 2872 -322 2952
COOLING TOTAL 0 0 0 0
..............................................................
WIND (MPH)
AVERAGE WIND SPEED 6.9
HIGHEST WIND SPEED/DIRECTION 40/230 DATE 02/29
HIGHEST GUST SPEED/DIRECTION 59/230 DATE 02/29
AVERAGE RH (PERCENT) 66
WEATHER CONDITIONS. NUMBER OF DAYS WITH
THUNDERSTORM 1 MIXED PRECIP 0
HEAVY RAIN 1 RAIN 5
LIGHT RAIN 28 FREEZING RAIN 0
LT FREEZING RAIN 0 HAIL 0
HEAVY SNOW 2 SNOW 4
LIGHT SNOW 17 SLEET 0
FOG 24 FOG W/VIS <= 1/4 MILE 4
HAZE 3
- INDICATES NEGATIVE NUMBERS.
R INDICATES RECORD WAS SET OR TIED.
MM INDICATES DATA IS MISSING.
T INDICATES TRACE AMOUNT.
=====================================================================
...WARMER THAN NORMAL METEOROLOGICAL WINTER IN WINNEMUCCA...
...WETTER THAN NORMAL METEOROLOGICAL WINTER IN WINNEMUCCA...
...LESS SNOWIER THAN NORMAL METEOROLOGICAL WINTER IN WINNEMUCCA...
...1ST (TIED) LEAST SNOWIEST DECEMBER ON RECORD FOR WINNEMUCCA...
...5TH WETTEST JANUARY ON RECORD FOR WINNEMUCCA...
$$