000
CXUS54 KFWD 010830
CF60F2
PRELIMINARY LOCAL CLIMATOLOGICAL DATA (WS FORM: F-6)
STATION: BOWIE
MONTH: NOVEMBER
YEAR: 2023
LATITUDE: 33 36 N
LONGITUDE: 97 47 W
TEMPERATURE IN F: :PCPN: SNOW: WIND :SUNSHINE: SKY :PK WND
================================================================================
1 2 3 4 5 6A 6B 7 8 9 10 11 12 13 14 15 16 17 18
12Z AVG MX 2MIN
DY MAX MIN AVG DEP HDD CDD WTR SNW DPTH SPD SPD DIR MIN PSBL S-S WX SPD DR
================================================================================
1 56 27 42 -16 23 0 0.00 M M 3.3 7 160 M M 0 M M
2 63 32 48 -10 17 0 0.00 M M 6.2 14 170 M M 0 20 160
3 73 40 57 -1 8 0 0.00 M M 7.0 15 200 M M 0 23 160
4 74 50 62 5 3 0 0.00 M M 6.3 14 190 M M 0 1 21 170
5 80 55 68 11 0 3 0.00 M M 7.0 14 220 M M 0 20 220
6 84 59 72 15 0 7 0.00 M M 9.9 17 200 M M 0 23 200
7 86 58 72 16 0 7 0.00 M M 7.1 10 170 M M 0 20 180
8 89 61 75 19 0 10 0.00 M M 7.6 12 210 M M 0 17 200
9 64 47 56 1 9 0 0.24 M M 9.0 14 20 M M 10 20 60
10 64 42 53 -2 12 0 0.00 M M 4.6 12 90 M M 0 17 70
11 64 44 54 0 11 0 0.01 M M 2.3 8 110 M M 4 M M
12 67 41 54 0 11 0 0.00 M M 0.3 5 170 M M 0 M M
13 69 43 56 2 9 0 0.00 M M 1.8 6 100 M M 0 8 M M
14 69 40 55 2 10 0 0.00 M M 0.8 6 180 M M 0 M M
15 72 43 58 5 7 0 0.00 M M 1.2 6 110 M M 0 1 M M
16 64 44 54 2 11 0 T M M 6.5 15 170 M M 4 1 18 200
17 61 52 57 5 8 0 0.04 M M 5.8 10 170 M M 10 1 20 160
18 67 45 56 4 9 0 0.00 M M 2.4 5 190 M M 0 1 M M
19 63 49 56 5 9 0 0.17 M M 7.1 15 180 M M 9 1 21 180
20 65 50 58 7 7 0 0.00 M M 10.7 22 350 M M 7 28 350
21 58 39 49 -1 16 0 0.00 M M 14.0 23 350 M M 6 30 350
22 61 32 47 -3 18 0 0.00 M M 3.1 9 300 M M 0 16 300
23 67 33 50 1 15 0 0.00 M M 3.6 8 130 M M 0 M M
24 62 38 50 1 15 0 0.00 M M 3.0 7 80 M M 1 M M
25 60 37 49 1 16 0 0.02 M M 5.4 17 340 M M 6 22 340
26 49 29 39 -9 26 0 0.00 M M 10.5 17 320 M M 1 1 22 320
27 54 24 39 -9 26 0 0.00 M M 1.6 8 10 M M 0 M M
28 62 29 46 -1 19 0 0.00 M M 2.9 8 190 M M 0 M M
29 65 34 50 3 15 0 0.00 M M 5.3 14 180 M M 2 23 170
30 59 45 52 6 13 0 0.04 M M 6.3 10 170 M M 9 12 20 250
================================================================================
SM 1991 1262 343 27 0.52 M 162.9 M 69
================================================================================
AV 66.4 42.1 5.4 FASTST M M 2 MAX(MPH)
MISC ----> 23 350 30 350
================================================================================
NOTES:
# LAST OF SEVERAL OCCURRENCES
COLUMN 17 PEAK WIND IN M.P.H.
PRELIMINARY LOCAL CLIMATOLOGICAL DATA (WS FORM: F-6) , PAGE 2
STATION: BOWIE
MONTH: NOVEMBER
YEAR: 2023
LATITUDE: 33 36 N
LONGITUDE: 97 47 W
[TEMPERATURE DATA] [PRECIPITATION DATA] SYMBOLS USED IN COLUMN 16
AVERAGE MONTHLY: 54.2 TOTAL FOR MONTH: 0.52 1 = FOG OR MIST
DPTR FM NORMAL: 1.7 DPTR FM NORMAL: -1.69 2 = FOG REDUCING VISIBILITY
HIGHEST: 89 ON 8 GRTST 24HR 0.24 ON 9- 9 TO 1/4 MILE OR LESS
LOWEST: 24 ON 27 3 = THUNDER
SNOW, ICE PELLETS, HAIL 4 = ICE PELLETS
TOTAL MONTH: M 5 = HAIL
GRTST 24HR M ON M 6 = FREEZING RAIN OR DRIZZLE
GRTST DEPTH: M ON M 7 = DUSTSTORM OR SANDSTORM:
VSBY 1/2 MILE OR LESS
8 = SMOKE OR HAZE
[NO. OF DAYS WITH] [WEATHER - DAYS WITH] 9 = BLOWING SNOW
X = TORNADO
MAX 32 OR BELOW: 0 0.01 INCH OR MORE: 6
MAX 90 OR ABOVE: 0 0.10 INCH OR MORE: 2
MIN 32 OR BELOW: 6 0.50 INCH OR MORE: 0
MIN 0 OR BELOW: 0 1.00 INCH OR MORE: 0
[HDD (BASE 65) ]
TOTAL THIS MO. 343 CLEAR (SCALE 0-3) 21
DPTR FM NORMAL -40 PTCLDY (SCALE 4-7) 5
TOTAL FM JUL 1 475 CLOUDY (SCALE 8-10) 4
DPTR FM NORMAL -49
[CDD (BASE 65) ]
TOTAL THIS MO. 27
DPTR FM NORMAL 17 [PRESSURE DATA]
TOTAL FM JAN 1 2777 HIGHEST SLP M ON M
DPTR FM NORMAL 705 LOWEST SLP M ON M
[REMARKS]
#FINAL-11-23#