000
CXUS54 KHGX 251619
CF611R
PRELIMINARY LOCAL CLIMATOLOGICAL DATA (WS FORM: F-6)
STATION: BRENHAM
MONTH: JUNE
YEAR: 2020
LATITUDE: 30 13 N
LONGITUDE: 96 22 W
TEMPERATURE IN F: :PCPN: SNOW: WIND :SUNSHINE: SKY :PK WND
================================================================================
1 2 3 4 5 6A 6B 7 8 9 10 11 12 13 14 15 16 17 18
12Z AVG MX 2MIN
DY MAX MIN AVG DEP HDD CDD WTR SNW DPTH SPD SPD DIR MIN PSBL S-S WX SPD DR
================================================================================
1 86 73 80 M 0 15 0.00 0.0 0 3.1 9 140 M M 3 1 M M
2 91 72 82 M 0 17 0.00 0.0 0 2.7 8 100 M M 2 M M
3 91 71 81 M 0 16 0.21 0.0 0 2.3 9 130 M M 4 M M
4 93 73 83 M 0 18 0.00 0.0 0 4.4 8 170 M M 4 12 M M
5 93 75 84 M 0 19 0.00 0.0 0 3.1 8 110 M M 3 1 M M
6 96 73 85 M 0 20 0.04 0.0 0 3.2 12 30 M M 3 21 30
7 94 74 84 M 0 19 0.00 0.0 0 3.6 9 20 M M 2 M M
8 96 75 86 M 0 21 0.00 0.0 0 4.5 10 180 M M 2 8 M M
9 96 80 88 M 0 23 0.00 0.0 0 8.5 14 170 M M 5 18 170
10 91 66 79 M 0 14 0.00 0.0 0 5.7 14 360 M M 0 18 10
11 91 61 76 M 0 11 0.00 0.0 0 2.7 7 10 M M 0 M M
12 90 64 77 M 0 12 0.00 0.0 0 3.5 10 70 M M 0 M M
13 92 67 80 M 0 15 0.00 0.0 0 4.2 12 80 M M 0 17 80
14 93 64 79 M 0 14 0.00 0.0 0 3.1 7 110 M M 1 M M
15 95 69 82 M 0 17 0.00 0.0 0 3.6 8 120 M M 3 M M
16 95 69 82 M 0 17 T 0.0 0 3.6 12 120 M M 2 12 M M
17 94 69 82 M 0 17 0.00 0.0 0 5.2 13 200 M M 1 16 210
18 94 69 82 M 0 17 0.00 0.0 0 6.4 13 170 M M 2 17 180
19 94 71 83 M 0 18 T 0.0 0 6.3 13 170 M M 4 13 22 170
20 92 69 81 M 0 16 0.29 0.0 0 5.2 14 150 M M 6 18 18 150
21 94 74 84 M 0 19 0.02 0.0 0 7.1 13 100 M M 4 13 25 100
22 85 74 80 M 0 15 0.00 0.0 0 5.3 10 160 M M 4 3 17 200
23 91 72 82 M 0 17 0.00 0.0 0 4.3 14 320 M M 7 3 17 320
24 82 74 78 M 0 13 0.65 0.0 0 2.0 7 340 M M 8 M M
25 89 74 82 M 0 17 0.22 0.0 0 3.9 10 180 M M 7 3 20 180
26 85 75 80 M 0 15 0.47 0.0 0 3.9 10 170 M M 8 18 17 190
27 92 80 86 M 0 21 0.00 0.0 0 8.8 14 180 M M 6 18 23 180
28 89 79 84 M 0 19 0.00 0.0 0 11.1 18 180 M M 7 27 180
29 92 80 86 M 0 21 0.00 0.0 0 11.2 21 190 M M 8 29 160
30 93 82 88 M 0 23 0.00 0.0 0 11.9 17 190 M M 6 8 27 200
================================================================================
SM 2749 2168 0 516 1.90 0.0 154.4 M 112
================================================================================
AV 91.6 72.3 5.1 FASTST M M 4 MAX(MPH)
MISC ----> 21 190 29 160
================================================================================
NOTES:
# LAST OF SEVERAL OCCURRENCES
COLUMN 17 PEAK WIND IN M.P.H.
PRELIMINARY LOCAL CLIMATOLOGICAL DATA (WS FORM: F-6) , PAGE 2
STATION: BRENHAM
MONTH: JUNE
YEAR: 2020
LATITUDE: 30 13 N
LONGITUDE: 96 22 W
[TEMPERATURE DATA] [PRECIPITATION DATA] SYMBOLS USED IN COLUMN 16
AVERAGE MONTHLY: 82.0 TOTAL FOR MONTH: 1.90 1 = FOG OR MIST
DPTR FM NORMAL: 29.5 DPTR FM NORMAL: -1.94 2 = FOG REDUCING VISIBILITY
HIGHEST: 96 ON 9, 8 GRTST 24HR 0.65 ON 24-24 TO 1/4 MILE OR LESS
LOWEST: 61 ON 11 3 = THUNDER
SNOW, ICE PELLETS, HAIL 4 = ICE PELLETS
TOTAL MONTH: 0.0 INCH 5 = HAIL
GRTST 24HR 0.0 6 = FREEZING RAIN OR DRIZZLE
GRTST DEPTH: 0 7 = DUSTSTORM OR SANDSTORM:
VSBY 1/2 MILE OR LESS
8 = SMOKE OR HAZE
[NO. OF DAYS WITH] [WEATHER - DAYS WITH] 9 = BLOWING SNOW
X = TORNADO
MAX 32 OR BELOW: 0 0.01 INCH OR MORE: 7
MAX 90 OR ABOVE: 24 0.10 INCH OR MORE: 5
MIN 32 OR BELOW: 0 0.50 INCH OR MORE: 1
MIN 0 OR BELOW: 0 1.00 INCH OR MORE: 0
[HDD (BASE 65) ]
TOTAL THIS MO. 0 CLEAR (SCALE 0-3) 14
DPTR FM NORMAL M PTCLDY (SCALE 4-7) 14
TOTAL FM JUL 1 1315 CLOUDY (SCALE 8-10) 2
DPTR FM NORMAL M
[CDD (BASE 65) ]
TOTAL THIS MO. 516
DPTR FM NORMAL M [PRESSURE DATA]
TOTAL FM JAN 1 1286 HIGHEST SLP M ON M
DPTR FM NORMAL M LOWEST SLP M ON M
[REMARKS]
#FINAL-06-20#