000
CXUS51 KBTV 010700
CF61V4
PRELIMINARY LOCAL CLIMATOLOGICAL DATA (WS FORM: F-6)
STATION: SAINT JOHNSBURY VT ASOS
MONTH: MAY
YEAR: 2023
LATITUDE: 44 25 N
LONGITUDE: 72 1 W
TEMPERATURE IN F: :PCPN: SNOW: WIND :SUNSHINE: SKY :PK WND
================================================================================
1 2 3 4 5 6A 6B 7 8 9 10 11 12 13 14 15 16 17 18
12Z AVG MX 2MIN
DY MAX MIN AVG DEP HDD CDD WTR SNW DPTH SPD SPD DIR MIN PSBL S-S WX SPD DR
================================================================================
1 57 39 48 -2 17 0 0.66 M M M M M M M 0 M M
2 54 34 44 -6 21 0 0.18 M M M M M M M 0 M M
3 52 41 47 -3 18 0 M M M M M M M M 0 M M
4 51 42 47 -4 18 0 0.00 M M M M M M M 0 M M
5 64 42 53 2 12 0 0.00 M M M M M M M 0 M M
6 72 35 54 2 11 0 0.00 M M M M M M M 0 M M
7 73 38 56 4 9 0 0.00 M M M M M M M 0 M M
8 64 37 51 -1 14 0 0.00 M M M M M M M 0 M M
9 60 30 45 -8 20 0 0.00 M M M M M M M 0 M M
10 70 30 50 -3 15 0 0.00 M M M M M M M 0 M M
11 77 39 58 4 7 0 0.00 M M M M M M M 0 M M
12 78 48 63 9 2 0 0.03 M M M M M M M 0 M M
13 69 41 55 1 10 0 0.00 M M M M M M M 0 M M
14 61 33 47 -8 18 0 0.00 M M M M M M M 0 M M
15 69 32 51 -4 14 0 0.00 M M M M M M M 0 M M
16 72 42 57 2 8 0 0.00 M M M M M M M 0 M M
17 45 29 37 -19 28 0 0.00 M M M M M M M 0 M M
18 63 24 44 -12 21 0 0.00 M M M M M M M 0 M M
19 72 32 52 -4 13 0 0.00 M M M M M M M 0 M M
20 68 55 62 5 3 0 0.49 M M M M M M M 0 M M
21 70 52 61 4 4 0 0.03 M M M M M M M 0 M M
22 70 40 55 -2 10 0 0.00 M M M M M M M 0 M M
23 75 37 56 -2 9 0 0.00 M M M M M M M 0 M M
24 65 42 54 -4 11 0 0.45 M M M M M M M 0 M M
25 59 37 48 -10 17 0 0.00 M M M M M M M 0 M M
26 69 32 51 -7 14 0 0.00 M M M M M M M 0 M M
27 81 37 59 0 6 0 0.00 M M M M M M M 0 M M
28 87 47 67 8 0 2 0.00 M M M M M M M 0 M M
29 80 47 64 5 1 0 0.00 M M M M M M M 0 M M
30 82 45 64 4 1 0 0.00 M M M M M M M 0 M M
31 88 49 69 9 0 4 0.00 M M M M M M M 0 M M
================================================================================
SM 2117 1208 352 6 1.84 M M M 0
================================================================================
AV 68.3 39.0 M FASTST M M 0 MAX(MPH)
MISC ----> M M M M
================================================================================
NOTES:
# LAST OF SEVERAL OCCURRENCES
COLUMN 17 PEAK WIND IN M.P.H.
PRELIMINARY LOCAL CLIMATOLOGICAL DATA (WS FORM: F-6) , PAGE 2
STATION: SAINT JOHNSBURY VT ASOS
MONTH: MAY
YEAR: 2023
LATITUDE: 44 25 N
LONGITUDE: 72 1 W
[TEMPERATURE DATA] [PRECIPITATION DATA] SYMBOLS USED IN COLUMN 16
AVERAGE MONTHLY: 53.6 TOTAL FOR MONTH: 1.84 1 = FOG OR MIST
DPTR FM NORMAL: -1.4 DPTR FM NORMAL: -1.90 2 = FOG REDUCING VISIBILITY
HIGHEST: 88 ON 31 GRTST 24HR 0.66 ON 1- 1 TO 1/4 MILE OR LESS
LOWEST: 24 ON 18 3 = THUNDER
SNOW, ICE PELLETS, HAIL 4 = ICE PELLETS
TOTAL MONTH: M 5 = HAIL
GRTST 24HR M ON M 6 = FREEZING RAIN OR DRIZZLE
GRTST DEPTH: M ON M 7 = DUSTSTORM OR SANDSTORM:
VSBY 1/2 MILE OR LESS
8 = SMOKE OR HAZE
[NO. OF DAYS WITH] [WEATHER - DAYS WITH] 9 = BLOWING SNOW
X = TORNADO
MAX 32 OR BELOW: 0 0.01 INCH OR MORE: 6
MAX 90 OR ABOVE: 0 0.10 INCH OR MORE: 4
MIN 32 OR BELOW: 7 0.50 INCH OR MORE: 1
MIN 0 OR BELOW: 0 1.00 INCH OR MORE: 0
[HDD (BASE 65) ]
TOTAL THIS MO. 352 CLEAR (SCALE 0-3) 31
DPTR FM NORMAL 31 PTCLDY (SCALE 4-7) 0
TOTAL FM JUL 1 6643 CLOUDY (SCALE 8-10) 0
DPTR FM NORMAL -1245
[CDD (BASE 65) ]
TOTAL THIS MO. 6
DPTR FM NORMAL -6 [PRESSURE DATA]
TOTAL FM JAN 1 6 HIGHEST SLP M ON M
DPTR FM NORMAL -7 LOWEST SLP M ON M
[REMARKS]
#FINAL-05-23#