000
CXUS51 KBTV 010800
CF61V4
PRELIMINARY LOCAL CLIMATOLOGICAL DATA (WS FORM: F-6)
STATION: SAINT JOHNSBURY VT ASOS
MONTH: NOVEMBER
YEAR: 2022
LATITUDE: 44 25 N
LONGITUDE: 72 1 W
TEMPERATURE IN F: :PCPN: SNOW: WIND :SUNSHINE: SKY :PK WND
================================================================================
1 2 3 4 5 6A 6B 7 8 9 10 11 12 13 14 15 16 17 18
12Z AVG MX 2MIN
DY MAX MIN AVG DEP HDD CDD WTR SNW DPTH SPD SPD DIR MIN PSBL S-S WX SPD DR
================================================================================
1 66 43 55 14 10 0 0.00 M M M M M M M 0 M M
2 61 32 47 7 18 0 0.00 M M M M M M M 0 M M
3 65 27 46 6 19 0 0.00 M M M M M M M 0 M M
4 69 32 51 11 14 0 0.00 M M M M M M M 0 M M
5 72 43 58 19 7 0 0.00 M M M M M M M 0 M M
6 74 65 70 31 0 5 0.00 M M M M M M M 0 M M
7 68 45 57 18 8 0 0.00 M M M M M M M 0 M M
8 45 27 36 -2 29 0 0.00 M M M M M M M 0 M M
9 50 22 36 -2 29 0 0.00 M M M M M M M 0 M M
10 64 29 47 9 18 0 0.00 M M M M M M M 0 M M
11 69 35 52 15 13 0 M M M M M M M M 0 M M
12 66 48 57 20 8 0 M M M M M M M M 0 M M
13 48 31 40 4 25 0 0.00 M M M M M M M 0 M M
14 36 29 33 -3 32 0 0.00 M M M M M M M 0 M M
15 37 22 30 -6 35 0 0.00 M M M M M M M 0 M M
16 34 31 33 -2 32 0 0.00 M M M M M M M 0 M M
17 34 24 29 -6 36 0 0.00 M M M M M M M 0 M M
18 36 19 28 -6 37 0 0.00 M M M M M M M 0 M M
19 37 17 27 -7 38 0 0.00 M M M M M M M 0 M M
20 32 18 25 -9 40 0 0.00 M M M M M M M 0 M M
21 33 9 21 -12 44 0 0.00 M M M M M M M 0 M M
22 39 27 33 0 32 0 0.00 M M M M M M M 0 M M
23 37 22 30 -2 35 0 0.00 M M M M M M M 0 M M
24 40 15 28 -4 37 0 0.00 M M M M M M M 0 M M
25 40 24 32 0 33 0 0.00 M M M M M M M 0 M M
26 45 27 36 5 29 0 0.00 M M M M M M M 0 M M
27 45 23 34 3 31 0 0.00 M M M M M M M 0 M M
28 39 31 35 5 30 0 0.00 M M M M M M M 0 M M
29 36 28 32 2 33 0 0.00 M M M M M M M 0 M M
30 50 26 38 8 27 0 0.00 M M M M M M M 0 M M
================================================================================
SM 1467 871 779 5 0.00 M M M 0
================================================================================
AV 48.9 29.0 M FASTST M M 0 MAX(MPH)
MISC ----> M M M M
================================================================================
NOTES:
# LAST OF SEVERAL OCCURRENCES
COLUMN 17 PEAK WIND IN M.P.H.
PRELIMINARY LOCAL CLIMATOLOGICAL DATA (WS FORM: F-6) , PAGE 2
STATION: SAINT JOHNSBURY VT ASOS
MONTH: NOVEMBER
YEAR: 2022
LATITUDE: 44 25 N
LONGITUDE: 72 1 W
[TEMPERATURE DATA] [PRECIPITATION DATA] SYMBOLS USED IN COLUMN 16
AVERAGE MONTHLY: 39.0 TOTAL FOR MONTH: 0.00 1 = FOG OR MIST
DPTR FM NORMAL: 3.7 DPTR FM NORMAL: -3.05 2 = FOG REDUCING VISIBILITY
HIGHEST: 74 ON 6 GRTST 24HR 0.00 ON 1- 1 TO 1/4 MILE OR LESS
LOWEST: 9 ON 21 3 = THUNDER
SNOW, ICE PELLETS, HAIL 4 = ICE PELLETS
TOTAL MONTH: M 5 = HAIL
GRTST 24HR M ON M 6 = FREEZING RAIN OR DRIZZLE
GRTST DEPTH: M ON M 7 = DUSTSTORM OR SANDSTORM:
VSBY 1/2 MILE OR LESS
8 = SMOKE OR HAZE
[NO. OF DAYS WITH] [WEATHER - DAYS WITH] 9 = BLOWING SNOW
X = TORNADO
MAX 32 OR BELOW: 1 0.01 INCH OR MORE: 0
MAX 90 OR ABOVE: 0 0.10 INCH OR MORE: 0
MIN 32 OR BELOW: 24 0.50 INCH OR MORE: 0
MIN 0 OR BELOW: 0 1.00 INCH OR MORE: 0
[HDD (BASE 65) ]
TOTAL THIS MO. 779 CLEAR (SCALE 0-3) 30
DPTR FM NORMAL -111 PTCLDY (SCALE 4-7) 0
TOTAL FM JUL 1 1400 CLOUDY (SCALE 8-10) 0
DPTR FM NORMAL -339
[CDD (BASE 65) ]
TOTAL THIS MO. 5
DPTR FM NORMAL 5 [PRESSURE DATA]
TOTAL FM JAN 1 107 HIGHEST SLP M ON M
DPTR FM NORMAL -223 LOWEST SLP M ON M
[REMARKS]
#FINAL-11-22#