000
CXUS55 KBOU 011000
CF620V
PRELIMINARY LOCAL CLIMATOLOGICAL DATA (WS FORM: F-6)
STATION: KREMMLING
MONTH: DECEMBER
YEAR: 2021
LATITUDE: 40 3 N
LONGITUDE: 106 22 W
TEMPERATURE IN F: :PCPN: SNOW: WIND :SUNSHINE: SKY :PK WND
================================================================================
1 2 3 4 5 6A 6B 7 8 9 10 11 12 13 14 15 16 17 18
12Z AVG MX 2MIN
DY MAX MIN AVG DEP HDD CDD WTR SNW DPTH SPD SPD DIR MIN PSBL S-S WX SPD DR
================================================================================
1 54 16 35 M 30 0 M M M 1.1 5 60 M M 0 M M
2 54 12 33 M 32 0 M M M 0.1 3 200 M M 0 M M
3 50 12 31 M 34 0 M M M 0.0 M M M M 0 M M
4 54 10 32 M 33 0 M M M 1.1 7 280 M M 0 M M
5 54 19 37 M 28 0 M M M 7.5 20 280 M M 0 37 280
6 41 10 26 M 39 0 M M M 5.7 20 290 M M 5 31 310
7 45 28 37 M 28 0 M M M 6.7 15 240 M M 7 22 260
8 37 12 25 M 40 0 M M M 5.6 16 260 M M 5 25 250
9 39 32 36 M 29 0 M M M 11.5 24 240 M M 10 36 240
10 34 12 23 M 42 0 M M M 8.7 14 240 M M 8 22 350
11 23 0 12 M 53 0 M M M 6.0 13 110 M M 3 18 250
12 41 1 21 M 44 0 M M M 3.8 9 160 M M 0 24 0
13 39 0 20 M 45 0 M M M 1.5 9 110 M M 0 M M
14 37 9 23 M 42 0 M M M 1.2 5 90 M M 0 M M
15 32 18 25 M 40 0 M M M 8.9 29 250 M M 10 8 39 260
16 37 14 26 M 39 0 M M M 9.2 22 240 M M 3 29 240
17 30 9 20 M 45 0 M M M 5.0 12 330 M M 7 22 250
18 21 -8 7 M 58 0 M M M 0.1 4 120 M M 1 1 M M
19 25 -9 8 M 57 0 M M M 0.1 3 150 M M 0 M M
20 30 -8 11 M 54 0 M M M 0.3 3 120 M M 0 M M
21 39 -4 18 M 47 0 M M M 1.0 5 90 M M 2 M M
22 36 -6 15 M 50 0 M M M 0.6 9 80 M M 0 M M
23 39 27 33 M 32 0 M M M 9.9 21 260 M M 8 30 260
24 36 27 32 M 33 0 M M M 6.6 20 240 M M 9 24 240
25 34 10 22 M 43 0 M M M 13.2 24 240 M M 6 8 33 240
26 34 1 18 M 47 0 M M M 10.1 26 260 M M 8 8 45 240
27 30 9 20 M 45 0 M M M 6.3 15 240 M M 9 1 29 270
28 27 10 19 M 46 0 M M M 3.2 22 330 M M 10 8 29 330
29 25 10 18 M 47 0 M M M 3.3 15 250 M M 10 27 250
30 32 23 28 M 37 0 M M M 13.9 27 240 M M 10 8 38 240
31 30 18 24 M 41 0 M M M 7.1 16 250 M M 10 23 250
================================================================================
SM 1139 314 1280 0 M M 159.3 M 141
================================================================================
AV 36.7 10.1 5.1 FASTST M M 5 MAX(MPH)
MISC ----> 29 250 45 240
================================================================================
NOTES:
# LAST OF SEVERAL OCCURRENCES
COLUMN 17 PEAK WIND IN M.P.H.
PRELIMINARY LOCAL CLIMATOLOGICAL DATA (WS FORM: F-6) , PAGE 2
STATION: KREMMLING
MONTH: DECEMBER
YEAR: 2021
LATITUDE: 40 3 N
LONGITUDE: 106 22 W
[TEMPERATURE DATA] [PRECIPITATION DATA] SYMBOLS USED IN COLUMN 16
AVERAGE MONTHLY: 23.4 TOTAL FOR MONTH: M 1 = FOG OR MIST
DPTR FM NORMAL: 0.0 DPTR FM NORMAL: M 2 = FOG REDUCING VISIBILITY
HIGHEST: 54 ON 1, 2 GRTST 24HR M ON M TO 1/4 MILE OR LESS
LOWEST: -9 ON 19 3 = THUNDER
SNOW, ICE PELLETS, HAIL 4 = ICE PELLETS
TOTAL MONTH: M 5 = HAIL
GRTST 24HR M ON M 6 = FREEZING RAIN OR DRIZZLE
GRTST DEPTH: M ON M 7 = DUSTSTORM OR SANDSTORM:
VSBY 1/2 MILE OR LESS
8 = SMOKE OR HAZE
[NO. OF DAYS WITH] [WEATHER - DAYS WITH] 9 = BLOWING SNOW
X = TORNADO
MAX 32 OR BELOW: 11 0.01 INCH OR MORE: 0
MAX 90 OR ABOVE: 0 0.10 INCH OR MORE: 0
MIN 32 OR BELOW: 31 0.50 INCH OR MORE: 0
MIN 0 OR BELOW: 7 1.00 INCH OR MORE: 0
[HDD (BASE 65) ]
TOTAL THIS MO. 1280 CLEAR (SCALE 0-3) 14
DPTR FM NORMAL M PTCLDY (SCALE 4-7) 9
TOTAL FM JUL 1 3259 CLOUDY (SCALE 8-10) 8
DPTR FM NORMAL M
[CDD (BASE 65) ]
TOTAL THIS MO. 0
DPTR FM NORMAL M [PRESSURE DATA]
TOTAL FM JAN 1 79 HIGHEST SLP M ON M
DPTR FM NORMAL M LOWEST SLP M ON M
[REMARKS]
#FINAL-12-21#