000
CXUS55 KBOU 010900
CF633V
PRELIMINARY LOCAL CLIMATOLOGICAL DATA (WS FORM: F-6)
STATION: WALDEN
MONTH: JUNE
YEAR: 2021
LATITUDE: 40 45 N
LONGITUDE: 106 16 W
TEMPERATURE IN F: :PCPN: SNOW: WIND :SUNSHINE: SKY :PK WND
================================================================================
1 2 3 4 5 6A 6B 7 8 9 10 11 12 13 14 15 16 17 18
12Z AVG MX 2MIN
DY MAX MIN AVG DEP HDD CDD WTR SNW DPTH SPD SPD DIR MIN PSBL S-S WX SPD DR
================================================================================
1 M M M M M M 0.00 M M M M M M M M M M
2 M M M M M M 0.00 M M M M M M M M M M
3 M M M M M M 0.00 M M M M M M M M M M
4 M M M M M M 0.00 M M M M M M M M M M
5 M M M M M M 0.00 M M M M M M M M M M
6 M M M M M M 0.00 M M M M M M M M M M
7 M M M M M M 0.00 M M M M M M M M M M
8 M M M M M M 0.00 M M M M M M M M M M
9 M M M M M M 0.00 M M M M M M M M M M
10 M M M M M M 0.00 M M M M M M M M M M
11 75 28 52 M 13 0 0.00 M M 9.4 24 250 M M 0 30 250
12 80 31 56 M 9 0 0.00 M M 6.2 13 230 M M 0 24 260
13 85 35 60 M 5 0 0.00 M M 5.6 12 210 M M 0 21 230
14 87 39 63 M 2 0 0.00 M M 5.5 14 240 M M 0 20 250
15 89 37 63 M 2 0 0.00 M M 6.7 15 240 M M 0 28 270
16 90 42 66 M 0 1 0.00 M M 8.0 17 250 M M 0 26 250
17 88 42 65 M 0 0 0.00 M M 7.6 22 250 M M 0 29 270
18 83 43 63 M 2 0 0.00 M M 5.9 12 320 M M 1 41 330
19 77 49 63 M 2 0 0.00 M M 9.4 21 300 M M 1 29 330
20 81 42 62 M 3 0 0.00 M M 12.6 21 270 M M 1 25 250
21 75 34 55 M 10 0 0.00 M M 5.7 12 290 M M 1 20 270
22 82 37 60 M 5 0 0.00 M M 7.8 21 250 M M 1 30 250
23 81 43 62 M 3 0 0.00 M M 8.5 16 240 M M 1 24 240
24 75 49 62 M 3 0 0.00 M M 6.8 20 340 M M 4 30 340
25 67 42 55 M 10 0 0.00 M M 7.0 16 350 M M 8 21 350
26 62 45 54 M 11 0 0.00 M M 9.3 23 350 M M 9 22 360
27 60 43 52 M 13 0 0.00 M M 7.0 16 340 M M 8 30 30
28 70 39 55 M 10 0 0.00 M M 6.3 18 20 M M 4 22 340
29 70 34 52 M 13 0 0.00 M M 4.7 14 50 M M 3 24 340
30 77 40 59 M 6 0 0.00 M M 6.4 17 360 M M 3 21 250
================================================================================
SM 1554 794 122 1 0.00 M 146.3 M 45
================================================================================
AV 77.7 39.7 7.3 FASTST M M 2 MAX(MPH)
MISC ----> 24 250 41 330
================================================================================
NOTES:
# LAST OF SEVERAL OCCURRENCES
COLUMN 17 PEAK WIND IN M.P.H.
PRELIMINARY LOCAL CLIMATOLOGICAL DATA (WS FORM: F-6) , PAGE 2
STATION: WALDEN
MONTH: JUNE
YEAR: 2021
LATITUDE: 40 45 N
LONGITUDE: 106 16 W
[TEMPERATURE DATA] [PRECIPITATION DATA] SYMBOLS USED IN COLUMN 16
AVERAGE MONTHLY: 58.7 TOTAL FOR MONTH: 0.00 1 = FOG OR MIST
DPTR FM NORMAL: 0.0 DPTR FM NORMAL: M 2 = FOG REDUCING VISIBILITY
HIGHEST: 90 ON 16 GRTST 24HR 0.00 ON 1- 1 TO 1/4 MILE OR LESS
LOWEST: 28 ON 11 3 = THUNDER
SNOW, ICE PELLETS, HAIL 4 = ICE PELLETS
TOTAL MONTH: M 5 = HAIL
GRTST 24HR M ON M 6 = FREEZING RAIN OR DRIZZLE
GRTST DEPTH: M ON M 7 = DUSTSTORM OR SANDSTORM:
VSBY 1/2 MILE OR LESS
8 = SMOKE OR HAZE
[NO. OF DAYS WITH] [WEATHER - DAYS WITH] 9 = BLOWING SNOW
X = TORNADO
MAX 32 OR BELOW: 0 0.01 INCH OR MORE: 0
MAX 90 OR ABOVE: 1 0.10 INCH OR MORE: 0
MIN 32 OR BELOW: 2 0.50 INCH OR MORE: 0
MIN 0 OR BELOW: 0 1.00 INCH OR MORE: 0
[HDD (BASE 65) ]
TOTAL THIS MO. 122 CLEAR (SCALE 0-3) 15
DPTR FM NORMAL M PTCLDY (SCALE 4-7) 3
TOTAL FM JUL 1 9396 CLOUDY (SCALE 8-10) 12
DPTR FM NORMAL M
[CDD (BASE 65) ]
TOTAL THIS MO. 1
DPTR FM NORMAL M [PRESSURE DATA]
TOTAL FM JAN 1 1 HIGHEST SLP M ON M
DPTR FM NORMAL M LOWEST SLP M ON M
[REMARKS]
#FINAL-06-21#