000
CXUS53 KABR 031703
CF68D3
PRELIMINARY LOCAL CLIMATOLOGICAL DATA (WS FORM: F-6)
STATION: SISSETON SD
MONTH: JULY
YEAR: 2022
LATITUDE: 45 40 N
LONGITUDE: 96 59 W
TEMPERATURE IN F: :PCPN: SNOW: WIND :SUNSHINE: SKY :PK WND
================================================================================
1 2 3 4 5 6A 6B 7 8 9 10 11 12 13 14 15 16 17 18
12Z AVG MX 2MIN
DY MAX MIN AVG DEP HDD CDD WTR SNW DPTH SPD SPD DIR MIN PSBL S-S WX SPD DR
================================================================================
1 88 58 73 3 0 8 0.00 0.0 0 7.9 17 280 M M 0 26 280
2 82 64 73 2 0 8 0.30 0.0 0 7.7 30 350 M M 0 39 350
3 89 67 78 7 0 13 0.12 0.0 0 10.0 18 190 M M 0 25 210
4 89 70 80 9 0 15 0.92 0.0 0 7.4 24 160 M M 0 33 180
5 84 69 77 6 0 12 0.10 0.0 0 8.1 28 150 M M 0 37 340
6 85 68 77 6 0 12 0.00 0.0 0 5.8 12 160 M M 0 15 130
7 84 67 76 5 0 11 0.04 0.0 0 4.7 13 20 M M 0 17 10
8 87 66 77 6 0 12 0.00 0.0 0 5.5 12 30 M M 0 17 350
9 89 66 78 6 0 13 0.00 0.0 0 8.4 21 170 M M 0 28 170
10 90 71 81 9 0 16 0.00 0.0 0 10.2 22 330 M M 0 27 330
11 86 71 79 7 0 14 0.00 0.0 0 18.1 31 310 M M 0 43 320
12 89 64 77 5 0 12 0.00 0.0 0 12.9 18 290 M M 0 35 240
13 85 59 72 0 0 7 0.00 0.0 0 5.6 13 110 M M M 18 40
14 88 62 75 3 0 10 0.00 0.0 0 11.8 23 140 M M 0 32 140
15 92 70 81 9 0 16 0.00 0.0 0 5.0 15 30 M M 0 20 30
16 88 69 79 7 0 14 0.00 0.0 0 5.6 18 70 M M 0 26 70
17 92 66 79 7 0 14 0.00 0.0 0 8.4 17 230 M M 0 25 220
18 98 78 88 16 0 23 0.00 0.0 0 16.8 29 180 M M 0 42 170
19 88 73 81 9 0 16 0.13 0.0 0 18.6 33 280 M M 0 45 290
20 92 68 80 8 0 15 0.69 0.0 0 14.4 35 290 M M 0 65 330
21 87 62 75 3 0 10 0.00 0.0 0 7.8 16 320 M M 0 22 10
22 93 68 81 9 0 16 0.30 0.0 0 5.8 15 180 M M 0 21 160
23 84 67 76 4 0 11 0.26 0.0 0 7.8 23 320 M M 0 36 320
24 78 60 69 -3 0 4 0.00 0.0 0 9.1 18 320 M M 0 24 320
25 77 56 67 -5 0 2 0.00 0.0 0 8.0 17 210 M M 0 22 230
26 83 63 73 1 0 8 0.03 0.0 0 10.5 20 320 M M 0 29 330
27 80 59 70 -2 0 5 0.00 0.0 0 10.6 25 320 M M 0 32 330
28 77 54 66 -5 0 1 0.00 0.0 0 10.1 21 330 M M 0 27 340
29 82 54 68 -3 0 3 0.00 0.0 0 4.1 13 240 M M 0 17 240
30 88 58 73 2 0 8 0.00 0.0 0 11.1 29 210 M M 0 41 210
31 81 67 74 3 0 9 0.00 0.0 0 M M M M M 0 M M
================================================================================
SM 2675 2014 0 338 2.89 0.0 277.8 M 0
================================================================================
AV 86.3 65.0 9.3 FASTST M M 0 MAX(MPH)
MISC ----> 35 290 65 330
================================================================================
NOTES:
# LAST OF SEVERAL OCCURRENCES
COLUMN 17 PEAK WIND IN M.P.H.
PRELIMINARY LOCAL CLIMATOLOGICAL DATA (WS FORM: F-6) , PAGE 2
STATION: SISSETON SD
MONTH: JULY
YEAR: 2022
LATITUDE: 45 40 N
LONGITUDE: 96 59 W
[TEMPERATURE DATA] [PRECIPITATION DATA] SYMBOLS USED IN COLUMN 16
AVERAGE MONTHLY: 75.6 TOTAL FOR MONTH: 2.89 1 = FOG OR MIST
DPTR FM NORMAL: 4.2 DPTR FM NORMAL: -0.60 2 = FOG REDUCING VISIBILITY
HIGHEST: 98 ON 18 GRTST 24HR 1.03 ON 3- 4 TO 1/4 MILE OR LESS
LOWEST: 54 ON 29,28 3 = THUNDER
SNOW, ICE PELLETS, HAIL 4 = ICE PELLETS
TOTAL MONTH: 0.0 INCH 5 = HAIL
GRTST 24HR 0.0 6 = FREEZING RAIN OR DRIZZLE
GRTST DEPTH: 0 7 = DUSTSTORM OR SANDSTORM:
VSBY 1/2 MILE OR LESS
8 = SMOKE OR HAZE
[NO. OF DAYS WITH] [WEATHER - DAYS WITH] 9 = BLOWING SNOW
X = TORNADO
MAX 32 OR BELOW: 0 0.01 INCH OR MORE: 10
MAX 90 OR ABOVE: 6 0.10 INCH OR MORE: 8
MIN 32 OR BELOW: 0 0.50 INCH OR MORE: 2
MIN 0 OR BELOW: 0 1.00 INCH OR MORE: 0
[HDD (BASE 65) ]
TOTAL THIS MO. 0 CLEAR (SCALE 0-3) 30
DPTR FM NORMAL -11 PTCLDY (SCALE 4-7) 0
TOTAL FM JUL 1 0 CLOUDY (SCALE 8-10) 1
DPTR FM NORMAL 0
[CDD (BASE 65) ]
TOTAL THIS MO. 338
DPTR FM NORMAL 127 [PRESSURE DATA]
TOTAL FM JAN 1 635 HIGHEST SLP 30.12 ON 9
DPTR FM NORMAL 275 LOWEST SLP 29.38 ON 19
[REMARKS]
#FINAL-07-22#