000
CXUS52 KTAE 010800
CF6AAF
PRELIMINARY LOCAL CLIMATOLOGICAL DATA (WS FORM: F-6)
STATION: APALACHICOLA
MONTH: MARCH
YEAR: 2022
LATITUDE: 29 43 N
LONGITUDE: 85 2 W
TEMPERATURE IN F: :PCPN: SNOW: WIND :SUNSHINE: SKY :PK WND
================================================================================
1 2 3 4 5 6A 6B 7 8 9 10 11 12 13 14 15 16 17 18
12Z AVG MX 2MIN
DY MAX MIN AVG DEP HDD CDD WTR SNW DPTH SPD SPD DIR MIN PSBL S-S WX SPD DR
================================================================================
1 71 43 57 -2 8 0 0.00 0.0 0 6.6 17 240 M M 1 12 21 260
2 75 42 59 0 6 0 0.00 0.0 M 5.2 13 260 M M 0 1 16 250
3 77 45 61 1 4 0 0.00 0.0 M 4.1 18 160 M M 0 22 160
4 76 43 60 0 5 0 0.00 0.0 M 4.0 13 120 M M 1 12 17 100
5 76 52 64 4 1 0 0.00 0.0 M 7.3 16 110 M M 0 21 120
6 76 58 67 7 0 2 0.00 0.0 0 7.9 16 130 M M 0 22 140
7 75 57 66 6 0 1 0.00 M M 8.0 16 150 M M 5 1 23 170
8 76 68 72 12 0 7 0.00 0.0 0 5.2 13 140 M M 10 12 16 150
9 76 64 70 9 0 5 0.60 0.0 0 6.7 18 280 M M 10 123 29 290
10 71 63 67 6 0 2 0.33 M M 6.6 16 150 M M 9 1 22 140
11 69 66 68 7 0 3 4.21 M M 10.4 24 210 M M 9 13 35 220
12 71 39 55 -6 10 0 3.05 M M 16.1 33 220 M M 4 13 47 220
13 54 34 44 -17 21 0 0.00 M M 8.2 16 40 M M 0 21 60
14 69 42 56 -5 9 0 0.00 M M 7.9 17 120 M M 1 22 110
15 66 61 64 2 1 0 0.93 0.0 0 10.8 20 100 M M 9 13 28 100
16 75 57 66 4 0 1 0.00 0.0 0 5.8 17 260 M M 2 12 22 260
17 76 51 64 2 1 0 0.00 0.0 0 5.7 16 200 M M 0 1 20 200
18 76 64 70 8 0 5 0.00 0.0 0 10.9 20 170 M M 2 123 26 170
19 77 59 68 6 0 3 0.50 0.0 0 8.4 20 160 M M 6 123 23 160
20 76 50 63 1 2 0 0.02 0.0 0 8.1 18 10 M M 0 27 20
21 73 45 59 -3 6 0 0.00 0.0 0 6.9 17 110 M M 0 26 110
22 74 65 70 7 0 5 0.00 0.0 0 13.3 21 130 M M 0 28 130
23 72 66 69 6 0 4 1.10 0.0 0 11.6 32 190 M M 3 13 46 190
24 68 56 62 -1 3 0 0.39 0.0 0 5.2 15 230 M M 5 13 21 210
25 72 50 61 -2 4 0 T 0.0 M 9.2 24 310 M M 0 30 310
26 76 49 63 0 2 0 0.00 M M 8.7 22 310 M M 0 30 300
27 74 53 64 0 1 0 0.00 0.0 M 6.6 17 250 M M 0 21 260
28 81 55 68 4 0 3 0.00 M M 7.9 20 260 M M 0 22 260
29 78 56 67 3 0 2 0.00 0.0 0 5.6 14 180 M M 1 12 17 150
30 77 58 68 4 0 3 0.00 0.0 0 13.7 28 170 M M 0 34 170
31 76 67 72 8 0 7 0.51 0.0 M 12.5 29 170 M M 2 13 40 170
================================================================================
SM 2279 1678 84 53 11.64 0.0 255.1 M 80
================================================================================
AV 73.5 54.1 8.2 FASTST M M 3 MAX(MPH)
MISC ----> 33 220 47 220
================================================================================
NOTES:
# LAST OF SEVERAL OCCURRENCES
COLUMN 17 PEAK WIND IN M.P.H.
PRELIMINARY LOCAL CLIMATOLOGICAL DATA (WS FORM: F-6) , PAGE 2
STATION: APALACHICOLA
MONTH: MARCH
YEAR: 2022
LATITUDE: 29 43 N
LONGITUDE: 85 2 W
[TEMPERATURE DATA] [PRECIPITATION DATA] SYMBOLS USED IN COLUMN 16
AVERAGE MONTHLY: 63.8 TOTAL FOR MONTH: 11.64 1 = FOG OR MIST
DPTR FM NORMAL: 2.1 DPTR FM NORMAL: 7.30 2 = FOG REDUCING VISIBILITY
HIGHEST: 81 ON 28 GRTST 24HR 7.08 ON 11-12 TO 1/4 MILE OR LESS
LOWEST: 34 ON 13 3 = THUNDER
SNOW, ICE PELLETS, HAIL 4 = ICE PELLETS
TOTAL MONTH: 0.0 INCH 5 = HAIL
GRTST 24HR 0.0 6 = FREEZING RAIN OR DRIZZLE
GRTST DEPTH: 0 7 = DUSTSTORM OR SANDSTORM:
VSBY 1/2 MILE OR LESS
8 = SMOKE OR HAZE
[NO. OF DAYS WITH] [WEATHER - DAYS WITH] 9 = BLOWING SNOW
X = TORNADO
MAX 32 OR BELOW: 0 0.01 INCH OR MORE: 10
MAX 90 OR ABOVE: 0 0.10 INCH OR MORE: 9
MIN 32 OR BELOW: 0 0.50 INCH OR MORE: 7
MIN 0 OR BELOW: 0 1.00 INCH OR MORE: 3
[HDD (BASE 65) ]
TOTAL THIS MO. 84 CLEAR (SCALE 0-3) 21
DPTR FM NORMAL -60 PTCLDY (SCALE 4-7) 5
TOTAL FM JUL 1 986 CLOUDY (SCALE 8-10) 5
DPTR FM NORMAL -195
[CDD (BASE 65) ]
TOTAL THIS MO. 53
DPTR FM NORMAL 11 [PRESSURE DATA]
TOTAL FM JAN 1 81 HIGHEST SLP 30.48 ON 13
DPTR FM NORMAL 17 LOWEST SLP 29.64 ON 12
[REMARKS]
#FINAL-03-22#