000
CXUS52 KTAE 010800
CF6AAF
PRELIMINARY LOCAL CLIMATOLOGICAL DATA (WS FORM: F-6)
STATION: APALACHICOLA
MONTH: AUGUST
YEAR: 2023
LATITUDE: 29 43 N
LONGITUDE: 85 2 W
TEMPERATURE IN F: :PCPN: SNOW: WIND :SUNSHINE: SKY :PK WND
================================================================================
1 2 3 4 5 6A 6B 7 8 9 10 11 12 13 14 15 16 17 18
12Z AVG MX 2MIN
DY MAX MIN AVG DEP HDD CDD WTR SNW DPTH SPD SPD DIR MIN PSBL S-S WX SPD DR
================================================================================
1 95 77 86 3 0 21 0.00 0.0 0 4.9 16 250 M M 0 22 240
2 91 76 84 1 0 19 0.00 0.0 0 5.8 16 110 M M 0 3 23 150
3 91 79 85 2 0 20 0.00 0.0 0 5.9 15 160 M M 0 20 140
4 95 76 86 3 0 21 0.06 0.0 0 4.9 18 50 M M 0 3 27 50
5 89 73 81 -2 0 16 1.12 0.0 0 4.2 25 340 M M 1 13 38 330
6 95 75 85 2 0 20 0.01 0.0 M 4.7 20 260 M M 0 38 26 260
7 95 78 87 4 0 22 0.00 0.0 0 8.1 18 250 M M 0 24 260
8 95 81 88 5 0 23 0.00 0.0 0 9.1 17 260 M M 0 24 300
9 95 80 88 6 0 23 0.07 0.0 0 7.0 16 250 M M 0 138 21 260
10 94 81 88 6 0 23 0.11 0.0 0 9.4 23 250 M M 0 13 32 250
11 94 80 87 5 0 22 0.02 0.0 0 8.7 17 250 M M 0 13 23 250
12 96 76 86 4 0 21 0.00 0.0 0 4.7 22 310 M M 0 3 29 300
13 96 76 86 4 0 21 T 0.0 0 3.4 14 20 M M 0 3 20 200
14 97 79 88 6 0 23 0.01 0.0 0 4.5 23 260 M M 0 138 31 260
15 95 80 88 6 0 23 T 0.0 0 7.1 17 260 M M 0 38 21 260
16 93 76 85 3 0 20 T 0.0 0 6.8 16 250 M M 0 3 21 250
17 93 76 85 3 0 20 0.13 0.0 0 6.6 20 260 M M 0 138 29 160
18 97 76 87 5 0 22 0.00 0.0 0 4.5 14 300 M M 0 3 20 290
19 93 77 85 3 0 20 0.00 0.0 0 3.5 14 170 M M 0 18 140
20 91 77 84 2 0 19 0.00 0.0 0 8.6 18 80 M M 0 27 120
21 92 79 86 4 0 21 0.00 0.0 0 7.1 17 110 M M 0 24 110
22 95 74 85 3 0 20 0.00 0.0 0 4.4 14 300 M M 0 3 19 310
23 96 79 88 6 0 23 0.00 0.0 0 6.2 15 130 M M 0 3 22 110
24 93 77 85 3 0 20 0.00 0.0 0 7.8 16 120 M M 0 22 130
25 93 76 85 3 0 20 0.00 0.0 0 6.4 12 250 M M 0 18 17 160
26 96 72 84 2 0 19 1.66 0.0 0 6.8 24 60 M M 2 138 37 70
27 92 78 85 3 0 20 0.00 0.0 0 3.5 17 320 M M 0 13 24 320
28 91 77 84 2 0 19 0.00 0.0 0 5.4 13 150 M M 0 3 19 140
29 91 77 84 2 0 19 1.23 0.0 0 6.6 26 170 M M 1 138 36 170
30 91 75 83 2 0 18 1.83 0.0 0 12.8 29 20 M M 3 1 42 20
31 90 77 84 3 0 19 0.04 0.0 0 5.0 14 160 M M 0 3 18 160
================================================================================
SM 2900 2390 0 637 6.29 0.0 194.4 M 7
================================================================================
AV 93.5 77.1 6.3 FASTST M M 0 MAX(MPH)
MISC ----> 29 20 42 20
================================================================================
NOTES:
# LAST OF SEVERAL OCCURRENCES
COLUMN 17 PEAK WIND IN M.P.H.
PRELIMINARY LOCAL CLIMATOLOGICAL DATA (WS FORM: F-6) , PAGE 2
STATION: APALACHICOLA
MONTH: AUGUST
YEAR: 2023
LATITUDE: 29 43 N
LONGITUDE: 85 2 W
[TEMPERATURE DATA] [PRECIPITATION DATA] SYMBOLS USED IN COLUMN 16
AVERAGE MONTHLY: 85.3 TOTAL FOR MONTH: 6.29 1 = FOG OR MIST
DPTR FM NORMAL: 3.1 DPTR FM NORMAL: -1.50 2 = FOG REDUCING VISIBILITY
HIGHEST: 97 ON 18,14 GRTST 24HR 1.83 ON 30-30 TO 1/4 MILE OR LESS
LOWEST: 72 ON 26 3 = THUNDER
SNOW, ICE PELLETS, HAIL 4 = ICE PELLETS
TOTAL MONTH: 0.0 INCH 5 = HAIL
GRTST 24HR 0.0 6 = FREEZING RAIN OR DRIZZLE
GRTST DEPTH: 0 7 = DUSTSTORM OR SANDSTORM:
VSBY 1/2 MILE OR LESS
8 = SMOKE OR HAZE
[NO. OF DAYS WITH] [WEATHER - DAYS WITH] 9 = BLOWING SNOW
X = TORNADO
MAX 32 OR BELOW: 0 0.01 INCH OR MORE: 12
MAX 90 OR ABOVE: 30 0.10 INCH OR MORE: 6
MIN 32 OR BELOW: 0 0.50 INCH OR MORE: 4
MIN 0 OR BELOW: 0 1.00 INCH OR MORE: 4
[HDD (BASE 65) ]
TOTAL THIS MO. 0 CLEAR (SCALE 0-3) 31
DPTR FM NORMAL 0 PTCLDY (SCALE 4-7) 0
TOTAL FM JUL 1 0 CLOUDY (SCALE 8-10) 0
DPTR FM NORMAL 0
[CDD (BASE 65) ]
TOTAL THIS MO. 637
DPTR FM NORMAL 104 [PRESSURE DATA]
TOTAL FM JAN 1 2356 HIGHEST SLP 30.10 ON 21
DPTR FM NORMAL 342 LOWEST SLP 29.40 ON 30
[REMARKS]
#FINAL-08-23#