000
CXUS54 KSJT 011454
CF6ABI
PRELIMINARY LOCAL CLIMATOLOGICAL DATA (WS FORM: F-6)
STATION: ABILENE
MONTH: MARCH
YEAR: 2020
LATITUDE: 32 25 N
LONGITUDE: 99 41 W
TEMPERATURE IN F: :PCPN: SNOW: WIND :SUNSHINE: SKY :PK WND
================================================================================
1 2 3 4 5 6A 6B 7 8 9 10 11 12 13 14 15 16 17 18
12Z AVG MX 2MIN
DY MAX MIN AVG DEP HDD CDD WTR SNW DPTH SPD SPD DIR MIN PSBL S-S WX SPD DR
================================================================================
1 75 55 65 13 0 0 0.00 0.0 0 15.7 29 200 M M 0 41 200
2 69 52 61 9 4 0 0.00 0.0 0 6.8 15 360 M M 0 19 360
3 70 53 62 9 3 0 0.10 0.0 0 7.4 21 300 M M 7 13 24 300
4 53 44 49 -4 16 0 2.55 0.0 0 13.6 32 50 M M 10 13 46 50
5 69 37 53 0 12 0 0.00 0.0 0 6.7 18 340 M M 1 1 22 350
6 68 38 53 -1 12 0 0.00 0.0 0 8.4 15 140 M M 0 20 120
7 71 46 59 5 6 0 0.00 0.0 0 16.0 28 160 M M 1 35 190
8 65 50 58 4 7 0 T 0.0 0 17.2 26 180 M M 6 33 180
9 78 54 66 12 0 1 0.00 0.0 0 13.2 30 180 M M 2 36 180
10 79 51 65 10 0 0 0.00 0.0 0 8.7 18 200 M M 3 25 200
11 84 61 73 18 0 8 0.00 0.0 0 9.1 17 200 M M 0 22 200
12 79 65 72 17 0 7 T 0.0 0 8.3 16 210 M M 3 23 210
13 69 53 61 5 4 0 0.27 0.0 0 8.2 20 350 M M 10 13 23 280
14 60 49 55 -1 10 0 0.01 0.0 0 8.2 15 320 M M 10 1 18 320
15 54 49 52 -4 13 0 0.53 M 0 8.7 26 120 M M 10 13 32 120
16 67 47 57 1 8 0 0.00 0.0 0 7.6 15 150 M M 8 128 21 140
17 77 47 62 5 3 0 0.69 0.0 0 13.3 25 160 M M 8 138 33 180
18 81 59 70 13 0 5 0.22 0.0 0 11.6 48 140 M M 4 138 62 140
19 78 58 68 11 0 3 0.25 0.0 0 11.5 25 300 M M 2 13 35 290
20 63 39 51 -7 14 0 T M 0 13.1 32 360 M M 7 37 360
21 52 38 45 -13 20 0 0.06 M 0 5.3 16 60 M M 7 1 21 30
22 63 47 55 -3 10 0 0.00 0.0 0 5.7 16 200 M M 7 12 20 210
23 80 57 69 11 0 4 0.00 0.0 0 11.5 20 150 M M 3 1 25 140
24 81 54 68 9 0 3 0.00 0.0 0 12.8 23 300 M M 0 33 260
25 90 53 72 13 0 7 0.00 0.0 0 10.3 21 190 M M 0 26 220
26 90 66 78 19 0 13 0.00 0.0 0 13.2 23 200 M M 0 3 29 190
27 79 66 73 14 0 8 0.00 0.0 0 10.8 17 180 M M 0 1 23 190
28 74 49 62 2 3 0 0.01 0.0 0 15.3 37 300 M M 1 3 48 300
29 71 41 56 -4 9 0 0.00 0.0 0 7.7 16 140 M M 2 21 140
30 70 57 64 4 1 0 T 0.0 0 10.1 20 170 M M 7 18 23 170
31 71 53 62 2 3 0 0.00 0.0 0 9.9 18 360 M M 5 1 22 10
================================================================================
SM 2230 1588 158 59 4.69 0.0 325.9 M 124
================================================================================
AV 71.9 51.2 10.5 FASTST M M 4 MAX(MPH)
MISC ----> # 48 140 # 62 140
================================================================================
NOTES:
# LAST OF SEVERAL OCCURRENCES
COLUMN 17 PEAK WIND IN M.P.H.
PRELIMINARY LOCAL CLIMATOLOGICAL DATA (WS FORM: F-6) , PAGE 2
STATION: ABILENE
MONTH: MARCH
YEAR: 2020
LATITUDE: 32 25 N
LONGITUDE: 99 41 W
[TEMPERATURE DATA] [PRECIPITATION DATA] SYMBOLS USED IN COLUMN 16
AVERAGE MONTHLY: 61.6 TOTAL FOR MONTH: 4.69 1 = FOG OR MIST
DPTR FM NORMAL: 5.2 DPTR FM NORMAL: 2.95 2 = FOG REDUCING VISIBILITY
HIGHEST: 90 ON 26,25 GRTST 24HR 2.55 ON 4- 4 TO 1/4 MILE OR LESS
LOWEST: 37 ON 5 3 = THUNDER
SNOW, ICE PELLETS, HAIL 4 = ICE PELLETS
TOTAL MONTH: 0.0 INCH 5 = HAIL
GRTST 24HR 0.0 6 = FREEZING RAIN OR DRIZZLE
GRTST DEPTH: 0 7 = DUSTSTORM OR SANDSTORM:
VSBY 1/2 MILE OR LESS
8 = SMOKE OR HAZE
[NO. OF DAYS WITH] [WEATHER - DAYS WITH] 9 = BLOWING SNOW
X = TORNADO
MAX 32 OR BELOW: 0 0.01 INCH OR MORE: 10
MAX 90 OR ABOVE: 2 0.10 INCH OR MORE: 7
MIN 32 OR BELOW: 0 0.50 INCH OR MORE: 3
MIN 0 OR BELOW: 0 1.00 INCH OR MORE: 1
[HDD (BASE 65) ]
TOTAL THIS MO. 158 CLEAR (SCALE 0-3) 17
DPTR FM NORMAL -140 PTCLDY (SCALE 4-7) 8
TOTAL FM JUL 1 2156 CLOUDY (SCALE 8-10) 6
DPTR FM NORMAL -275
[CDD (BASE 65) ]
TOTAL THIS MO. 59
DPTR FM NORMAL 30 [PRESSURE DATA]
TOTAL FM JAN 1 60 HIGHEST SLP 30.54 ON 6
DPTR FM NORMAL 26 LOWEST SLP 29.60 ON 27
[REMARKS]
#FINAL-03-20#