000
CXUS54 KSJT 011000
CF6ABI
PRELIMINARY LOCAL CLIMATOLOGICAL DATA (WS FORM: F-6)
STATION: ABILENE
MONTH: OCTOBER
YEAR: 2023
LATITUDE: 32 25 N
LONGITUDE: 99 41 W
TEMPERATURE IN F: :PCPN: SNOW: WIND :SUNSHINE: SKY :PK WND
================================================================================
1 2 3 4 5 6A 6B 7 8 9 10 11 12 13 14 15 16 17 18
12Z AVG MX 2MIN
DY MAX MIN AVG DEP HDD CDD WTR SNW DPTH SPD SPD DIR MIN PSBL S-S WX SPD DR
================================================================================
1 90 72 81 9 0 16 0.00 0.0 0 11.9 22 140 M M 5 30 170
2 91 67 79 7 0 14 0.00 0.0 0 12.1 21 120 M M 1 29 130
3 90 71 81 9 0 16 0.00 0.0 0 9.5 20 150 M M 7 27 170
4 96 68 82 11 0 17 0.32 0.0 0 13.5 39 340 M M 2 13 49 330
5 83 66 75 4 0 10 0.00 0.0 0 10.4 21 340 M M 6 3 29 340
6 86 57 72 1 0 7 0.00 0.0 0 4.6 16 40 M M 0 18 27 40
7 74 50 62 -8 3 0 0.00 0.0 0 7.3 16 50 M M 1 24 360
8 85 50 68 -2 0 3 0.00 0.0 0 9.4 18 230 M M 0 26 200
9 89 57 73 3 0 8 0.00 0.0 0 6.6 14 170 M M 0 18 190
10 84 60 72 3 0 7 0.00 0.0 0 10.1 17 170 M M 1 24 210
11 87 66 77 8 0 12 0.00 0.0 0 15.5 23 210 M M 1 32 200
12 91 68 80 11 0 15 0.00 0.0 0 17.7 28 200 M M 0 41 200
13 76 55 66 -2 0 1 0.00 0.0 0 11.8 26 360 M M 0 37 360
14 70 47 59 -9 6 0 0.00 0.0 0 8.3 16 330 M M 0 22 20
15 70 43 57 -11 8 0 0.00 0.0 0 9.2 26 330 M M 0 8 34 20
16 71 39 55 -12 10 0 0.00 0.0 0 5.6 15 360 M M 0 20 350
17 83 44 64 -3 1 0 0.00 0.0 0 9.0 16 190 M M 0 27 200
18 89 61 75 9 0 10 0.00 0.0 0 13.0 24 200 M M 0 36 200
19 87 51 69 3 0 4 0.00 0.0 0 7.0 15 330 M M 0 20 340
20 93 57 75 9 0 10 0.00 0.0 0 4.6 13 310 M M 0 18 340
21 93 59 76 11 0 11 0.00 0.0 0 8.8 18 210 M M 0 28 180
22 86 67 77 12 0 12 T 0.0 0 10.1 21 150 M M 0 29 140
23 78 68 73 9 0 8 0.70 0.0 0 13.5 26 170 M M 7 1 37 170
24 83 69 76 12 0 11 0.06 0.0 0 13.9 21 150 M M 8 34 150
25 75 64 70 6 0 5 1.49 0.0 0 7.7 20 340 M M 8 138 28 160
26 85 61 73 10 0 8 0.00 0.0 0 8.8 18 200 M M 1 8 26 200
27 78 61 70 7 0 5 0.00 0.0 0 9.2 22 350 M M 7 28 360
28 62 50 56 -6 9 0 0.29 0.0 0 6.7 14 10 M M 10 12 17 10
29 51 36 44 -18 21 0 0.11 0.0 0 18.5 24 360 M M 10 1 40 350
30 47 33 40 -22 25 0 0.00 0.0 0 12.9 25 10 M M 6 35 350
31 60 31 46 -15 19 0 0.00 0.0 0 4.7 15 350 M M 0 19 350
================================================================================
SM 2483 1748 102 210 2.97 0.0 311.9 M 81
================================================================================
AV 80.1 56.4 10.1 FASTST M M 3 MAX(MPH)
MISC ----> 39 340 49 330
================================================================================
NOTES:
# LAST OF SEVERAL OCCURRENCES
COLUMN 17 PEAK WIND IN M.P.H.
PRELIMINARY LOCAL CLIMATOLOGICAL DATA (WS FORM: F-6) , PAGE 2
STATION: ABILENE
MONTH: OCTOBER
YEAR: 2023
LATITUDE: 32 25 N
LONGITUDE: 99 41 W
[TEMPERATURE DATA] [PRECIPITATION DATA] SYMBOLS USED IN COLUMN 16
AVERAGE MONTHLY: 68.2 TOTAL FOR MONTH: 2.97 1 = FOG OR MIST
DPTR FM NORMAL: 1.2 DPTR FM NORMAL: 0.14 2 = FOG REDUCING VISIBILITY
HIGHEST: 96 ON 4 GRTST 24HR 1.49 ON 25-25 TO 1/4 MILE OR LESS
LOWEST: 31 ON 31 3 = THUNDER
SNOW, ICE PELLETS, HAIL 4 = ICE PELLETS
TOTAL MONTH: 0.0 INCH 5 = HAIL
GRTST 24HR 0.0 6 = FREEZING RAIN OR DRIZZLE
GRTST DEPTH: 0 7 = DUSTSTORM OR SANDSTORM:
VSBY 1/2 MILE OR LESS
8 = SMOKE OR HAZE
[NO. OF DAYS WITH] [WEATHER - DAYS WITH] 9 = BLOWING SNOW
X = TORNADO
MAX 32 OR BELOW: 0 0.01 INCH OR MORE: 6
MAX 90 OR ABOVE: 7 0.10 INCH OR MORE: 5
MIN 32 OR BELOW: 1 0.50 INCH OR MORE: 2
MIN 0 OR BELOW: 0 1.00 INCH OR MORE: 1
[HDD (BASE 65) ]
TOTAL THIS MO. 102 CLEAR (SCALE 0-3) 21
DPTR FM NORMAL 18 PTCLDY (SCALE 4-7) 7
TOTAL FM JUL 1 102 CLOUDY (SCALE 8-10) 3
DPTR FM NORMAL 10
[CDD (BASE 65) ]
TOTAL THIS MO. 210
DPTR FM NORMAL 64 [PRESSURE DATA]
TOTAL FM JAN 1 3287 HIGHEST SLP 30.53 ON 30
DPTR FM NORMAL 616 LOWEST SLP 29.46 ON 12
[REMARKS]
#FINAL-10-23#