000
CXUS55 KABQ 011438
CF6ABQ
PRELIMINARY LOCAL CLIMATOLOGICAL DATA (WS FORM: F-6)
STATION: ALBUQUERQUE NM
MONTH: AUGUST
YEAR: 2022
LATITUDE: 35 2 N
LONGITUDE: 106 37 W
TEMPERATURE IN F: :PCPN: SNOW: WIND :SUNSHINE: SKY :PK WND
================================================================================
1 2 3 4 5 6A 6B 7 8 9 10 11 12 13 14 15 16 17 18
12Z AVG MX 2MIN
DY MAX MIN AVG DEP HDD CDD WTR SNW DPTH SPD SPD DIR MIN PSBL S-S WX SPD DR
================================================================================
1 92 70 81 3 0 16 T 0.0 0 6.7 26 280 M M 7 3 36 280
2 96 68 82 4 0 17 0.00 0.0 0 7.1 21 280 M M 6 28 310
3 97 68 83 5 0 18 0.00 0.0 0 10.8 36 80 M M 5 38 42 80
4 92 72 82 4 0 17 0.00 0.0 0 9.0 25 150 M M 7 31 140
5 91 71 81 3 0 16 0.00 0.0 0 6.5 32 240 M M 8 41 250
6 90 68 79 1 0 14 T 0.0 0 6.1 24 80 M M 5 3 31 230
7 92 67 80 2 0 15 0.05 0.0 0 8.8 32 80 M M 7 3 41 80
8 90 67 79 1 0 14 T 0.0 0 10.0 24 140 M M 8 3 32 110
9 91 65 78 0 0 13 0.96 0.0 0 6.3 35 50 M M 6 3 47 60
10 87 67 77 -1 0 12 T 0.0 0 9.8 26 70 M M 5 3 33 70
11 85 69 77 -1 0 12 0.01 0.0 0 10.0 31 180 M M 6 3 39 180
12 89 62 76 -1 0 11 0.08 0.0 0 6.9 23 190 M M 5 3 31 190
13 90 66 78 1 0 13 0.00 0.0 0 4.4 15 230 M M 4 21 240
14 91 67 79 2 0 14 0.00 0.0 0 4.7 21 290 M M 2 3 28 290
15 92 64 78 1 0 13 T 0.0 0 6.9 24 220 M M 5 3 33 210
16 92 70 81 4 0 16 0.00 0.0 0 8.5 24 140 M M 6 31 140
17 86 66 76 -1 0 11 0.00 0.0 0 11.2 25 180 M M 5 33 190
18 83 67 75 -2 0 10 0.01 0.0 0 12.3 32 80 M M 7 3 37 80
19 84 64 74 -3 0 9 0.01 0.0 0 8.8 26 210 M M 8 35 210
20 69 62 66 -11 0 1 0.26 0.0 0 9.7 25 90 M M 10 1 33 90
21 83 62 73 -3 0 8 0.28 0.0 0 7.4 24 60 M M 7 13 29 60
22 81 61 71 -5 0 6 0.77 0.0 0 7.0 32 10 M M 6 13 42 20
23 83 61 72 -4 0 7 0.01 0.0 0 6.3 17 90 M M 4 22 90
24 81 67 74 -2 0 9 0.04 0.0 0 7.1 24 170 M M 8 3 30 170
25 85 65 75 -1 0 10 0.00 0.0 0 5.2 16 90 M M 5 20 100
26 84 66 75 -1 0 10 T 0.0 0 5.8 22 280 M M 7 3 31 280
27 88 63 76 0 0 11 0.00 0.0 0 4.7 16 290 M M 3 22 270
28 91 62 77 2 0 12 0.00 0.0 0 5.6 23 280 M M 2 28 280
29 92 65 79 4 0 14 0.00 0.0 0 9.1 20 350 M M 4 8 27 350
30 87 66 77 2 0 12 T 0.0 0 9.1 29 120 M M 4 3 43 130
31 86 65 76 1 0 11 0.00 0.0 0 9.3 22 80 M M 4 8 27 70
================================================================================
SM 2720 2043 0 372 2.48 0.0 241.1 M 176
================================================================================
AV 87.7 65.9 7.8 FASTST M M 6 MAX(MPH)
MISC ----> 36 80 47 60
================================================================================
NOTES:
# LAST OF SEVERAL OCCURRENCES
COLUMN 17 PEAK WIND IN M.P.H.
PRELIMINARY LOCAL CLIMATOLOGICAL DATA (WS FORM: F-6) , PAGE 2
STATION: ALBUQUERQUE NM
MONTH: AUGUST
YEAR: 2022
LATITUDE: 35 2 N
LONGITUDE: 106 37 W
[TEMPERATURE DATA] [PRECIPITATION DATA] SYMBOLS USED IN COLUMN 16
AVERAGE MONTHLY: 76.8 TOTAL FOR MONTH: 2.48 1 = FOG OR MIST
DPTR FM NORMAL: -0.1 DPTR FM NORMAL: 1.17 2 = FOG REDUCING VISIBILITY
HIGHEST: 97 ON 3 GRTST 24HR 1.05 ON 21-22 TO 1/4 MILE OR LESS
LOWEST: 61 ON 23,22 3 = THUNDER
SNOW, ICE PELLETS, HAIL 4 = ICE PELLETS
TOTAL MONTH: 0.0 INCH 5 = HAIL
GRTST 24HR 0.0 6 = FREEZING RAIN OR DRIZZLE
GRTST DEPTH: 0 7 = DUSTSTORM OR SANDSTORM:
VSBY 1/2 MILE OR LESS
8 = SMOKE OR HAZE
[NO. OF DAYS WITH] [WEATHER - DAYS WITH] 9 = BLOWING SNOW
X = TORNADO
MAX 32 OR BELOW: 0 0.01 INCH OR MORE: 11
MAX 90 OR ABOVE: 15 0.10 INCH OR MORE: 4
MIN 32 OR BELOW: 0 0.50 INCH OR MORE: 2
MIN 0 OR BELOW: 0 1.00 INCH OR MORE: 0
[HDD (BASE 65) ]
TOTAL THIS MO. 0 CLEAR (SCALE 0-3) 2
DPTR FM NORMAL 0 PTCLDY (SCALE 4-7) 27
TOTAL FM JUL 1 0 CLOUDY (SCALE 8-10) 2
DPTR FM NORMAL 0
[CDD (BASE 65) ]
TOTAL THIS MO. 372
DPTR FM NORMAL 5 [PRESSURE DATA]
TOTAL FM JAN 1 1377 HIGHEST SLP 30.13 ON 12
DPTR FM NORMAL 133 LOWEST SLP 29.69 ON 28
[REMARKS]
#FINAL-08-22#