000
CXUS55 KABQ 202254
CF6ABQ
PRELIMINARY LOCAL CLIMATOLOGICAL DATA (WS FORM: F-6)
STATION: ALBUQUERQUE NM
MONTH: OCTOBER
YEAR: 2020
LATITUDE: 35 2 N
LONGITUDE: 106 37 W
TEMPERATURE IN F: :PCPN: SNOW: WIND :SUNSHINE: SKY :PK WND
================================================================================
1 2 3 4 5 6A 6B 7 8 9 10 11 12 13 14 15 16 17 18
12Z AVG MX 2MIN
DY MAX MIN AVG DEP HDD CDD WTR SNW DPTH SPD SPD DIR MIN PSBL S-S WX SPD DR
================================================================================
1 80 60 70 5 0 5 0.00 0.0 0 14.5 31 90 M M 0 38 80
2 80 52 66 2 0 1 0.00 0.0 0 4.2 10 350 M M 6 13 200
3 81 50 66 2 0 1 0.00 0.0 0 11.0 30 90 M M 1 38 90
4 78 51 65 2 0 0 0.00 0.0 0 5.4 22 80 M M 1 28 80
5 86 50 68 5 0 3 0.00 0.0 0 6.9 22 330 M M 0 32 320
6 84 54 69 7 0 4 0.00 0.0 0 6.5 15 360 M M 0 19 360
7 85 53 69 7 0 4 0.00 0.0 0 5.0 14 10 M M 0 18 10
8 85 51 68 6 0 3 0.00 0.0 0 4.4 12 10 M M 1 14 190
9 84 52 68 7 0 3 0.00 0.0 0 3.6 9 20 M M 2 15 130
10 82 50 66 5 0 1 0.00 0.0 0 5.0 17 170 M M 0 21 180
11 80 50 65 5 0 0 0.00 0.0 0 10.4 26 260 M M 0 36 250
12 76 45 61 1 4 0 0.00 0.0 0 5.1 14 10 M M 0 18 20
13 81 45 63 3 2 0 0.00 0.0 0 3.8 10 130 M M 0 12 230
14 87 49 68 9 0 3 0.00 0.0 0 4.3 18 310 M M 1 25 340
15 81 48 65 6 0 0 0.00 0.0 0 6.0 17 80 M M 1 24 340
16 70 47 59 1 6 0 0.00 0.0 0 6.0 23 60 M M 0 30 80
17 78 45 62 4 3 0 0.00 0.0 0 4.1 13 340 M M 0 16 330
18 80 47 64 6 1 0 0.00 0.0 0 4.6 10 330 M M 1 14 160
19 81 47 64 7 1 0 0.00 0.0 0 5.3 15 260 M M 1 22 260
20 81 46 64 7 1 0 0.00 0.0 0 2.7 10 90 M M 2 12 220
21 80 46 63 7 2 0 0.00 0.0 0 4.8 12 190 M M 2 18 240
22 80 47 64 8 1 0 0.00 0.0 0 7.0 24 260 M M 1 35 250
23 73 46 60 5 5 0 0.00 0.0 0 8.9 28 80 M M 1 33 80
24 77 40 59 4 6 0 0.00 0.0 0 8.2 21 220 M M 7 32 220
25 73 38 56 1 9 0 0.00 0.0 0 15.6 44 90 M M 9 8 55 80
26 39 19 29 -25 36 0 0.16 2.9 0 28.9 45 90 M M 9 12589 58 90
27 34 19 27 -27 38 0 0.06 1.3 4 9.5 25 90 M M 9 19 34 110
28 46 27 37 -16 28 0 0.02 0.2 1 4.7 16 350 M M 5 12 21 360
29 58 32 45 -8 20 0 0.00 0.0 0 4.9 10 170 M M 1 14 160
30 62 38 50 -2 15 0 0.00 0.0 0 3.6 12 180 M M 4 15 180
31 71 39 55 3 10 0 0.00 0.0 0 4.3 15 310 M M 4 19 290
================================================================================
SM 2313 1383 188 28 0.24 4.4 219.2 M 69
================================================================================
AV 74.6 44.6 7.1 FASTST M M 2 MAX(MPH)
MISC ----> 45 90 58 90
================================================================================
NOTES:
# LAST OF SEVERAL OCCURRENCES
COLUMN 17 PEAK WIND IN M.P.H.
PRELIMINARY LOCAL CLIMATOLOGICAL DATA (WS FORM: F-6) , PAGE 2
STATION: ALBUQUERQUE NM
MONTH: OCTOBER
YEAR: 2020
LATITUDE: 35 2 N
LONGITUDE: 106 37 W
[TEMPERATURE DATA] [PRECIPITATION DATA] SYMBOLS USED IN COLUMN 16
AVERAGE MONTHLY: 59.6 TOTAL FOR MONTH: 0.24 1 = FOG OR MIST
DPTR FM NORMAL: 1.2 DPTR FM NORMAL: -0.63 2 = FOG REDUCING VISIBILITY
HIGHEST: 87 ON 14 GRTST 24HR 0.22 ON 26-27 TO 1/4 MILE OR LESS
LOWEST: 19 ON 27,26 3 = THUNDER
SNOW, ICE PELLETS, HAIL 4 = ICE PELLETS
TOTAL MONTH: 4.4 INCHES 5 = HAIL
GRTST 24HR 2.9 ON 26-26 6 = FREEZING RAIN OR DRIZZLE
GRTST DEPTH: 4 ON 27 7 = DUSTSTORM OR SANDSTORM:
VSBY 1/2 MILE OR LESS
8 = SMOKE OR HAZE
[NO. OF DAYS WITH] [WEATHER - DAYS WITH] 9 = BLOWING SNOW
X = TORNADO
MAX 32 OR BELOW: 0 0.01 INCH OR MORE: 3
MAX 90 OR ABOVE: 0 0.10 INCH OR MORE: 1
MIN 32 OR BELOW: 4 0.50 INCH OR MORE: 0
MIN 0 OR BELOW: 0 1.00 INCH OR MORE: 0
[HDD (BASE 65) ]
TOTAL THIS MO. 188 CLEAR (SCALE 0-3) 23
DPTR FM NORMAL -32 PTCLDY (SCALE 4-7) 5
TOTAL FM JUL 1 245 CLOUDY (SCALE 8-10) 3
DPTR FM NORMAL 7
[CDD (BASE 65) ]
TOTAL THIS MO. 28
DPTR FM NORMAL 15 [PRESSURE DATA]
TOTAL FM JAN 1 1738 HIGHEST SLP 30.38 ON 29
DPTR FM NORMAL 302 LOWEST SLP 29.52 ON 25
[REMARKS]
#FINAL-10-20#