000
CXUS53 KABR 011200
CF6ABR
PRELIMINARY LOCAL CLIMATOLOGICAL DATA (WS FORM: F-6)
STATION: ABERDEEN SD
MONTH: JANUARY
YEAR: 2022
LATITUDE: 45 27 N
LONGITUDE: 98 26 W
TEMPERATURE IN F: :PCPN: SNOW: WIND :SUNSHINE: SKY :PK WND
================================================================================
1 2 3 4 5 6A 6B 7 8 9 10 11 12 13 14 15 16 17 18
12Z AVG MX 2MIN
DY MAX MIN AVG DEP HDD CDD WTR SNW DPTH SPD SPD DIR MIN PSBL S-S WX SPD DR
================================================================================
1 -4 -21 -12 -26 77 0 0.00 0.0 3 5.3 12 330 M M 0 14 330
2 17 -18 0 -14 65 0 0.00 0.0 3 10.4 17 190 M M 0 22 210
3 23 2 13 -1 52 0 0.00 0.0 3 7.3 16 50 M M 0 22 50
4 13 3 8 -5 57 0 0.05 0.8 2 19.9 38 320 M M 5 128 50 320
5 3 -8 -2 -15 67 0 0.02 0.2 3 21.7 35 310 M M 9 89 47 310
6 -8 -19 -13 -26 78 0 T T 3 9.0 21 330 M M 2 8 26 330
7 20 -17 2 -11 63 0 0.00 0.0 3 16.9 32 160 M M 4 40 160
8 25 2 14 1 51 0 T T 3 16.6 32 330 M M 1 8 43 320
9 9 -11 -1 -14 66 0 0.00 0.0 2 6.5 18 310 M M 3 25 310
10 17 0 9 -4 56 0 0.00 0.0 1 6.9 17 180 M M 5 22 180
11 44 8 26 13 39 0 0.00 0.0 1 12.2 31 310 M M 1 43 290
12 40 24 32 20 33 0 0.00 0.0 T 5.3 14 290 M M 3 19 290
13 33 20 27 15 38 0 T T T 8.7 18 80 M M 6 1 25 30
14 23 -3 10 -2 55 0 0.16 2.4 1 14.3 26 10 M M 8 19 34 10
15 20 -13 4 -8 61 0 0.00 0.0 3 10.8 24 170 M M 0 30 170
16 39 19 29 17 36 0 0.00 0.0 2 10.4 30 330 M M 6 37 340
17 45 20 33 21 32 0 0.00 0.0 T 6.9 12 180 M M 5 1 16 170
18 43 2 23 11 42 0 0.00 0.0 T 20.2 44 320 M M 2 8 52 320
19 3 -8 -2 -14 67 0 0.00 0.0 T 16.8 35 330 M M 0 45 330
20 13 -12 1 -11 64 0 0.00 0.0 T 9.7 23 170 M M 0 32 180
21 39 8 24 12 41 0 0.04 0.5 T 17.6 26 310 M M 5 40 180
22 24 1 13 1 52 0 0.10 1.1 T 11.0 26 320 M M 6 18 35 320
23 36 -6 15 3 50 0 0.06 0.2 1 9.7 20 180 M M 7 68 25 180
24 36 -13 12 -1 53 0 T 0.1 1 12.8 25 10 M M 4 18 33 10
25 3 -15 -6 -19 71 0 0.00 0.0 1 7.3 14 340 M M 0 17 350
26 39 -8 16 3 49 0 T T 1 15.3 30 330 M M 4 36 340
27 33 -12 11 -2 54 0 T 0.2 1 10.9 25 20 M M 5 35 40
28 32 -10 11 -2 54 0 T T 1 8.1 13 190 M M 3 17 190
29 37 7 22 9 43 0 0.00 0.0 1 10.5 23 330 M M 0 30 310
30 30 11 21 8 44 0 T T T 8.5 17 170 M M 5 18 24 160
31 44 13 29 16 36 0 0.01 0.0 T 8.3 21 290 M M 1 32 290
================================================================================
SM 771 -54 1646 0 0.44 5.5 355.8 M 100
================================================================================
AV 24.9 -1.7 11.5 FASTST M M 3 MAX(MPH)
MISC ----> 44 320 52 320
================================================================================
NOTES:
# LAST OF SEVERAL OCCURRENCES
COLUMN 17 PEAK WIND IN M.P.H.
PRELIMINARY LOCAL CLIMATOLOGICAL DATA (WS FORM: F-6) , PAGE 2
STATION: ABERDEEN SD
MONTH: JANUARY
YEAR: 2022
LATITUDE: 45 27 N
LONGITUDE: 98 26 W
[TEMPERATURE DATA] [PRECIPITATION DATA] SYMBOLS USED IN COLUMN 16
AVERAGE MONTHLY: 11.6 TOTAL FOR MONTH: 0.44 1 = FOG OR MIST
DPTR FM NORMAL: -1.2 DPTR FM NORMAL: -0.11 2 = FOG REDUCING VISIBILITY
HIGHEST: 45 ON 17 GRTST 24HR 0.16 ON 14-14 TO 1/4 MILE OR LESS
LOWEST: -21 ON 1 3 = THUNDER
SNOW, ICE PELLETS, HAIL 4 = ICE PELLETS
TOTAL MONTH: 5.6 INCHES 5 = HAIL
GRTST 24HR 2.4 ON 14-14 6 = FREEZING RAIN OR DRIZZLE
GRTST DEPTH: 3 ON 15, 8 7 = DUSTSTORM OR SANDSTORM:
VSBY 1/2 MILE OR LESS
8 = SMOKE OR HAZE
[NO. OF DAYS WITH] [WEATHER - DAYS WITH] 9 = BLOWING SNOW
X = TORNADO
MAX 32 OR BELOW: 18 0.01 INCH OR MORE: 7
MAX 90 OR ABOVE: 0 0.10 INCH OR MORE: 2
MIN 32 OR BELOW: 31 0.50 INCH OR MORE: 0
MIN 0 OR BELOW: 17 1.00 INCH OR MORE: 0
[HDD (BASE 65) ]
TOTAL THIS MO. 1646 CLEAR (SCALE 0-3) 16
DPTR FM NORMAL 28 PTCLDY (SCALE 4-7) 14
TOTAL FM JUL 1 4402 CLOUDY (SCALE 8-10) 1
DPTR FM NORMAL -485
[CDD (BASE 65) ]
TOTAL THIS MO. 0
DPTR FM NORMAL 0 [PRESSURE DATA]
TOTAL FM JAN 1 0 HIGHEST SLP 30.81 ON 20
DPTR FM NORMAL 0 LOWEST SLP 29.45 ON 31
[REMARKS]
#FINAL-01-22#