000
CXUS53 KABR 011514
CLMABR
CLIMATE REPORT
NATIONAL WEATHER SERVICE ABERDEEN SD
914 AM CST THU FEB 01 2024
...................................
...THE ABERDEEN SD CLIMATE SUMMARY FOR THE MONTH OF JANUARY 2024...
CLIMATE NORMAL PERIOD 1991 TO 2020
CLIMATE RECORD PERIOD 1893 TO 2024
WEATHER OBSERVED NORMAL DEPART LAST YEAR`S
VALUE DATE(S) VALUE FROM VALUE DATE(S)
NORMAL
................................................................
TEMPERATURE (F)
RECORD
HIGH 63 01/05/2012
LOW -46 01/12/1912
HIGHEST 48 01/31 MM MM 38 01/26
01/27
LOWEST -18 01/13 MM MM -24 01/30
AVG. MAXIMUM 22.4 23.7 -1.3 22.5
AVG. MINIMUM 8.2 1.9 6.3 5.2
MEAN 15.3 12.8 2.5 13.8
DAYS MAX >= 90 0 0.0 0.0 0
DAYS MAX <= 32 24 22.7 1.3 25
DAYS MIN <= 32 31 31.0 0.0 31
DAYS MIN <= 0 9 14.4 -5.4 8
PRECIPITATION (INCHES)
RECORD
MAXIMUM 5.45 1897
MINIMUM T 1901
TOTALS 0.13 0.55 -0.42 0.34
DAYS >= .01 4 7.1 -3.1 4
DAYS >= .10 0 1.8 -1.8 1
DAYS >= .50 0 0.1 -0.1 0
DAYS >= 1.00 0 0.0 0.0 0
SNOWFALL (INCHES)
RECORDS
TOTAL 26.2 1937
SNOW DEPTH 30 01/18/1997
TOTALS 1.6 7.8 -6.2 4.9
SINCE 7/1 8.5 23.6 -15.1 MM
SNOWDEPTH AVG. 2 8
DAYS >= TRACE 12 7.9 4.1 13
DAYS >= 1.0 0 2.2 -2.2 1
GREATEST
SNOW DEPTH 3 01/22 11 01/17
01/23
01/24
01/18
DEGREE DAYS
HEATING TOTAL 1532 1618 -86 1579
SINCE 7/1 4146 4887 -741 MM
COOLING TOTAL 0 0 0 0
SINCE 1/1 0 0 0 MM
FREEZE DATES
RECORD
EARLIEST MM
LATEST MM
EARLIEST 10/06
LATEST 05/03
................................................................
WIND (MPH)
AVERAGE WIND SPEED 10.8
RESULTANT WIND SPEED/DIRECTION 2/260
HIGHEST WIND SPEED/DIRECTION 32/180 DATE 01/21
HIGHEST GUST SPEED/DIRECTION 43/170 DATE 01/21
SKY COVER
POSSIBLE SUNSHINE (PERCENT) MM
AVERAGE SKY COVER 0.45
NUMBER OF DAYS FAIR 15
NUMBER OF DAYS PC 9
NUMBER OF DAYS CLOUDY 7
AVERAGE RH (PERCENT) 78
WEATHER CONDITIONS. NUMBER OF DAYS WITH
THUNDERSTORM 0 MIXED PRECIP 0
HEAVY RAIN 0 RAIN 0
LIGHT RAIN 0 FREEZING RAIN 0
LT FREEZING RAIN 0 HAIL 0
HEAVY SNOW 0 SNOW 1
LIGHT SNOW 11 SLEET 0
FOG 16 FOG W/VIS <= 1/4 MILE 4
HAZE 9
- INDICATES NEGATIVE NUMBERS.
R INDICATES RECORD WAS SET OR TIED.
MM INDICATES DATA IS MISSING.
T INDICATES TRACE AMOUNT.
$$