000
CXUS54 KLZK 011330
CF6ADF
PRELIMINARY LOCAL CLIMATOLOGICAL DATA (WS FORM: F-6)
STATION: ARKADELPHIA AIRPORT
MONTH: FEBRUARY
YEAR: 2023
LATITUDE: 34 9 N
LONGITUDE: 93 4 W
TEMPERATURE IN F: :PCPN: SNOW: WIND :SUNSHINE: SKY :PK WND
================================================================================
1 2 3 4 5 6A 6B 7 8 9 10 11 12 13 14 15 16 17 18
12Z AVG MX 2MIN
DY MAX MIN AVG DEP HDD CDD WTR SNW DPTH SPD SPD DIR MIN PSBL S-S WX SPD DR
================================================================================
1 32 29 31 -11 34 0 0.10 M M 6.4 9 20 M M 10 M M
2 34 31 33 -9 32 0 0.31 M M 6.3 10 20 M M 5 1 M M
3 M M M M M M 0.00 M M M M M M M 0 M M
4 M M M M M M 0.00 M M M M M M M 0 M M
5 M M M M M M 0.00 M M M M M M M 0 M M
6 69 47 58 15 7 0 0.00 M M 7.7 16 190 M M 3 18 21 190
7 69 46 58 15 7 0 T M M 3.8 13 20 M M 7 1 18 30
8 57 48 53 9 12 0 1.42 M M 8.3 23 240 M M 10 1 36 240
9 61 41 51 7 14 0 0.00 M M 6.6 18 240 M M 5 8 26 240
10 45 40 43 -1 22 0 0.44 M M 7.3 15 20 M M 9 1 22 20
11 55 34 45 1 20 0 0.26 M M 8.3 14 10 M M 5 8 21 30
12 63 28 46 2 19 0 0.00 M M 1.6 7 230 M M 0 M M
13 67 33 50 5 15 0 0.00 M M 2.5 9 240 M M 0 M M
14 61 47 54 9 11 0 0.53 M M 7.4 22 170 M M 4 1 33 260
15 76 48 62 17 3 0 0.01 M M 4.1 10 170 M M 8 12 M M
16 72 36 54 8 11 0 0.28 M M 10.9 15 330 M M 7 13 24 230
17 51 29 40 -6 25 0 0.00 M M 6.5 16 350 M M 3 21 350
18 54 24 39 -7 26 0 0.00 M M 2.7 8 190 M M 0 M M
19 65 34 50 4 15 0 0.00 M M 7.1 16 240 M M 0 22 240
20 76 48 62 15 3 0 0.00 M M 6.5 18 220 M M 0 26 240
21 80 52 66 19 0 1 0.00 M M 4.3 13 190 M M 5 M M
22 75 60 68 21 0 3 0.15 M M 9.8 23 180 M M 9 1 48 260
23 71 54 63 15 2 0 0.00 M M 6.8 15 20 M M 10 12 21 330
24 54 41 48 0 17 0 0.08 M M 8.3 14 20 M M 10 1 22 30
25 48 42 45 -3 20 0 0.05 M M 3.0 6 40 M M 10 1 M M
26 66 47 57 9 8 0 0.01 M M 1.3 10 160 M M 9 12 M M
27 73 46 60 11 5 0 0.01 M M 10.7 17 240 M M 3 18 35 250
28 81 38 60 11 5 0 M M M 3.4 16 180 M M 0 20 180
================================================================================
SM 1555 1023 333 4 3.65 M 151.7 M 132
================================================================================
AV 62.2 40.9 6.1 FASTST M M 5 MAX(MPH)
MISC ----> 23 180 48 260
================================================================================
NOTES:
# LAST OF SEVERAL OCCURRENCES
COLUMN 17 PEAK WIND IN M.P.H.
PRELIMINARY LOCAL CLIMATOLOGICAL DATA (WS FORM: F-6) , PAGE 2
STATION: ARKADELPHIA AIRPORT
MONTH: FEBRUARY
YEAR: 2023
LATITUDE: 34 9 N
LONGITUDE: 93 4 W
[TEMPERATURE DATA] [PRECIPITATION DATA] SYMBOLS USED IN COLUMN 16
AVERAGE MONTHLY: 51.6 TOTAL FOR MONTH: 3.65 1 = FOG OR MIST
DPTR FM NORMAL: 6.3 DPTR FM NORMAL: -0.69 2 = FOG REDUCING VISIBILITY
HIGHEST: 81 ON 28 GRTST 24HR 1.42 ON 8- 8 TO 1/4 MILE OR LESS
LOWEST: 24 ON 18 3 = THUNDER
SNOW, ICE PELLETS, HAIL 4 = ICE PELLETS
TOTAL MONTH: M 5 = HAIL
GRTST 24HR M ON M 6 = FREEZING RAIN OR DRIZZLE
GRTST DEPTH: M ON M 7 = DUSTSTORM OR SANDSTORM:
VSBY 1/2 MILE OR LESS
8 = SMOKE OR HAZE
[NO. OF DAYS WITH] [WEATHER - DAYS WITH] 9 = BLOWING SNOW
X = TORNADO
MAX 32 OR BELOW: 1 0.01 INCH OR MORE: 13
MAX 90 OR ABOVE: 0 0.10 INCH OR MORE: 7
MIN 32 OR BELOW: 5 0.50 INCH OR MORE: 2
MIN 0 OR BELOW: 0 1.00 INCH OR MORE: 1
[HDD (BASE 65) ]
TOTAL THIS MO. 333 CLEAR (SCALE 0-3) 11
DPTR FM NORMAL -219 PTCLDY (SCALE 4-7) 9
TOTAL FM JUL 1 1705 CLOUDY (SCALE 8-10) 8
DPTR FM NORMAL -803
[CDD (BASE 65) ]
TOTAL THIS MO. 4
DPTR FM NORMAL 3 [PRESSURE DATA]
TOTAL FM JAN 1 6 HIGHEST SLP M ON M
DPTR FM NORMAL 6 LOWEST SLP M ON M
[REMARKS]
#FINAL-02-23#