000
CXUS54 KLZK 011130
CF6ADF
PRELIMINARY LOCAL CLIMATOLOGICAL DATA (WS FORM: F-6)
STATION: ARKADELPHIA AIRPORT
MONTH: AUGUST
YEAR: 2021
LATITUDE: 34 9 N
LONGITUDE: 93 4 W
TEMPERATURE IN F: :PCPN: SNOW: WIND :SUNSHINE: SKY :PK WND
================================================================================
1 2 3 4 5 6A 6B 7 8 9 10 11 12 13 14 15 16 17 18
12Z AVG MX 2MIN
DY MAX MIN AVG DEP HDD CDD WTR SNW DPTH SPD SPD DIR MIN PSBL S-S WX SPD DR
================================================================================
1 93 79 86 5 0 21 0.00 M M 3.5 8 30 M M 1 18 M M
2 87 68 78 -3 0 13 0.11 M M 3.4 9 30 M M 6 18 16 200
3 89 72 81 0 0 16 0.00 M M 3.1 7 30 M M 6 M M
4 89 69 79 -2 0 14 0.00 M M 1.0 5 20 M M 3 M M
5 89 72 81 0 0 16 0.00 M M 1.5 7 160 M M 1 18 M M
6 92 72 82 1 0 17 0.01 M M 1.6 8 190 M M 2 18 M M
7 93 74 84 3 0 19 0.00 M M 3.1 12 170 M M 2 18 M M
8 95 76 86 5 0 21 0.00 M M 6.0 16 210 M M 5 18 21 170
9 96 77 87 6 0 22 0.00 M M 6.3 17 220 M M 2 18 21 210
10 96 75 86 5 0 21 0.00 M M 5.6 14 210 M M 2 18 20 210
11 97 75 86 5 0 21 0.00 M M 5.0 12 200 M M 0 18 21 190
12 98 76 87 6 0 22 0.00 M M 3.3 9 180 M M 1 8 M M
13 98 76 87 6 0 22 0.00 M M 3.2 10 330 M M 1 128 M M
14 88 74 81 0 0 16 0.08 M M 2.6 8 20 M M 2 18 M M
15 90 73 82 1 0 17 T M M 3.1 10 10 M M 4 128 M M
16 92 71 82 1 0 17 0.00 M M 3.2 7 99 M M 2 18 M M
17 90 74 82 1 0 17 T M M 1.2 5 320 M M 1 128 M M
18 88 74 81 0 0 16 0.08 M M 2.2 8 160 M M 5 128 M M
19 88 75 82 2 0 17 0.70 M M 1.9 10 160 M M 7 18 21 160
20 93 81 87 7 0 22 0.00 M M 2.9 9 240 M M 6 128 M M
21 95 81 88 8 0 23 0.00 M M 3.4 12 190 M M 3 128 M M
22 98 80 89 9 0 24 0.00 M M 2.9 9 240 M M 0 128 M M
23 97 77 87 7 0 22 0.00 M M 2.7 9 220 M M 1 12 M M
24 98 76 87 7 0 22 0.00 M M 1.5 7 220 M M 0 M M
25 100 80 90 10 0 25 T M M 1.1 7 70 M M 1 8 M M
26 99 77 88 8 0 23 0.00 M M 1.4 6 99 M M 1 18 M M
27 96 76 86 7 0 21 0.00 M M 1.4 6 99 M M 1 18 M M
28 96 74 85 6 0 20 0.02 M M 1.8 6 99 M M 3 M M
29 96 77 87 8 0 22 0.00 M M 3.4 7 99 M M 1 M M
30 90 75 83 4 0 18 0.00 M M 8.5 15 20 M M 2 22 30
31 98 69 84 6 0 19 M M M 3.7 8 270 M M 1 M M
================================================================================
SM 2904 2325 0 606 1.00 M 95.2 M 73
================================================================================
AV 93.7 75.0 3.1 FASTST M M 2 MAX(MPH)
MISC ----> 17 220 22 30
================================================================================
NOTES:
# LAST OF SEVERAL OCCURRENCES
COLUMN 17 PEAK WIND IN M.P.H.
PRELIMINARY LOCAL CLIMATOLOGICAL DATA (WS FORM: F-6) , PAGE 2
STATION: ARKADELPHIA AIRPORT
MONTH: AUGUST
YEAR: 2021
LATITUDE: 34 9 N
LONGITUDE: 93 4 W
[TEMPERATURE DATA] [PRECIPITATION DATA] SYMBOLS USED IN COLUMN 16
AVERAGE MONTHLY: 84.3 TOTAL FOR MONTH: 1.00 1 = FOG OR MIST
DPTR FM NORMAL: 3.8 DPTR FM NORMAL: -1.85 2 = FOG REDUCING VISIBILITY
HIGHEST: 100 ON 25 GRTST 24HR 0.70 ON 19-19 TO 1/4 MILE OR LESS
LOWEST: 68 ON 2 3 = THUNDER
SNOW, ICE PELLETS, HAIL 4 = ICE PELLETS
TOTAL MONTH: M 5 = HAIL
GRTST 24HR M ON M 6 = FREEZING RAIN OR DRIZZLE
GRTST DEPTH: M ON M 7 = DUSTSTORM OR SANDSTORM:
VSBY 1/2 MILE OR LESS
8 = SMOKE OR HAZE
[NO. OF DAYS WITH] [WEATHER - DAYS WITH] 9 = BLOWING SNOW
X = TORNADO
MAX 32 OR BELOW: 0 0.01 INCH OR MORE: 6
MAX 90 OR ABOVE: 24 0.10 INCH OR MORE: 2
MIN 32 OR BELOW: 0 0.50 INCH OR MORE: 1
MIN 0 OR BELOW: 0 1.00 INCH OR MORE: 0
[HDD (BASE 65) ]
TOTAL THIS MO. 0 CLEAR (SCALE 0-3) 24
DPTR FM NORMAL 0 PTCLDY (SCALE 4-7) 7
TOTAL FM JUL 1 0 CLOUDY (SCALE 8-10) 0
DPTR FM NORMAL 0
[CDD (BASE 65) ]
TOTAL THIS MO. 606
DPTR FM NORMAL 126 [PRESSURE DATA]
TOTAL FM JAN 1 1762 HIGHEST SLP M ON M
DPTR FM NORMAL 183 LOWEST SLP M ON M
[REMARKS]
#FINAL-08-21#