960
CXUS54 KLZK 280310
CF6ADF
PRELIMINARY LOCAL CLIMATOLOGICAL DATA (WS FORM: F-6)
STATION: ARKADELPHIA AIRPORT
MONTH: AUGUST
YEAR: 2020
LATITUDE: 34 9 N
LONGITUDE: 93 4 W
TEMPERATURE IN F: :PCPN: SNOW: WIND :SUNSHINE: SKY :PK WND
================================================================================
1 2 3 4 5 6A 6B 7 8 9 10 11 12 13 14 15 16 17 18
12Z AVG MX 2MIN
DY MAX MIN AVG DEP HDD CDD WTR SNW DPTH SPD SPD DIR MIN PSBL S-S WX SPD DR
================================================================================
1 M M M M M M M M M M M M M M M M M
2 M M M M M M M M M M M M M M M M M
3 M M M M M M M M M M M M M M M M M
4 87 65 76 -5 0 11 0.00 M M 3.3 8 10 M M 2 M M
5 81 64 73 -8 0 8 T M M 0.7 5 30 M M 1 1 M M
6 90 63 77 -4 0 12 0.05 M M 2.5 6 190 M M 1 18 M M
7 85 70 78 -3 0 13 0.07 M M 2.2 6 10 M M 0 128 M M
8 94 68 81 0 0 16 0.00 M M 3.5 9 180 M M 3 18 M M
9 97 70 84 3 0 19 0.00 M M 4.6 10 190 M M 3 128 M M
10 97 71 84 3 0 19 0.00 M M 4.5 9 210 M M 0 8 M M
11 M M M M M M 0.03 M M 4.8 10 10 M M 1 3 M M
12 M M M M M M 1.53 M M 1.8 6 250 M M 5 3 M M
13 M M M M M M 0.05 M M 0.4 4 40 M M 6 1 M M
14 88 70 79 -2 0 14 0.85 M M 2.3 20 330 M M 4 13 27 330
15 93 69 81 0 0 16 0.00 M M 0.6 4 99 M M 1 18 M M
16 M M M M M M 0.00 M M 3.4 9 30 M M 2 18 M M
17 90 66 78 -3 0 13 0.00 M M 0.9 5 99 M M 1 M M
18 88 66 77 -4 0 12 0.00 M M 3.6 9 330 M M 1 1 16 350
19 87 64 76 -4 0 11 0.00 M M 2.9 9 20 M M 1 1 M M
20 86 61 74 -6 0 9 0.00 M M 2.6 7 99 M M 1 18 M M
21 90 63 77 -3 0 12 0.00 M M 1.3 7 20 M M 1 8 M M
22 91 68 80 0 0 15 0.00 M M 0.9 4 99 M M 0 8 M M
23 92 65 79 -1 0 14 0.00 M M 1.3 5 99 M M 0 18 M M
24 93 64 79 -1 0 14 0.00 M M 1.6 7 60 M M 0 M M
25 94 68 81 1 0 16 0.00 M M 2.9 8 30 M M 1 M M
26 90 75 83 3 0 18 0.01 M M 3.2 8 10 M M 5 3 M M
27 M M M M M M 3.25 M M 9.5 28 10 M M 7 1 46 10
28 92 72 82 3 0 17 0.01 M M 7.2 15 230 M M 2 22 250
29 93 73 83 4 0 18 0.33 M M 3.0 8 200 M M 4 138 M M
30 85 71 78 -1 0 13 0.10 M M 1.8 8 280 M M 1 3 M M
31 88 71 80 2 0 15 0.22 M M 1.2 6 170 M M 4 138 M M
================================================================================
SM 2071 1557 0 325 6.50 M 78.5 M 58
================================================================================
AV 90.0 67.7 2.8 FASTST M M 2 MAX(MPH)
MISC ----> 28 10 46 10
================================================================================
NOTES:
# LAST OF SEVERAL OCCURRENCES
COLUMN 17 PEAK WIND IN M.P.H.
PRELIMINARY LOCAL CLIMATOLOGICAL DATA (WS FORM: F-6) , PAGE 2
STATION: ARKADELPHIA AIRPORT
MONTH: AUGUST
YEAR: 2020
LATITUDE: 34 9 N
LONGITUDE: 93 4 W
[TEMPERATURE DATA] [PRECIPITATION DATA] SYMBOLS USED IN COLUMN 16
AVERAGE MONTHLY: 78.9 TOTAL FOR MONTH: 6.50 1 = FOG OR MIST
DPTR FM NORMAL: -1.6 DPTR FM NORMAL: 3.65 2 = FOG REDUCING VISIBILITY
HIGHEST: 97 ON 9,10 GRTST 24HR 3.25 ON 27-27 TO 1/4 MILE OR LESS
LOWEST: 61 ON 20 3 = THUNDER
SNOW, ICE PELLETS, HAIL 4 = ICE PELLETS
TOTAL MONTH: M 5 = HAIL
GRTST 24HR M ON M 6 = FREEZING RAIN OR DRIZZLE
GRTST DEPTH: M ON M 7 = DUSTSTORM OR SANDSTORM:
VSBY 1/2 MILE OR LESS
8 = SMOKE OR HAZE
[NO. OF DAYS WITH] [WEATHER - DAYS WITH] 9 = BLOWING SNOW
X = TORNADO
MAX 32 OR BELOW: 0 0.01 INCH OR MORE: 12
MAX 90 OR ABOVE: 14 0.10 INCH OR MORE: 6
MIN 32 OR BELOW: 0 0.50 INCH OR MORE: 3
MIN 0 OR BELOW: 0 1.00 INCH OR MORE: 2
[HDD (BASE 65) ]
TOTAL THIS MO. 0 CLEAR (SCALE 0-3) 21
DPTR FM NORMAL 0 PTCLDY (SCALE 4-7) 7
TOTAL FM JUL 1 0 CLOUDY (SCALE 8-10) 3
DPTR FM NORMAL 0
[CDD (BASE 65) ]
TOTAL THIS MO. 325
DPTR FM NORMAL -155 [PRESSURE DATA]
TOTAL FM JAN 1 1281 HIGHEST SLP M ON M
DPTR FM NORMAL -298 LOWEST SLP M ON M
[REMARKS]
#FINAL-08-20#