000
CXUS54 KLZK 181231
CF6ADF
PRELIMINARY LOCAL CLIMATOLOGICAL DATA (WS FORM: F-6)
STATION: ARKADELPHIA AIRPORT
MONTH: APRIL
YEAR: 2024
LATITUDE: 34 9 N
LONGITUDE: 93 4 W
TEMPERATURE IN F: :PCPN: SNOW: WIND :SUNSHINE: SKY :PK WND
================================================================================
1 2 3 4 5 6A 6B 7 8 9 10 11 12 13 14 15 16 17 18
12Z AVG MX 2MIN
DY MAX MIN AVG DEP HDD CDD WTR SNW DPTH SPD SPD DIR MIN PSBL S-S WX SPD DR
================================================================================
1 80 65 73 15 0 8 0.00 M M 7.0 12 160 M M 7 18 160
2 76 49 63 5 2 0 T M M 10.6 18 240 M M 6 30 290
3 65 40 53 -6 12 0 0.00 M M 8.4 22 330 M M 0 35 300
4 72 38 55 -4 10 0 0.00 M M 5.8 15 270 M M 0 23 270
5 76 55 66 7 0 1 0.00 M M 1.5 5 99 M M 0 M M
6 77 49 63 3 2 0 0.00 M M 3.3 8 130 M M 1 16 130
7 81 56 69 9 0 4 T M M 6.7 17 230 M M 6 30 230
8 83 46 65 5 0 0 0.53 M M 3.2 18 180 M M 4 3 31 180
9 64 60 62 2 3 0 1.52 M M 5.4 12 80 M M 8 13 18 70
10 68 57 63 3 2 0 1.38 M M 5.0 16 60 M M 9 1 24 60
11 71 53 62 1 3 0 0.16 M M 9.8 22 280 M M 3 30 290
12 78 45 62 1 3 0 0.00 M M 2.3 8 230 M M 0 M M
13 82 50 66 5 0 1 0.00 M M 4.7 17 200 M M 0 27 200
14 81 55 68 7 0 3 0.00 M M 6.8 14 220 M M 3 M M
15 76 58 67 5 0 2 T M M 2.4 13 210 M M 7 1 18 210
16 76 63 70 8 0 5 0.06 M M 5.1 15 180 M M 8 13 22 180
17 85 64 75 13 0 10 0.00 M M 1.8 7 99 M M 4 1 M M
================================================================================
SM 1291 903 37 34 3.65 M 89.9 M 66
================================================================================
AV 75.9 53.1 5.3 FASTST M M 4 MAX(MPH)
MISC ----> # 22 330 35 300
================================================================================
NOTES:
# LAST OF SEVERAL OCCURRENCES
COLUMN 17 PEAK WIND IN M.P.H.
PRELIMINARY LOCAL CLIMATOLOGICAL DATA (WS FORM: F-6) , PAGE 2
STATION: ARKADELPHIA AIRPORT
MONTH: APRIL
YEAR: 2024
LATITUDE: 34 9 N
LONGITUDE: 93 4 W
[TEMPERATURE DATA] [PRECIPITATION DATA] SYMBOLS USED IN COLUMN 16
AVERAGE MONTHLY: 64.5 TOTAL FOR MONTH: 3.65 1 = FOG OR MIST
DPTR FM NORMAL: 4.4 DPTR FM NORMAL: 1.31 2 = FOG REDUCING VISIBILITY
HIGHEST: 85 ON 17 GRTST 24HR 1.52 ON 9- 9 TO 1/4 MILE OR LESS
LOWEST: 38 ON 4 3 = THUNDER
SNOW, ICE PELLETS, HAIL 4 = ICE PELLETS
TOTAL MONTH: M 5 = HAIL
GRTST 24HR M ON M 6 = FREEZING RAIN OR DRIZZLE
GRTST DEPTH: M ON M 7 = DUSTSTORM OR SANDSTORM:
VSBY 1/2 MILE OR LESS
8 = SMOKE OR HAZE
[NO. OF DAYS WITH] [WEATHER - DAYS WITH] 9 = BLOWING SNOW
X = TORNADO
MAX 32 OR BELOW: 0 0.01 INCH OR MORE: 5
MAX 90 OR ABOVE: 0 0.10 INCH OR MORE: 4
MIN 32 OR BELOW: 0 0.50 INCH OR MORE: 3
MIN 0 OR BELOW: 0 1.00 INCH OR MORE: 2
[HDD (BASE 65) ]
TOTAL THIS MO. 37 CLEAR (SCALE 0-3) 7
DPTR FM NORMAL -66 PTCLDY (SCALE 4-7) 8
TOTAL FM JUL 1 2541 CLOUDY (SCALE 8-10) 2
DPTR FM NORMAL -424
[CDD (BASE 65) ]
TOTAL THIS MO. 34
DPTR FM NORMAL 12 [PRESSURE DATA]
TOTAL FM JAN 1 55 HIGHEST SLP M ON M
DPTR FM NORMAL 21 LOWEST SLP M ON M
[REMARKS]