000
CXUS54 KLCH 010830
CF6AEX
PRELIMINARY LOCAL CLIMATOLOGICAL DATA (WS FORM: F-6)
STATION: ALEXANDRIA
MONTH: MARCH
YEAR: 2023
LATITUDE: 31 19 N
LONGITUDE: 92 33 W
TEMPERATURE IN F: :PCPN: SNOW: WIND :SUNSHINE: SKY :PK WND
================================================================================
1 2 3 4 5 6A 6B 7 8 9 10 11 12 13 14 15 16 17 18
12Z AVG MX 2MIN
DY MAX MIN AVG DEP HDD CDD WTR SNW DPTH SPD SPD DIR MIN PSBL S-S WX SPD DR
================================================================================
1 82 68 75 19 0 10 0.00 0.0 M 9.2 22 210 M M 8 18 30 210
2 81 71 76 20 0 11 0.17 0.0 M 11.8 24 160 M M 8 1 33 180
3 75 50 63 6 2 0 0.35 M M 13.0 33 280 M M 4 138 47 280
4 74 43 59 2 6 0 0.00 0.0 M 4.1 12 310 M M 0 15 280
5 78 46 62 5 3 0 0.00 0.0 M 3.3 10 120 M M 0 14 140
6 83 53 68 10 0 3 0.00 0.0 M 3.8 13 250 M M 5 18 16 240
7 85 68 77 19 0 12 0.00 0.0 M 3.5 10 170 M M 7 18 14 230
8 84 66 75 17 0 10 0.00 0.0 M 5.2 12 230 M M 4 18 17 240
9 84 60 72 14 0 7 0.00 0.0 M 4.5 13 220 M M 5 18 19 230
10 70 57 64 6 1 0 0.76 0.0 M 4.2 15 70 M M 9 138 21 360
11 80 58 69 10 0 4 0.00 0.0 M 10.2 23 180 M M 8 18 34 200
12 75 49 62 3 3 0 0.02 M M 9.4 18 190 M M 8 18 27 200
13 66 46 56 -3 9 0 0.00 0.0 M 8.2 16 30 M M 0 23 30
14 59 42 51 -9 14 0 T M M 6.1 15 40 M M 2 8 23 20
15 65 37 51 -9 14 0 0.00 0.0 M 4.8 13 160 M M 0 16 130
16 73 45 59 -1 6 0 0.01 M M 13.8 30 170 M M 7 40 170
17 69 44 57 -3 8 0 1.92 M M 10.8 25 320 M M 6 13 35 320
18 52 43 48 -12 17 0 0.00 0.0 M 7.4 15 350 M M 3 22 360
19 53 31 42 -19 23 0 0.00 0.0 M 7.3 20 340 M M 0 32 310
20 57 29 43 -18 22 0 0.00 0.0 M 5.6 13 140 M M 3 18 120
21 72 49 61 0 4 0 T 0.0 M 13.4 22 170 M M 9 31 170
22 80 61 71 10 0 6 0.00 0.0 M 10.7 21 200 M M 7 1 30 200
23 83 66 75 13 0 10 0.00 0.0 M 12.0 23 190 M M 7 18 35 210
24 78 66 72 10 0 7 0.26 0.0 M 11.8 22 300 M M 9 138 32 200
25 86 58 72 10 0 7 0.01 0.0 M 3.2 14 210 M M 2 1 19 220
26 76 57 67 5 0 2 0.37 0.0 M 4.1 14 340 M M 7 13 17 330
27 81 61 71 9 0 6 T 0.0 M 5.7 12 30 M M 4 12 17 50
28 76 57 67 5 0 2 0.00 0.0 M 7.6 18 350 M M 2 8 25 360
29 68 51 60 -3 5 0 T 0.0 0 5.0 13 120 M M 2 8 17 60
30 79 49 64 1 1 0 T M M 9.4 20 160 M M 5 28 160
31 82 66 74 11 0 9 T 0.0 0 13.8 21 180 M M 7 29 180
================================================================================
SM 2306 1647 138 106 3.87 0.0 242.9 M 148
================================================================================
AV 74.4 53.1 7.8 FASTST M M 5 MAX(MPH)
MISC ----> 33 280 47 280
================================================================================
NOTES:
# LAST OF SEVERAL OCCURRENCES
COLUMN 17 PEAK WIND IN M.P.H.
PRELIMINARY LOCAL CLIMATOLOGICAL DATA (WS FORM: F-6) , PAGE 2
STATION: ALEXANDRIA
MONTH: MARCH
YEAR: 2023
LATITUDE: 31 19 N
LONGITUDE: 92 33 W
[TEMPERATURE DATA] [PRECIPITATION DATA] SYMBOLS USED IN COLUMN 16
AVERAGE MONTHLY: 63.8 TOTAL FOR MONTH: 3.87 1 = FOG OR MIST
DPTR FM NORMAL: 3.9 DPTR FM NORMAL: -1.05 2 = FOG REDUCING VISIBILITY
HIGHEST: 86 ON 25 GRTST 24HR 1.93 ON 16-17 TO 1/4 MILE OR LESS
LOWEST: 29 ON 20 3 = THUNDER
SNOW, ICE PELLETS, HAIL 4 = ICE PELLETS
TOTAL MONTH: 0.0 INCH 5 = HAIL
GRTST 24HR 0.0 6 = FREEZING RAIN OR DRIZZLE
GRTST DEPTH: 0 7 = DUSTSTORM OR SANDSTORM:
VSBY 1/2 MILE OR LESS
8 = SMOKE OR HAZE
[NO. OF DAYS WITH] [WEATHER - DAYS WITH] 9 = BLOWING SNOW
X = TORNADO
MAX 32 OR BELOW: 0 0.01 INCH OR MORE: 9
MAX 90 OR ABOVE: 0 0.10 INCH OR MORE: 6
MIN 32 OR BELOW: 2 0.50 INCH OR MORE: 2
MIN 0 OR BELOW: 0 1.00 INCH OR MORE: 1
[HDD (BASE 65) ]
TOTAL THIS MO. 138 CLEAR (SCALE 0-3) 11
DPTR FM NORMAL -64 PTCLDY (SCALE 4-7) 15
TOTAL FM JUL 1 1309 CLOUDY (SCALE 8-10) 5
DPTR FM NORMAL -512
[CDD (BASE 65) ]
TOTAL THIS MO. 106
DPTR FM NORMAL 64 [PRESSURE DATA]
TOTAL FM JAN 1 207 HIGHEST SLP 30.54 ON 19
DPTR FM NORMAL 145 LOWEST SLP 29.33 ON 3
[REMARKS]
#FINAL-03-23#