974
CXUS54 KLCH 021712
CF6AEX
PRELIMINARY LOCAL CLIMATOLOGICAL DATA (WS FORM: F-6)
STATION: ALEXANDRIA
MONTH: APRIL
YEAR: 2020
LATITUDE: 31 19 N
LONGITUDE: 92 33 W
TEMPERATURE IN F: :PCPN: SNOW: WIND :SUNSHINE: SKY :PK WND
================================================================================
1 2 3 4 5 6A 6B 7 8 9 10 11 12 13 14 15 16 17 18
12Z AVG MX 2MIN
DY MAX MIN AVG DEP HDD CDD WTR SNW DPTH SPD SPD DIR MIN PSBL S-S WX SPD DR
================================================================================
1 74 43 59 -4 6 0 0.00 0.0 0 1.4 9 120 M M 2 15 70
2 72 52 62 -1 3 0 0.01 0.0 0 4.2 16 130 M M 0 21 120
3 76 57 67 4 0 2 T 0.0 0 4.3 12 60 M M 3 14 70
4 75 62 69 6 0 4 0.19 0.0 0 4.2 13 20 M M 8 17 10
5 79 60 70 6 0 5 0.00 0.0 0 4.6 10 40 M M 4 15 30
6 82 62 72 8 0 7 T 0.0 0 5.8 14 200 M M 4 20 160
7 83 70 77 13 0 12 0.01 0.0 0 6.4 13 190 M M 7 16 200
8 86 73 80 16 0 15 0.00 0.0 0 8.1 15 200 M M 7 20 200
9 86 61 74 10 0 9 0.47 0.0 0 5.2 21 320 M M 5 3 30 330
10 70 52 61 -4 4 0 0.01 0.0 0 7.1 18 50 M M 1 31 30
11 78 47 63 -2 2 0 0.00 0.0 0 7.9 17 130 M M 2 25 140
12 85 58 72 7 0 7 0.13 0.0 0 12.9 26 240 M M 8 3 37 200
13 60 45 53 -13 12 0 0.00 0.0 0 7.9 20 340 M M 7 27 340
14 66 43 55 -11 10 0 0.00 0.0 0 9.1 18 10 M M 1 25 20
15 67 39 53 -13 12 0 0.00 0.0 0 6.7 14 10 M M 0 21 350
16 74 40 57 -9 8 0 0.00 0.0 0 5.9 17 130 M M 0 25 100
17 76 47 62 -5 3 0 0.01 M 0 4.3 12 160 M M 5 3 16 150
18 70 60 65 -2 0 0 0.01 0.0 0 6.5 15 350 M M 9 20 350
19 76 61 69 2 0 4 1.52 0.0 0 3.7 26 310 M M 10 3 40 300
20 75 54 65 -2 0 0 0.00 0.0 0 3.5 9 20 M M 3 13 20
21 83 55 69 1 0 4 0.00 0.0 0 2.8 10 100 M M 0 1 16 100
22 79 55 67 -1 0 2 2.62 0.0 0 5.6 15 160 M M 6 138 M 21
23 81 61 71 3 0 6 0.14 0.0 0 10.0 18 320 M M 2 138 27 310
24 83 56 70 1 0 5 0.00 0.0 0 6.3 16 140 M M 0 1 22 120
25 77 61 69 0 0 4 0.00 0.0 0 9.7 21 310 M M 1 18 27 280
26 81 55 68 -1 0 3 0.00 0.0 0 5.5 14 340 M M 0 1 19 310
27 80 53 67 -2 0 2 0.00 0.0 0 8.1 17 160 M M 0 8 26 140
28 77 59 68 -2 0 3 0.34 0.0 0 6.3 29 310 M M 6 13 40 310
29 77 55 66 -4 0 1 1.19 0.0 0 8.5 25 310 M M 5 13 34 300
30 77 51 64 -6 1 0 0.00 0.0 0 6.4 16 300 M M 0 25 290
================================================================================
SM 2305 1647 61 95 6.65 0.0 188.9 M 106
================================================================================
AV 76.8 54.9 6.3 FASTST M M 4 MAX(MPH)
MISC ----> # 29 310 # 40 300
================================================================================
NOTES:
# LAST OF SEVERAL OCCURRENCES
COLUMN 17 PEAK WIND IN M.P.H.
PRELIMINARY LOCAL CLIMATOLOGICAL DATA (WS FORM: F-6) , PAGE 2
STATION: ALEXANDRIA
MONTH: APRIL
YEAR: 2020
LATITUDE: 31 19 N
LONGITUDE: 92 33 W
[TEMPERATURE DATA] [PRECIPITATION DATA] SYMBOLS USED IN COLUMN 16
AVERAGE MONTHLY: 65.9 TOTAL FOR MONTH: 6.65 1 = FOG OR MIST
DPTR FM NORMAL: -0.4 DPTR FM NORMAL: 2.10 2 = FOG REDUCING VISIBILITY
HIGHEST: 86 ON 9, 8 GRTST 24HR 2.62 ON 22-22 TO 1/4 MILE OR LESS
LOWEST: 39 ON 15 3 = THUNDER
SNOW, ICE PELLETS, HAIL 4 = ICE PELLETS
TOTAL MONTH: 0.0 INCH 5 = HAIL
GRTST 24HR 0.0 6 = FREEZING RAIN OR DRIZZLE
GRTST DEPTH: 0 7 = DUSTSTORM OR SANDSTORM:
VSBY 1/2 MILE OR LESS
8 = SMOKE OR HAZE
[NO. OF DAYS WITH] [WEATHER - DAYS WITH] 9 = BLOWING SNOW
X = TORNADO
MAX 32 OR BELOW: 0 0.01 INCH OR MORE: 13
MAX 90 OR ABOVE: 0 0.10 INCH OR MORE: 8
MIN 32 OR BELOW: 0 0.50 INCH OR MORE: 3
MIN 0 OR BELOW: 0 1.00 INCH OR MORE: 3
[HDD (BASE 65) ]
TOTAL THIS MO. 61 CLEAR (SCALE 0-3) 16
DPTR FM NORMAL -6 PTCLDY (SCALE 4-7) 11
TOTAL FM JUL 1 1656 CLOUDY (SCALE 8-10) 3
DPTR FM NORMAL -291
[CDD (BASE 65) ]
TOTAL THIS MO. 95
DPTR FM NORMAL -11 [PRESSURE DATA]
TOTAL FM JAN 1 239 HIGHEST SLP 30.24 ON 16
DPTR FM NORMAL 80 LOWEST SLP 29.44 ON 12
[REMARKS]
#FINAL-04-20#