000
CXUS54 KFWD 010830
CF6AFW
PRELIMINARY LOCAL CLIMATOLOGICAL DATA (WS FORM: F-6)
STATION: FORT WORTH ALLIANCE
MONTH: DECEMBER
YEAR: 2021
LATITUDE: 32 58 N
LONGITUDE: 97 19 W
TEMPERATURE IN F: :PCPN: SNOW: WIND :SUNSHINE: SKY :PK WND
================================================================================
1 2 3 4 5 6A 6B 7 8 9 10 11 12 13 14 15 16 17 18
12Z AVG MX 2MIN
DY MAX MIN AVG DEP HDD CDD WTR SNW DPTH SPD SPD DIR MIN PSBL S-S WX SPD DR
================================================================================
1 75 49 62 10 3 0 0.00 M M 6.3 17 200 M M 2 8 23 190
2 80 46 63 12 2 0 0.00 M M 5.3 14 180 M M 4 8 17 150
3 73 57 65 14 0 0 T M M 9.3 16 160 M M 7 1 21 150
4 74 56 65 14 0 0 0.03 M M 6.9 16 220 M M 7 1 21 210
5 76 57 67 16 0 2 0.00 M M 10.3 22 190 M M 8 29 170
6 68 37 53 3 12 0 0.00 M M 14.9 31 10 M M 3 8 41 360
7 58 30 44 -6 21 0 0.00 M M 5.6 15 160 M M 5 19 160
8 56 39 48 -2 17 0 0.00 M M 6.2 13 170 M M 8 18 20 150
9 81 56 69 19 0 4 0.00 M M 11.6 20 190 M M 8 28 190
10 83 65 74 25 0 9 0.00 M M 14.2 24 310 M M 7 1 35 290
11 71 36 54 5 11 0 0.00 M M 10.8 32 340 M M 4 43 340
12 60 33 47 -2 18 0 0.00 M M 11.3 20 180 M M 0 25 170
13 71 40 56 8 9 0 0.00 M M 10.7 20 160 M M 2 25 160
14 78 59 69 21 0 4 0.00 M M 11.6 22 180 M M 7 1 30 190
15 80 66 73 25 0 8 0.00 M M 23.9 39 180 M M 8 8 54 180
16 74 61 68 20 0 3 0.00 M M 9.4 21 180 M M 8 8 27 180
17 77 60 69 21 0 4 T M M 11.4 29 180 M M 9 36 170
18 71 36 54 6 11 0 0.52 M M 17.3 29 360 M M 7 13 35 360
19 48 31 40 -7 25 0 0.00 M M 7.2 15 360 M M 7 19 360
20 54 41 48 1 17 0 0.02 M M 5.7 10 110 M M 7 18 100
21 64 36 50 3 15 0 0.00 M M 6.2 15 180 M M 1 1 20 160
22 64 42 53 6 12 0 0.00 M M 4.8 14 160 M M 3 19 140
23 76 50 63 16 2 0 0.00 M M 15.3 25 190 M M 6 1 35 190
24 82 60 71 24 0 6 0.00 M M 18.9 29 190 M M 5 40 190
25 81 59 70 24 0 5 0.00 M M 7.6 20 190 M M 6 30 210
26 78 58 68 22 0 3 0.00 M M 13.8 25 170 M M 6 12 34 160
27 78 63 71 25 0 6 0.00 M M 9.6 21 160 M M 5 18 27 160
28 79 52 66 20 0 1 0.00 M M 10.1 28 190 M M 6 35 190
29 74 50 62 16 3 0 0.02 M M 4.0 17 280 M M 6 1 26 140
30 72 48 60 14 5 0 0.00 M M 5.1 13 280 M M 6 15 280
31 69 53 61 15 4 0 0.22 M M 6.6 16 180 M M 9 18 21 170
================================================================================
SM 2225 1526 187 55 0.81 M 311.9 M 177
================================================================================
AV 71.8 49.2 10.1 FASTST M M 6 MAX(MPH)
MISC ----> 39 180 54 180
================================================================================
NOTES:
# LAST OF SEVERAL OCCURRENCES
COLUMN 17 PEAK WIND IN M.P.H.
PRELIMINARY LOCAL CLIMATOLOGICAL DATA (WS FORM: F-6) , PAGE 2
STATION: FORT WORTH ALLIANCE
MONTH: DECEMBER
YEAR: 2021
LATITUDE: 32 58 N
LONGITUDE: 97 19 W
[TEMPERATURE DATA] [PRECIPITATION DATA] SYMBOLS USED IN COLUMN 16
AVERAGE MONTHLY: 60.5 TOTAL FOR MONTH: 0.81 1 = FOG OR MIST
DPTR FM NORMAL: 12.3 DPTR FM NORMAL: -1.67 2 = FOG REDUCING VISIBILITY
HIGHEST: 83 ON 10 GRTST 24HR 0.52 ON 17-18 TO 1/4 MILE OR LESS
LOWEST: 30 ON 7 3 = THUNDER
SNOW, ICE PELLETS, HAIL 4 = ICE PELLETS
TOTAL MONTH: M 5 = HAIL
GRTST 24HR M ON M 6 = FREEZING RAIN OR DRIZZLE
GRTST DEPTH: M ON M 7 = DUSTSTORM OR SANDSTORM:
VSBY 1/2 MILE OR LESS
8 = SMOKE OR HAZE
[NO. OF DAYS WITH] [WEATHER - DAYS WITH] 9 = BLOWING SNOW
X = TORNADO
MAX 32 OR BELOW: 0 0.01 INCH OR MORE: 5
MAX 90 OR ABOVE: 0 0.10 INCH OR MORE: 2
MIN 32 OR BELOW: 2 0.50 INCH OR MORE: 1
MIN 0 OR BELOW: 0 1.00 INCH OR MORE: 0
[HDD (BASE 65) ]
TOTAL THIS MO. 187 CLEAR (SCALE 0-3) 6
DPTR FM NORMAL -338 PTCLDY (SCALE 4-7) 22
TOTAL FM JUL 1 469 CLOUDY (SCALE 8-10) 3
DPTR FM NORMAL -414
[CDD (BASE 65) ]
TOTAL THIS MO. 55
DPTR FM NORMAL 49 [PRESSURE DATA]
TOTAL FM JAN 1 2768 HIGHEST SLP 30.44 ON 19
DPTR FM NORMAL -160 LOWEST SLP 29.52 ON 28
[REMARKS]
#FINAL-12-21#