000
CXUS54 KFWD 251720
CF6AFW
PRELIMINARY LOCAL CLIMATOLOGICAL DATA (WS FORM: F-6)
STATION: FORT WORTH ALLIANCE
MONTH: MARCH
YEAR: 2021
LATITUDE: 32 58 N
LONGITUDE: 97 19 W
TEMPERATURE IN F: :PCPN: SNOW: WIND :SUNSHINE: SKY :PK WND
================================================================================
1 2 3 4 5 6A 6B 7 8 9 10 11 12 13 14 15 16 17 18
12Z AVG MX 2MIN
DY MAX MIN AVG DEP HDD CDD WTR SNW DPTH SPD SPD DIR MIN PSBL S-S WX SPD DR
================================================================================
1 62 45 54 0 11 0 0.02 M M 10.5 21 360 M M 8 27 350
2 64 35 50 -4 15 0 0.00 M M 3.1 10 170 M M 2 14 170
3 71 40 56 2 9 0 0.00 M M 7.9 17 180 M M 0 25 180
4 75 46 61 6 4 0 0.00 M M 12.9 25 160 M M 3 39 130
5 70 50 60 5 5 0 0.00 M M 12.5 24 10 M M 6 32 10
6 65 40 53 -2 12 0 0.00 M M 6.5 14 100 M M 1 21 100
7 68 39 54 -2 11 0 0.00 M M 8.2 18 160 M M 2 32 130
8 72 59 66 10 0 1 0.00 M M 11.8 22 160 M M 4 28 170
9 73 56 65 9 0 0 0.00 M M 21.0 33 180 M M 8 42 180
10 75 64 70 14 0 5 0.00 M M 20.5 32 170 M M 9 44 180
11 77 68 73 16 0 8 0.00 M M 18.3 33 180 M M 10 43 170
12 78 66 72 15 0 7 T M M 15.8 23 150 M M 10 18 29 160
13 76 65 71 13 0 6 T M M 17.1 30 150 M M 9 40 160
14 75 52 64 6 1 0 0.08 M M 11.1 28 150 M M 6 1 36 150
15 78 49 64 6 1 0 0.00 M M 9.2 21 240 M M 4 27 300
16 82 55 69 11 0 4 0.00 M M 12.6 26 160 M M 8 18 32 160
17 71 45 58 -1 7 0 0.13 M M 20.2 38 300 M M 7 38 51 290
18 61 40 51 -8 14 0 0.00 M M 17.4 31 320 M M 2 40 320
19 66 39 53 -6 12 0 0.00 M M 9.8 20 10 M M 1 24 20
20 69 40 55 -5 10 0 0.00 M M 6.7 14 110 M M 0 20 100
21 70 45 58 -2 7 0 0.00 M M 14.9 25 170 M M 4 35 160
22 63 56 60 0 5 0 0.92 M M 16.4 28 150 M M 10 13 36 190
23 72 47 60 0 5 0 0.00 M M 10.8 24 260 M M 1 8 36 280
24 77 43 60 -1 5 0 1.00 M M 10.6 22 340 M M 4 1358 29 350
25 67 51 59 -2 6 0 0.44 M M 9.2 21 290 M M 6 13 29 320
26 78 49 64 3 1 0 0.00 M M 11.5 24 170 M M 1 32 160
27 80 57 69 7 0 4 0.00 M M 11.7 28 350 M M 5 18 39 360
28 72 46 59 -3 6 0 M M M 9.1 17 10 M M 0 18 10
29 77 46 62 0 3 0 0.00 M M 13.1 21 170 M M 1 32 160
30 79 56 68 6 0 3 0.00 M M 13.5 25 190 M M 8 8 35 200
31 66 46 56 -7 9 0 T M M 14.2 26 40 M M 5 39 20
================================================================================
SM 2229 1535 159 38 2.59 M 388.1 M 145
================================================================================
AV 71.9 49.5 12.5 FASTST M M 5 MAX(MPH)
MISC ----> 38 300 51 290
================================================================================
NOTES:
# LAST OF SEVERAL OCCURRENCES
COLUMN 17 PEAK WIND IN M.P.H.
PRELIMINARY LOCAL CLIMATOLOGICAL DATA (WS FORM: F-6) , PAGE 2
STATION: FORT WORTH ALLIANCE
MONTH: MARCH
YEAR: 2021
LATITUDE: 32 58 N
LONGITUDE: 97 19 W
[TEMPERATURE DATA] [PRECIPITATION DATA] SYMBOLS USED IN COLUMN 16
AVERAGE MONTHLY: 60.7 TOTAL FOR MONTH: 2.59 1 = FOG OR MIST
DPTR FM NORMAL: 2.3 DPTR FM NORMAL: -0.28 2 = FOG REDUCING VISIBILITY
HIGHEST: 82 ON 16 GRTST 24HR 1.00 ON 24-24 TO 1/4 MILE OR LESS
LOWEST: 35 ON 2 3 = THUNDER
SNOW, ICE PELLETS, HAIL 4 = ICE PELLETS
TOTAL MONTH: M 5 = HAIL
GRTST 24HR M ON M 6 = FREEZING RAIN OR DRIZZLE
GRTST DEPTH: M ON M 7 = DUSTSTORM OR SANDSTORM:
VSBY 1/2 MILE OR LESS
8 = SMOKE OR HAZE
[NO. OF DAYS WITH] [WEATHER - DAYS WITH] 9 = BLOWING SNOW
X = TORNADO
MAX 32 OR BELOW: 0 0.01 INCH OR MORE: 6
MAX 90 OR ABOVE: 0 0.10 INCH OR MORE: 4
MIN 32 OR BELOW: 0 0.50 INCH OR MORE: 2
MIN 0 OR BELOW: 0 1.00 INCH OR MORE: 1
[HDD (BASE 65) ]
TOTAL THIS MO. 159 CLEAR (SCALE 0-3) 12
DPTR FM NORMAL -89 PTCLDY (SCALE 4-7) 13
TOTAL FM JUL 1 2112 CLOUDY (SCALE 8-10) 6
DPTR FM NORMAL -3
[CDD (BASE 65) ]
TOTAL THIS MO. 38
DPTR FM NORMAL -3 [PRESSURE DATA]
TOTAL FM JAN 1 38 HIGHEST SLP 30.47 ON 31
DPTR FM NORMAL -16 LOWEST SLP 29.53 ON 17
[REMARKS]
#FINAL-03-21#