000
CXUS52 KFFC 011533
CF6AHN
PRELIMINARY LOCAL CLIMATOLOGICAL DATA (WS FORM: F-6)
STATION: ATHENS
MONTH: NOVEMBER
YEAR: 2021
LATITUDE: 33 57 N
LONGITUDE: 83 19 W
TEMPERATURE IN F: :PCPN: SNOW: WIND :SUNSHINE: SKY :PK WND
================================================================================
1 2 3 4 5 6A 6B 7 8 9 10 11 12 13 14 15 16 17 18
12Z AVG MX 2MIN
DY MAX MIN AVG DEP HDD CDD WTR SNW DPTH SPD SPD DIR MIN PSBL S-S WX SPD DR
================================================================================
1 73 M M M M M 0.00 0.0 M 1.3 9 80 M M 0 8 16 60
2 76 45 61 4 4 0 0.00 0.0 M 3.2 10 320 M M 0 1 16 300
3 60 47 54 -3 11 0 T M M 7.6 16 60 M M 5 24 70
4 49 41 45 -12 20 0 0.10 M M 6.9 13 60 M M 9 1 17 70
5 54 40 47 -9 18 0 0.00 0.0 M 7.9 16 60 M M 0 23 30
6 60 41 51 -5 14 0 0.00 0.0 M 7.9 18 50 M M 0 28 60
7 70 40 55 -1 10 0 0.00 0.0 M 3.5 9 360 M M 0 8 14 340
8 75 38 57 2 8 0 0.00 0.0 M 1.2 9 90 M M 0 8 14 100
9 79 42 61 6 4 0 0.00 0.0 M 0.9 8 290 M M 0 8 13 250
10 78 45 62 7 3 0 0.00 0.0 M 1.7 7 200 M M 0 1 14 220
11 72 50 61 7 4 0 0.55 M M 2.5 13 280 M M 7 1 21 270
12 71 47 59 5 6 0 0.01 M M 3.1 12 320 M M 1 19 340
13 62 40 51 -3 14 0 0.00 0.0 M 5.2 16 310 M M 0 24 320
14 62 33 48 -6 17 0 0.00 0.0 M 4.1 12 270 M M 0 21 300
15 64 38 51 -2 14 0 0.00 0.0 M 4.6 14 300 M M 0 22 300
16 73 37 55 2 10 0 0.00 0.0 M 2.2 12 280 M M 1 19 280
17 75 45 60 7 5 0 0.00 0.0 M 1.6 9 180 M M 0 12 19 180
18 78 45 62 10 3 0 0.00 0.0 M 4.5 15 310 M M 3 12 24 300
19 63 34 49 -3 16 0 0.00 0.0 M 4.6 10 300 M M 0 17 300
20 58 35 47 -5 18 0 0.00 0.0 M 7.7 15 70 M M 1 23 70
21 63 47 55 3 10 0 0.00 0.0 M 3.3 8 60 M M 7 11 40
22 66 42 54 3 11 0 0.13 M M 7.0 16 310 M M 5 1 27 320
23 58 31 45 -6 20 0 0.00 0.0 M 3.2 8 320 M M 0 14 290
24 59 28 44 -7 21 0 0.00 0.0 M 3.5 7 140 M M 0 11 120
25 67 31 49 -2 16 0 0.01 M M 2.7 10 240 M M 1 1 19 250
26 58 39 49 -1 16 0 0.04 M M 8.0 18 300 M M 2 1 25 300
27 65 31 48 -2 17 0 0.00 0.0 M 4.1 12 250 M M 0 18 260
28 61 37 49 -1 16 0 0.00 0.0 M 5.2 10 300 M M 0 15 310
29 58 34 46 -4 19 0 0.00 0.0 M 4.4 10 330 M M 0 19 320
30 M 31 M M M M 0.00 0.0 M M M M M M 0 M M
================================================================================
SM 1907 1134 345 0 0.84 0.0 123.6 M 42
================================================================================
AV 65.8 39.1 4.3 FASTST M M 1 MAX(MPH)
MISC ----> # 18 50 28 60
================================================================================
NOTES:
# LAST OF SEVERAL OCCURRENCES
COLUMN 17 PEAK WIND IN M.P.H.
PRELIMINARY LOCAL CLIMATOLOGICAL DATA (WS FORM: F-6) , PAGE 2
STATION: ATHENS
MONTH: NOVEMBER
YEAR: 2021
LATITUDE: 33 57 N
LONGITUDE: 83 19 W
[TEMPERATURE DATA] [PRECIPITATION DATA] SYMBOLS USED IN COLUMN 16
AVERAGE MONTHLY: 52.4 TOTAL FOR MONTH: 0.84 1 = FOG OR MIST
DPTR FM NORMAL: -0.9 DPTR FM NORMAL: -2.93 2 = FOG REDUCING VISIBILITY
HIGHEST: 79 ON 9 GRTST 24HR 0.56 ON 11-12 TO 1/4 MILE OR LESS
LOWEST: 28 ON 24 3 = THUNDER
SNOW, ICE PELLETS, HAIL 4 = ICE PELLETS
TOTAL MONTH: 0.0 INCH 5 = HAIL
GRTST 24HR 0.0 6 = FREEZING RAIN OR DRIZZLE
GRTST DEPTH: M ON M 7 = DUSTSTORM OR SANDSTORM:
VSBY 1/2 MILE OR LESS
8 = SMOKE OR HAZE
[NO. OF DAYS WITH] [WEATHER - DAYS WITH] 9 = BLOWING SNOW
X = TORNADO
MAX 32 OR BELOW: 0 0.01 INCH OR MORE: 6
MAX 90 OR ABOVE: 0 0.10 INCH OR MORE: 3
MIN 32 OR BELOW: 5 0.50 INCH OR MORE: 1
MIN 0 OR BELOW: 0 1.00 INCH OR MORE: 0
[HDD (BASE 65) ]
TOTAL THIS MO. 345 CLEAR (SCALE 0-3) 25
DPTR FM NORMAL -16 PTCLDY (SCALE 4-7) 4
TOTAL FM JUL 1 413 CLOUDY (SCALE 8-10) 1
DPTR FM NORMAL -71
[CDD (BASE 65) ]
TOTAL THIS MO. 0
DPTR FM NORMAL -9 [PRESSURE DATA]
TOTAL FM JAN 1 2133 HIGHEST SLP M ON M
DPTR FM NORMAL 180 LOWEST SLP 29.91 ON 22
[REMARKS]
#FINAL-11-21#