000
CXUS52 KFFC 011010
CF6AHN
PRELIMINARY LOCAL CLIMATOLOGICAL DATA (WS FORM: F-6)
STATION: ATHENS
MONTH: SEPTEMBER
YEAR: 2020
LATITUDE: 33 57 N
LONGITUDE: 83 19 W
TEMPERATURE IN F: :PCPN: SNOW: WIND :SUNSHINE: SKY :PK WND
================================================================================
1 2 3 4 5 6A 6B 7 8 9 10 11 12 13 14 15 16 17 18
12Z AVG MX 2MIN
DY MAX MIN AVG DEP HDD CDD WTR SNW DPTH SPD SPD DIR MIN PSBL S-S WX SPD DR
================================================================================
1 94 74 84 6 0 19 0.00 M M 1.0 7 240 M M 3 1 11 250
2 93 75 84 7 0 19 0.00 M M 3.2 9 260 M M 1 16 230
3 93 73 83 6 0 18 0.00 M M 4.7 13 310 M M 1 22 290
4 93 72 83 6 0 18 0.00 0.0 M 4.9 13 290 M M 1 22 260
5 89 70 80 3 0 15 0.00 M M 6.8 15 60 M M 1 22 70
6 87 64 76 0 0 11 0.00 M M 5.7 13 60 M M 0 22 60
7 88 61 75 -1 0 10 0.00 M M 4.2 10 60 M M 0 15 80
8 88 64 76 0 0 11 0.00 M M 6.4 13 80 M M 0 24 80
9 88 69 79 3 0 14 0.05 M M 6.7 15 50 M M 6 1 23 70
10 88 74 81 6 0 16 0.00 M M 5.5 10 90 M M 6 15 70
11 93 73 83 8 0 18 0.00 0.0 M 5.3 12 80 M M 2 1 19 40
12 89 73 81 6 0 16 0.24 0.0 M 6.1 16 60 M M 6 13 23 180
13 87 72 80 6 0 15 T 0.0 M 6.5 14 80 M M 5 1 18 110
14 90 72 81 7 0 16 0.00 0.0 M 5.5 16 50 M M 8 21 50
15 78 68 73 -1 0 8 0.10 0.0 M 9.7 16 60 M M 8 1 25 60
16 72 63 68 -5 0 3 1.08 0.0 M 10.6 17 60 M M 7 1 26 40
17 71 67 69 -4 0 4 3.60 M M 11.9 24 50 M M 10 1 35 60
18 83 69 76 3 0 11 0.00 M M 4.8 14 40 M M 7 19 40
19 72 59 66 -6 0 1 0.00 M M 9.3 18 70 M M 4 25 70
20 73 53 63 -9 2 0 0.00 M M 10.7 20 80 M M 0 28 50
21 73 53 63 -9 2 0 0.00 M M 10.0 21 80 M M 0 34 70
22 73 49 61 -10 4 0 0.00 M M 3.1 12 70 M M 0 18 60
23 78 57 68 -3 0 3 T 0.0 M 1.2 8 260 M M 4 12 220
24 73 60 67 -3 0 2 0.50 M M 6.8 17 80 M M 7 1 25 80
25 74 65 70 0 0 5 0.06 M M 5.4 12 80 M M 10 1 15 90
26 81 65 73 3 0 8 0.00 0.0 M 2.7 8 70 M M 8 1 11 70
27 78 65 72 3 0 7 0.00 M M 3.3 9 150 M M 9 12 16 150
28 85 70 78 9 0 13 0.11 M M 3.0 8 170 M M 7 1 15 180
29 74 54 64 -5 1 0 0.34 M M 5.0 17 280 M M 7 13 31 270
30 74 50 62 -6 3 0 0.00 M M 3.4 13 270 M M 0 1 20 300
================================================================================
SM 2472 1953 12 281 6.08 0.0 173.4 M 128
================================================================================
AV 82.4 65.1 5.8 FASTST M M 4 MAX(MPH)
MISC ----> 24 50 35 60
================================================================================
NOTES:
# LAST OF SEVERAL OCCURRENCES
COLUMN 17 PEAK WIND IN M.P.H.
PRELIMINARY LOCAL CLIMATOLOGICAL DATA (WS FORM: F-6) , PAGE 2
STATION: ATHENS
MONTH: SEPTEMBER
YEAR: 2020
LATITUDE: 33 57 N
LONGITUDE: 83 19 W
[TEMPERATURE DATA] [PRECIPITATION DATA] SYMBOLS USED IN COLUMN 16
AVERAGE MONTHLY: 73.8 TOTAL FOR MONTH: 6.08 1 = FOG OR MIST
DPTR FM NORMAL: 0.4 DPTR FM NORMAL: 2.14 2 = FOG REDUCING VISIBILITY
HIGHEST: 94 ON 1 GRTST 24HR 4.51 ON 16-17 TO 1/4 MILE OR LESS
LOWEST: 49 ON 22 3 = THUNDER
SNOW, ICE PELLETS, HAIL 4 = ICE PELLETS
TOTAL MONTH: 0.0 INCH 5 = HAIL
GRTST 24HR 0.0 6 = FREEZING RAIN OR DRIZZLE
GRTST DEPTH: M ON M 7 = DUSTSTORM OR SANDSTORM:
VSBY 1/2 MILE OR LESS
8 = SMOKE OR HAZE
[NO. OF DAYS WITH] [WEATHER - DAYS WITH] 9 = BLOWING SNOW
X = TORNADO
MAX 32 OR BELOW: 0 0.01 INCH OR MORE: 9
MAX 90 OR ABOVE: 6 0.10 INCH OR MORE: 7
MIN 32 OR BELOW: 0 0.50 INCH OR MORE: 3
MIN 0 OR BELOW: 0 1.00 INCH OR MORE: 2
[HDD (BASE 65) ]
TOTAL THIS MO. 12 CLEAR (SCALE 0-3) 13
DPTR FM NORMAL 2 PTCLDY (SCALE 4-7) 13
TOTAL FM JUL 1 12 CLOUDY (SCALE 8-10) 4
DPTR FM NORMAL 4
[CDD (BASE 65) ]
TOTAL THIS MO. 281
DPTR FM NORMAL 21 [PRESSURE DATA]
TOTAL FM JAN 1 2031 HIGHEST SLP 30.43 ON 21
DPTR FM NORMAL 216 LOWEST SLP 29.71 ON 17
[REMARKS]
#FINAL-09-20#