000
CXUS53 KGRB 091546
CF6AIG
PRELIMINARY LOCAL CLIMATOLOGICAL DATA (WS FORM: F-6)
STATION: ANTIGO AWOS
MONTH: FEBRUARY
YEAR: 2024
LATITUDE: 45 9 N
LONGITUDE: 89 8 W
TEMPERATURE IN F: :PCPN: SNOW: WIND :SUNSHINE: SKY :PK WND
================================================================================
1 2 3 4 5 6A 6B 7 8 9 10 11 12 13 14 15 16 17 18
12Z AVG MX 2MIN
DY MAX MIN AVG DEP HDD CDD WTR SNW DPTH SPD SPD DIR MIN PSBL S-S WX SPD DR
================================================================================
1 42 26 34 22 31 0 M M M 7.1 14 30 M M 3 1 18 10
2 38 22 30 18 35 0 M M M 4.8 9 120 M M 3 M M
3 34 22 28 16 37 0 M M M 2.1 6 170 M M 6 12 M M
4 49 20 35 23 30 0 M M M 1.5 6 30 M M 0 1 M M
5 50 26 38 25 27 0 M M M 2.1 6 120 M M 1 M M
6 47 26 37 24 28 0 M M M 4.2 9 150 M M 1 1 M M
7 40 30 35 22 30 0 M M M 5.9 12 140 M M 1 1 M M
8 47 32 40 27 25 0 M M M 12.9 18 160 M M 4 1 25 160
9 44 28 36 22 29 0 M M M 15.4 20 250 M M 10 30 250
10 28 21 25 11 40 0 M M M 14.2 20 300 M M 10 26 300
11 34 20 27 13 38 0 M M M 8.3 16 240 M M 7 22 240
12 39 24 32 18 33 0 M M M 10.1 16 320 M M 8 22 320
13 28 19 24 9 41 0 M M M 7.0 13 340 M M 8 20 360
14 38 20 29 14 36 0 0.10 M M 5.8 9 190 M M 10 17 210
15 32 15 24 9 41 0 0.16 M M 10.3 20 310 M M 8 25 310
16 17 -2 8 -8 57 0 M M M 7.1 16 280 M M 3 21 290
17 24 -6 9 -7 56 0 M M M 12.6 22 270 M M 1 32 270
18 30 6 18 2 47 0 M M M 7.8 13 280 M M 2 25 310
19 36 3 20 4 45 0 M M M 1.1 8 130 M M 0 M M
20 46 21 34 17 31 0 M M M 7.2 14 160 M M 2 1 20 160
21 49 25 37 20 28 0 M M M 1.7 8 250 M M 0 1 M M
22 51 23 37 19 28 0 M M M 4.4 10 250 M M 1 18 250
23 37 13 25 7 40 0 M M M 9.8 14 10 M M 4 18 10
24 31 6 19 1 46 0 M M M 9.0 16 200 M M 0 23 200
25 48 26 37 19 28 0 M M M 8.2 16 270 M M 1 24 270
26 48 24 36 17 29 0 M M M 9.6 21 150 M M 1 28 160
27 64 28 46 27 19 0 M M M 8.7 26 350 M M 2 1 35 350
28 28 7 18 -2 47 0 M M M 17.4 24 330 M M 3 35 320
29 29 4 17 -3 48 0 M M M 7.9 14 170 M M 2 20 160
================================================================================
SM 1128 529 1050 0 0.26 M 224.3 M 102
================================================================================
AV 38.9 18.2 7.7 FASTST M M 4 MAX(MPH)
MISC ----> 26 350 # 35 350
================================================================================
NOTES:
# LAST OF SEVERAL OCCURRENCES
COLUMN 17 PEAK WIND IN M.P.H.
PRELIMINARY LOCAL CLIMATOLOGICAL DATA (WS FORM: F-6) , PAGE 2
STATION: ANTIGO AWOS
MONTH: FEBRUARY
YEAR: 2024
LATITUDE: 45 9 N
LONGITUDE: 89 8 W
[TEMPERATURE DATA] [PRECIPITATION DATA] SYMBOLS USED IN COLUMN 16
AVERAGE MONTHLY: 28.6 TOTAL FOR MONTH: 0.26 1 = FOG OR MIST
DPTR FM NORMAL: 13.2 DPTR FM NORMAL: -0.43 2 = FOG REDUCING VISIBILITY
HIGHEST: 64 ON 27 GRTST 24HR 0.16 ON 15-15 TO 1/4 MILE OR LESS
LOWEST: -6 ON 17 3 = THUNDER
SNOW, ICE PELLETS, HAIL 4 = ICE PELLETS
TOTAL MONTH: M 5 = HAIL
GRTST 24HR M ON M 6 = FREEZING RAIN OR DRIZZLE
GRTST DEPTH: M ON M 7 = DUSTSTORM OR SANDSTORM:
VSBY 1/2 MILE OR LESS
8 = SMOKE OR HAZE
[NO. OF DAYS WITH] [WEATHER - DAYS WITH] 9 = BLOWING SNOW
X = TORNADO
MAX 32 OR BELOW: 9 0.01 INCH OR MORE: 2
MAX 90 OR ABOVE: 0 0.10 INCH OR MORE: 2
MIN 32 OR BELOW: 29 0.50 INCH OR MORE: 0
MIN 0 OR BELOW: 2 1.00 INCH OR MORE: 0
[HDD (BASE 65) ]
TOTAL THIS MO. 1050 CLEAR (SCALE 0-3) 18
DPTR FM NORMAL -340 PTCLDY (SCALE 4-7) 7
TOTAL FM JUL 1 5382 CLOUDY (SCALE 8-10) 4
DPTR FM NORMAL -1379
[CDD (BASE 65) ]
TOTAL THIS MO. 0
DPTR FM NORMAL 0 [PRESSURE DATA]
TOTAL FM JAN 1 0 HIGHEST SLP M ON M
DPTR FM NORMAL 0 LOWEST SLP M ON M
[REMARKS]
#FINAL-02-24#