000
CXUS53 KGRB 201335
CF6AIG
PRELIMINARY LOCAL CLIMATOLOGICAL DATA (WS FORM: F-6)
STATION: ANTIGO AWOS
MONTH: MAY
YEAR: 2020
LATITUDE: 45 9 N
LONGITUDE: 89 8 W
TEMPERATURE IN F: :PCPN: SNOW: WIND :SUNSHINE: SKY :PK WND
================================================================================
1 2 3 4 5 6A 6B 7 8 9 10 11 12 13 14 15 16 17 18
12Z AVG MX 2MIN
DY MAX MIN AVG DEP HDD CDD WTR SNW DPTH SPD SPD DIR MIN PSBL S-S WX SPD DR
================================================================================
1 63 30 47 -1 18 0 0.01 M 0 5.8 13 140 M M 4 17 220
2 70 41 56 8 9 0 0.00 0.0 0 12.8 21 290 M M 1 32 290
3 60 39 50 1 15 0 0.00 0.0 0 13.6 21 300 M M 1 37 330
4 55 31 43 -6 22 0 0.00 0.0 0 7.7 13 120 M M 3 M M
5 53 30 42 -8 23 0 0.00 0.0 0 5.7 12 90 M M 2 M M
6 63 30 47 -3 18 0 0.00 0.0 0 5.1 16 350 M M 4 20 350
7 52 34 43 -7 22 0 0.00 0.0 0 10.8 17 40 M M 1 23 340
8 37 24 31 -19 34 0 0.00 0.0 0 12.9 21 360 M M 6 27 360
9 52 29 41 -10 24 0 0.05 M 0 9.4 17 300 M M 6 24 320
10 37 32 35 -16 30 0 0.06 M 0 10.3 16 360 M M 10 21 350
11 49 28 39 -12 26 0 0.00 0.0 0 7.6 15 350 M M 5 21 330
12 53 23 38 -14 27 0 0.00 0.0 0 3.6 10 120 M M 0 18 330
13 57 30 44 -8 21 0 0.00 0.0 0 12.6 21 210 M M 4 33 210
14 60 41 51 -1 14 0 0.02 M 0 7.3 16 150 M M 8 1 25 150
15 65 43 54 1 11 0 0.00 0.0 0 8.4 16 340 M M 2 1 21 340
16 65 38 52 -1 13 0 0.00 0.0 0 7.6 12 100 M M 2 17 160
17 51 46 49 -4 16 0 0.33 M 0 17.5 29 80 M M 9 45 80
18 53 47 50 -4 15 0 0.03 M 0 23.2 29 60 M M 10 40 80
19 67 45 56 2 9 0 0.00 0.0 0 13.9 25 90 M M 7 33 90
20 73 46 60 6 5 0 0.00 0.0 0 7.8 15 140 M M 1 21 80
21 72 44 58 4 7 0 0.00 0.0 0 6.6 14 160 M M 2 18 160
22 68 56 62 7 3 0 0.00 0.0 0 5.4 9 160 M M 10 M M
23 71 53 62 7 3 0 0.04 0.0 0 7.5 15 120 M M 8 1 17 130
24 75 58 67 12 0 2 0.07 0.0 0 4.6 9 180 M M 5 M M
25 80 59 70 14 0 5 0.03 0.0 0 5.7 16 150 M M 2 1 18 160
26 80 57 69 13 0 4 0.72 0.0 0 7.2 15 160 M M 4 20 270
27 80 63 72 16 0 7 0.00 0.0 0 7.5 16 180 M M 3 20 180
28 67 52 60 4 5 0 0.79 0.0 0 3.7 12 340 M M 6 20 340
29 59 48 54 -3 11 0 0.00 0.0 0 10.0 18 330 M M 6 24 330
30 60 40 50 -7 15 0 0.00 0.0 0 8.2 14 330 M M 5 21 330
31 66 36 51 -6 14 0 0.00 0.0 0 4.6 10 280 M M 0 M M
================================================================================
SM 1913 1273 430 18 2.15 0.0 274.6 M 137
================================================================================
AV 61.7 41.1 8.9 FASTST M M 4 MAX(MPH)
MISC ----> # 29 80 # 45 80
================================================================================
NOTES:
# LAST OF SEVERAL OCCURRENCES
COLUMN 17 PEAK WIND IN M.P.H.
PRELIMINARY LOCAL CLIMATOLOGICAL DATA (WS FORM: F-6) , PAGE 2
STATION: ANTIGO AWOS
MONTH: MAY
YEAR: 2020
LATITUDE: 45 9 N
LONGITUDE: 89 8 W
[TEMPERATURE DATA] [PRECIPITATION DATA] SYMBOLS USED IN COLUMN 16
AVERAGE MONTHLY: 51.4 TOTAL FOR MONTH: 2.15 1 = FOG OR MIST
DPTR FM NORMAL: -1.5 DPTR FM NORMAL: -1.06 2 = FOG REDUCING VISIBILITY
HIGHEST: 80 ON 27,26 GRTST 24HR 0.79 ON 28-28 TO 1/4 MILE OR LESS
LOWEST: 23 ON 12 3 = THUNDER
SNOW, ICE PELLETS, HAIL 4 = ICE PELLETS
TOTAL MONTH: 0.0 INCH 5 = HAIL
GRTST 24HR 0.0 6 = FREEZING RAIN OR DRIZZLE
GRTST DEPTH: 0 7 = DUSTSTORM OR SANDSTORM:
VSBY 1/2 MILE OR LESS
8 = SMOKE OR HAZE
[NO. OF DAYS WITH] [WEATHER - DAYS WITH] 9 = BLOWING SNOW
X = TORNADO
MAX 32 OR BELOW: 0 0.01 INCH OR MORE: 11
MAX 90 OR ABOVE: 0 0.10 INCH OR MORE: 3
MIN 32 OR BELOW: 10 0.50 INCH OR MORE: 2
MIN 0 OR BELOW: 0 1.00 INCH OR MORE: 0
[HDD (BASE 65) ]
TOTAL THIS MO. 430 CLEAR (SCALE 0-3) 12
DPTR FM NORMAL 45 PTCLDY (SCALE 4-7) 14
TOTAL FM JUL 1 8697 CLOUDY (SCALE 8-10) 5
DPTR FM NORMAL -263
[CDD (BASE 65) ]
TOTAL THIS MO. 18
DPTR FM NORMAL 10 [PRESSURE DATA]
TOTAL FM JAN 1 18 HIGHEST SLP M ON M
DPTR FM NORMAL 9 LOWEST SLP M ON M
[REMARKS]
#FINAL-05-20#