000
CXUS56 KSGX 011045
CF6AJO
PRELIMINARY LOCAL CLIMATOLOGICAL DATA (WS FORM: F-6)
STATION: CORONA AIRPORT CA
MONTH: MAY
YEAR: 2022
LATITUDE: 33 53 N
LONGITUDE: 117-36 E
TEMPERATURE IN F: :PCPN: SNOW: WIND :SUNSHINE: SKY :PK WND
================================================================================
1 2 3 4 5 6A 6B 7 8 9 10 11 12 13 14 15 16 17 18
12Z AVG MX 2MIN
DY MAX MIN AVG DEP HDD CDD WTR SNW DPTH SPD SPD DIR MIN PSBL S-S WX SPD DR
================================================================================
1 76 47 62 M 3 0 0.00 M M 5.8 17 280 M M 0 22 280
2 77 54 66 M 0 1 0.00 M M 6.6 18 290 M M 4 25 270
3 73 54 64 M 1 0 T M M 6.5 16 280 M M 5 22 250
4 86 47 67 M 0 2 0.00 M M 5.0 15 280 M M 0 23 270
5 86 55 71 M 0 6 0.00 M M 6.4 16 270 M M 1 18 21 270
6 83 49 66 M 0 1 0.00 M M 7.4 18 280 M M 0 24 280
7 79 56 68 M 0 3 0.00 M M 8.7 18 290 M M 0 1 25 280
8 73 56 65 M 0 0 0.00 M M 7.5 16 280 M M 5 21 260
9 71 49 60 M 5 0 0.00 M M 6.5 16 270 M M 4 23 270
10 73 41 57 M 8 0 0.00 M M 6.3 16 270 M M 0 8 24 270
11 71 39 55 M 10 0 0.00 M M 4.7 16 260 M M 0 23 260
12 86 41 64 M 1 0 0.00 M M 5.7 13 270 M M 0 18 240
13 95 45 70 M 0 5 0.00 M M 3.8 14 270 M M 0 22 270
14 96 48 72 M 0 7 0.00 M M 4.6 16 280 M M 0 21 280
15 88 49 69 M 0 4 0.00 M M 6.5 16 290 M M 0 24 290
16 78 52 65 M 0 0 0.00 M M 6.1 15 280 M M 0 1 21 280
17 77 54 66 M 0 1 0.00 M M 6.9 20 290 M M 3 1 25 290
18 80 55 68 M 0 3 0.00 M M 6.2 17 280 M M 3 8 22 280
19 74 56 65 M 0 0 0.00 M M 7.0 16 280 M M 5 1 23 280
20 71 57 64 M 1 0 0.01 M M 4.6 15 290 M M 10 1 18 290
21 73 58 66 M 0 1 0.00 M M 8.2 17 260 M M 5 24 260
22 78 56 67 M 0 2 0.00 M M 6.8 15 290 M M 3 23 270
23 75 51 63 M 2 0 0.00 M M 6.6 15 270 M M 2 23 280
24 82 55 69 M 0 4 0.00 M M 7.2 17 290 M M 2 18 23 290
25 82 51 67 M 0 2 0.00 M M 4.4 16 290 M M 0 23 290
26 82 54 68 M 0 3 0.00 M M 8.2 20 270 M M 0 18 28 270
27 80 53 67 M 0 2 0.00 M M 6.9 16 280 M M 3 22 280
28 71 54 63 M 2 0 0.00 M M 5.3 12 260 M M 9 1 M M
29 77 58 68 M 0 3 0.00 M M 7.0 16 280 M M 5 23 280
30 79 49 64 M 1 0 0.00 M M 5.2 15 280 M M 1 22 260
31 81 50 66 M 0 1 0.00 M M 3.0 15 270 M M 0 22 280
================================================================================
SM 2453 1593 34 51 0.01 M 191.1 M 70
================================================================================
AV 79.1 51.4 6.2 FASTST M M 2 MAX(MPH)
MISC ----> # 20 290 28 270
================================================================================
NOTES:
# LAST OF SEVERAL OCCURRENCES
COLUMN 17 PEAK WIND IN M.P.H.
PRELIMINARY LOCAL CLIMATOLOGICAL DATA (WS FORM: F-6) , PAGE 2
STATION: CORONA AIRPORT CA
MONTH: MAY
YEAR: 2022
LATITUDE: 33 53 N
LONGITUDE: 117-36 E
[TEMPERATURE DATA] [PRECIPITATION DATA] SYMBOLS USED IN COLUMN 16
AVERAGE MONTHLY: 65.3 TOTAL FOR MONTH: 0.01 1 = FOG OR MIST
DPTR FM NORMAL: 0.0 DPTR FM NORMAL: M 2 = FOG REDUCING VISIBILITY
HIGHEST: 96 ON 14 GRTST 24HR 0.01 ON 20-20 TO 1/4 MILE OR LESS
LOWEST: 39 ON 11 3 = THUNDER
SNOW, ICE PELLETS, HAIL 4 = ICE PELLETS
TOTAL MONTH: M 5 = HAIL
GRTST 24HR M ON M 6 = FREEZING RAIN OR DRIZZLE
GRTST DEPTH: M ON M 7 = DUSTSTORM OR SANDSTORM:
VSBY 1/2 MILE OR LESS
8 = SMOKE OR HAZE
[NO. OF DAYS WITH] [WEATHER - DAYS WITH] 9 = BLOWING SNOW
X = TORNADO
MAX 32 OR BELOW: 0 0.01 INCH OR MORE: 1
MAX 90 OR ABOVE: 2 0.10 INCH OR MORE: 0
MIN 32 OR BELOW: 0 0.50 INCH OR MORE: 0
MIN 0 OR BELOW: 0 1.00 INCH OR MORE: 0
[HDD (BASE 65) ]
TOTAL THIS MO. 34 CLEAR (SCALE 0-3) 19
DPTR FM NORMAL M PTCLDY (SCALE 4-7) 10
TOTAL FM JUL 1 1410 CLOUDY (SCALE 8-10) 2
DPTR FM NORMAL M
[CDD (BASE 65) ]
TOTAL THIS MO. 51
DPTR FM NORMAL M [PRESSURE DATA]
TOTAL FM JAN 1 148 HIGHEST SLP M ON M
DPTR FM NORMAL M LOWEST SLP M ON M
[REMARKS]
#FINAL-05-22#