000
CXUS54 KCRP 011300
CF6ALI
PRELIMINARY LOCAL CLIMATOLOGICAL DATA (WS FORM: F-6)
STATION: ALICE
MONTH: APRIL
YEAR: 2020
LATITUDE: 27 44 N
LONGITUDE: 98 1 W
TEMPERATURE IN F: :PCPN: SNOW: WIND :SUNSHINE: SKY :PK WND
================================================================================
1 2 3 4 5 6A 6B 7 8 9 10 11 12 13 14 15 16 17 18
12Z AVG MX 2MIN
DY MAX MIN AVG DEP HDD CDD WTR SNW DPTH SPD SPD DIR MIN PSBL S-S WX SPD DR
================================================================================
1 84 55 70 1 0 5 0.00 0.0 0 10.7 22 130 M M 2 29 130
2 79 60 70 1 0 5 0.03 0.0 0 11.3 22 140 M M 9 18 27 140
3 90 73 82 12 0 17 0.04 0.0 0 13.4 22 120 M M 8 13 31 150
4 74 56 65 -5 0 0 0.80 0.0 0 12.5 21 10 M M 10 13 27 30
5 72 56 64 -6 1 0 0.00 0.0 0 8.8 15 20 M M 8 1 20 360
6 82 65 74 4 0 9 0.02 0.0 0 6.5 12 60 M M 9 18 13 60
7 88 72 80 10 0 15 T 0.0 0 5.1 14 130 M M 7 128 17 140
8 95 69 82 11 0 17 T 0.0 0 5.2 18 130 M M 4 128 23 130
9 92 69 81 10 0 16 T 0.0 0 6.8 31 10 M M 2 128 43 10
10 76 68 72 1 0 7 0.04 0.0 0 9.2 18 110 M M 9 18 24 110
11 86 70 78 6 0 13 0.00 0.0 0 11.3 22 130 M M 10 27 130
12 96 60 78 6 0 13 0.00 0.0 0 16.0 33 300 M M 4 18 41 310
13 79 55 67 -5 0 2 0.00 0.0 0 9.5 26 20 M M 0 33 20
14 75 57 66 -6 0 1 0.00 0.0 0 13.7 22 30 M M 9 27 30
15 75 51 63 -9 2 0 0.00 0.0 0 9.6 24 30 M M 1 28 30
16 80 51 66 -7 0 1 0.00 0.0 0 8.7 22 140 M M 6 27 140
17 80 71 76 3 0 11 0.06 0.0 0 7.6 14 150 M M 10 18 17 140
18 74 58 66 -7 0 1 0.09 0.0 0 9.4 21 20 M M 10 12 23 20
19 95 68 82 8 0 17 0.02 0.0 0 7.5 18 330 M M 6 18 23 290
20 99 59 79 5 0 14 0.00 0.0 0 8.1 25 140 M M 1 1 30 140
21 90 69 80 6 0 15 T 0.0 0 12.1 24 130 M M 9 128 29 130
22 98 76 87 13 0 22 0.00 0.0 0 9.6 20 190 M M 6 18 28 180
23 99 65 82 8 0 17 T 0.0 0 7.5 20 10 M M 3 128 26 60
24 104 63 84 9 0 19 T 0.0 0 8.6 21 130 M M 2 128 24 130
25 94 70 82 7 0 17 0.00 0.0 0 12.0 23 30 M M 1 18 30 70
26 90 64 77 2 0 12 0.00 0.0 0 10.1 20 90 M M 3 26 90
27 91 60 76 0 0 11 0.00 0.0 0 12.7 28 120 M M 4 34 130
28 100 77 89 13 0 24 0.00 0.0 0 13.0 26 130 M M 7 8 34 120
29 90 64 77 1 0 12 T 0.0 0 9.2 32 60 M M 2 18 45 60
30 92 57 75 -1 0 10 0.00 0.0 0 6.6 21 150 M M 0 25 140
================================================================================
SM 2619 1908 3 323 1.10 0.0 292.3 M 162
================================================================================
AV 87.3 63.6 9.7 FASTST M M 5 MAX(MPH)
MISC ----> # 33 300 # 45 60
================================================================================
NOTES:
# LAST OF SEVERAL OCCURRENCES
COLUMN 17 PEAK WIND IN M.P.H.
PRELIMINARY LOCAL CLIMATOLOGICAL DATA (WS FORM: F-6) , PAGE 2
STATION: ALICE
MONTH: APRIL
YEAR: 2020
LATITUDE: 27 44 N
LONGITUDE: 98 1 W
[TEMPERATURE DATA] [PRECIPITATION DATA] SYMBOLS USED IN COLUMN 16
AVERAGE MONTHLY: 75.5 TOTAL FOR MONTH: 1.10 1 = FOG OR MIST
DPTR FM NORMAL: 2.8 DPTR FM NORMAL: -0.53 2 = FOG REDUCING VISIBILITY
HIGHEST: 104 ON 24 GRTST 24HR 0.80 ON 4- 4 TO 1/4 MILE OR LESS
LOWEST: 51 ON 16,15 3 = THUNDER
SNOW, ICE PELLETS, HAIL 4 = ICE PELLETS
TOTAL MONTH: 0.0 INCH 5 = HAIL
GRTST 24HR 0.0 6 = FREEZING RAIN OR DRIZZLE
GRTST DEPTH: 0 7 = DUSTSTORM OR SANDSTORM:
VSBY 1/2 MILE OR LESS
8 = SMOKE OR HAZE
[NO. OF DAYS WITH] [WEATHER - DAYS WITH] 9 = BLOWING SNOW
X = TORNADO
MAX 32 OR BELOW: 0 0.01 INCH OR MORE: 8
MAX 90 OR ABOVE: 16 0.10 INCH OR MORE: 1
MIN 32 OR BELOW: 0 0.50 INCH OR MORE: 1
MIN 0 OR BELOW: 0 1.00 INCH OR MORE: 0
[HDD (BASE 65) ]
TOTAL THIS MO. 3 CLEAR (SCALE 0-3) 11
DPTR FM NORMAL -15 PTCLDY (SCALE 4-7) 10
TOTAL FM JUL 1 645 CLOUDY (SCALE 8-10) 9
DPTR FM NORMAL -256
[CDD (BASE 65) ]
TOTAL THIS MO. 323
DPTR FM NORMAL 75 [PRESSURE DATA]
TOTAL FM JAN 1 812 HIGHEST SLP 30.20 ON 15
DPTR FM NORMAL 352 LOWEST SLP 29.47 ON 12
[REMARKS]
#FINAL-04-20#