000
CXUS54 KBMX 011010
CF6ANB
PRELIMINARY LOCAL CLIMATOLOGICAL DATA (WS FORM: F-6)
STATION: ANNISTON
MONTH: MAY
YEAR: 2022
LATITUDE: 33 35 N
LONGITUDE: 85 51 W
TEMPERATURE IN F: :PCPN: SNOW: WIND :SUNSHINE: SKY :PK WND
================================================================================
1 2 3 4 5 6A 6B 7 8 9 10 11 12 13 14 15 16 17 18
12Z AVG MX 2MIN
DY MAX MIN AVG DEP HDD CDD WTR SNW DPTH SPD SPD DIR MIN PSBL S-S WX SPD DR
================================================================================
1 82 62 72 6 0 7 T 0.0 0 4.4 20 230 M M 4 13 24 230
2 84 61 73 6 0 8 0.03 0.0 0 3.0 15 230 M M 2 1 20 240
3 84 62 73 6 0 8 0.04 0.0 M 5.0 17 240 M M 3 13 21 240
4 86 63 75 8 0 10 0.15 0.0 0 2.8 17 10 M M 4 123 22 10
5 87 65 76 8 0 11 0.00 0.0 0 4.5 15 230 M M 3 12 21 240
6 80 62 71 3 0 6 0.08 0.0 0 11.1 30 250 M M 6 1 40 240
7 68 58 63 -5 2 0 0.00 0.0 0 8.1 18 280 M M 7 26 280
8 75 52 64 -4 1 0 0.00 0.0 0 4.1 9 70 M M 4 13 50
9 78 56 67 -2 0 2 0.00 0.0 0 6.0 15 80 M M 0 24 90
10 82 57 70 1 0 5 0.00 0.0 0 4.6 12 70 M M 0 15 100
11 86 57 72 3 0 7 0.00 0.0 0 2.9 10 10 M M 0 15 50
12 87 63 75 5 0 10 0.01 0.0 0 4.7 15 70 M M 2 21 70
13 81 63 72 2 0 7 0.00 0.0 0 5.5 13 90 M M 5 17 70
14 85 61 73 3 0 8 0.00 0.0 0 2.9 14 210 M M 0 18 210
15 88 63 76 6 0 11 0.47 0.0 0 4.2 26 10 M M 3 13 38 10
16 86 61 74 4 0 9 0.00 0.0 0 5.7 9 350 M M 1 M M
17 84 54 69 -2 0 4 0.00 0.0 0 3.7 14 30 M M 0 20 20
18 88 55 72 1 0 7 0.00 0.0 M 4.0 13 230 M M 0 19 240
19 90 65 78 7 0 13 0.00 0.0 0 6.0 16 240 M M 0 18 22 230
20 88 65 77 5 0 12 0.00 0.0 0 5.7 20 150 M M 3 1 25 170
21 90 69 80 8 0 15 0.00 0.0 0 5.1 14 230 M M 3 18 210
22 88 68 78 6 0 13 T 0.0 0 4.6 12 220 M M 4 3 16 150
23 78 66 72 0 0 7 1.77 0.0 0 6.1 21 350 M M 7 1 29 340
24 85 67 76 3 0 11 0.14 0.0 0 3.9 15 200 M M 5 13 21 210
25 74 67 71 -2 0 6 1.61 0.0 0 5.7 20 220 M M 6 123 27 210
26 75 61 68 -5 0 3 0.61 0.0 M 4.7 16 170 M M 9 1 22 200
27 80 59 70 -3 0 5 0.00 0.0 0 5.7 16 250 M M 6 12 22 250
28 81 56 69 -5 0 4 0.00 0.0 0 2.4 10 210 M M 2 1 14 230
29 86 61 74 0 0 9 0.00 0.0 0 3.9 10 120 M M 2 16 180
30 89 64 77 3 0 12 0.00 0.0 0 3.8 12 70 M M 1 17 80
31 90 69 80 6 0 15 0.00 0.0 0 3.8 12 100 M M 1 15 110
================================================================================
SM 2585 1912 3 245 4.91 0.0 148.6 M 93
================================================================================
AV 83.4 61.7 4.8 FASTST M M 3 MAX(MPH)
MISC ----> 30 250 40 240
================================================================================
NOTES:
# LAST OF SEVERAL OCCURRENCES
COLUMN 17 PEAK WIND IN M.P.H.
PRELIMINARY LOCAL CLIMATOLOGICAL DATA (WS FORM: F-6) , PAGE 2
STATION: ANNISTON
MONTH: MAY
YEAR: 2022
LATITUDE: 33 35 N
LONGITUDE: 85 51 W
[TEMPERATURE DATA] [PRECIPITATION DATA] SYMBOLS USED IN COLUMN 16
AVERAGE MONTHLY: 72.5 TOTAL FOR MONTH: 4.91 1 = FOG OR MIST
DPTR FM NORMAL: 2.0 DPTR FM NORMAL: 0.56 2 = FOG REDUCING VISIBILITY
HIGHEST: 90 ON 31,21 GRTST 24HR 1.88 ON 25-26 TO 1/4 MILE OR LESS
LOWEST: 52 ON 8 3 = THUNDER
SNOW, ICE PELLETS, HAIL 4 = ICE PELLETS
TOTAL MONTH: 0.0 INCH 5 = HAIL
GRTST 24HR 0.0 6 = FREEZING RAIN OR DRIZZLE
GRTST DEPTH: 0 7 = DUSTSTORM OR SANDSTORM:
VSBY 1/2 MILE OR LESS
8 = SMOKE OR HAZE
[NO. OF DAYS WITH] [WEATHER - DAYS WITH] 9 = BLOWING SNOW
X = TORNADO
MAX 32 OR BELOW: 0 0.01 INCH OR MORE: 10
MAX 90 OR ABOVE: 3 0.10 INCH OR MORE: 6
MIN 32 OR BELOW: 0 0.50 INCH OR MORE: 3
MIN 0 OR BELOW: 0 1.00 INCH OR MORE: 2
[HDD (BASE 65) ]
TOTAL THIS MO. 3 CLEAR (SCALE 0-3) 18
DPTR FM NORMAL -21 PTCLDY (SCALE 4-7) 12
TOTAL FM JUL 1 2320 CLOUDY (SCALE 8-10) 1
DPTR FM NORMAL -314
[CDD (BASE 65) ]
TOTAL THIS MO. 245
DPTR FM NORMAL 50 [PRESSURE DATA]
TOTAL FM JAN 1 328 HIGHEST SLP 30.28 ON 10
DPTR FM NORMAL 59 LOWEST SLP 29.67 ON 6
[REMARKS]
#FINAL-05-22#