000
CXAK56 PAFC 011019
CF6ANC
PRELIMINARY LOCAL CLIMATOLOGICAL DATA (WS FORM: F-6)
STATION: ANCHORAGE AK
MONTH: MARCH
YEAR: 2022
LATITUDE: 61 10 N
LONGITUDE: 150 2 W
TEMPERATURE IN F: :PCPN: SNOW: WIND :SUNSHINE: SKY :PK WND
================================================================================
1 2 3 4 5 6A 6B 7 8 9 10 11 12 13 14 15 16 17 18
12Z AVG MX 2MIN
DY MAX MIN AVG DEP HDD CDD WTR SNW DPTH SPD SPD DIR MIN PSBL S-S WX SPD DR
================================================================================
1 39 26 33 10 32 0 0.00 0.0 19 1.9 9 40 M M 7 12 10 40
2 37 24 31 8 34 0 0.00 0.0 19 5.1 13 290 M M 6 16 40
3 37 27 32 9 33 0 T T 19 M M M M M M M M
4 44 32 38 15 27 0 0.00 0.0 19 15.6 31 120 M M 9 44 140
5 36 31 34 10 31 0 0.56 12.2 19 6.2 15 220 M M 9 12 22 220
6 37 19 28 4 37 0 T T 30 4.4 16 210 M M 3 1 21 220
7 35 17 26 2 39 0 0.00 0.0 28 4.4 10 30 M M 5 13 40
8 34 25 30 6 35 0 0.00 0.0 27 5.6 12 350 M M 9 21 140
9 34 29 32 8 33 0 0.16 1.8 26 3.7 15 30 M M 10 18 19 30
10 36 31 34 10 31 0 0.09 1.6 27 4.9 12 320 M M 10 1 16 180
11 39 33 36 12 29 0 0.05 0.6 26 3.5 8 10 M M 10 18 11 10
12 39 29 34 10 31 0 0.00 0.0 25 3.0 9 360 M M 8 128 13 20
13 32 24 28 3 37 0 0.00 0.0 25 11.8 21 30 M M 5 28 20
14 34 15 25 0 40 0 0.00 0.0 25 4.3 16 360 M M 0 22 360
15 30 11 21 -4 44 0 0.00 0.0 24 5.2 12 360 M M 4 13 360
16 39 23 31 6 34 0 0.00 0.0 24 5.5 15 350 M M 9 19 10
17 35 24 30 4 35 0 0.01 0.2 24 5.3 15 250 M M 9 15 24 210
18 38 27 33 7 32 0 0.00 0.0 24 5.6 12 10 M M 9 16 120
19 47 29 38 12 27 0 0.00 0.0 24 3.4 12 50 M M 7 20 140
20 42 26 34 8 31 0 0.00 0.0 23 5.2 10 350 M M 5 15 360
21 40 22 31 4 34 0 0.00 0.0 23 5.8 20 20 M M 1 1 26 30
22 37 22 30 3 35 0 0.00 0.0 23 12.7 21 40 M M 6 30 350
23 41 23 32 5 33 0 T 0.2 22 8.2 25 80 M M 6 1 33 160
24 41 27 34 6 31 0 T 0.0 22 5.4 21 10 M M 8 28 20
25 45 35 40 12 25 0 T 0.0 22 8.8 16 160 M M 9 29 170
26 41 31 36 8 29 0 0.00 0.0 21 10.5 18 150 M M 6 33 160
27 39 28 34 5 31 0 0.02 0.3 21 4.2 14 360 M M 8 1 23 160
28 40 31 36 7 29 0 0.00 0.0 20 4.9 14 360 M M 10 17 350
29 44 31 38 8 27 0 0.00 0.0 20 5.9 15 140 M M 7 29 160
30 41 28 35 5 30 0 0.00 0.0 19 2.3 7 180 M M 3 12 180
31 42 30 36 6 29 0 0.00 0.0 18 5.3 15 140 M M 9 22 130
================================================================================
SM 1195 810 1005 0 0.89 16.9 178.6 M 207
================================================================================
AV 38.5 26.1 6.0 FASTST M M 7 MAX(MPH)
MISC ----> 31 120 44 140
================================================================================
NOTES:
# LAST OF SEVERAL OCCURRENCES
COLUMN 17 PEAK WIND IN M.P.H.
PRELIMINARY LOCAL CLIMATOLOGICAL DATA (WS FORM: F-6) , PAGE 2
STATION: ANCHORAGE AK
MONTH: MARCH
YEAR: 2022
LATITUDE: 61 10 N
LONGITUDE: 150 2 W
[TEMPERATURE DATA] [PRECIPITATION DATA] SYMBOLS USED IN COLUMN 16
AVERAGE MONTHLY: 32.3 TOTAL FOR MONTH: 0.89 1 = FOG OR MIST
DPTR FM NORMAL: 6.5 DPTR FM NORMAL: 0.20 2 = FOG REDUCING VISIBILITY
HIGHEST: 47 ON 19 GRTST 24HR 0.56 ON 5- 5 TO 1/4 MILE OR LESS
LOWEST: 11 ON 15 3 = THUNDER
SNOW, ICE PELLETS, HAIL 4 = ICE PELLETS
TOTAL MONTH: 16.9 INCHES 5 = HAIL
GRTST 24HR 12.2 ON 5- 5 6 = FREEZING RAIN OR DRIZZLE
GRTST DEPTH: 30 ON 6 7 = DUSTSTORM OR SANDSTORM:
VSBY 1/2 MILE OR LESS
8 = SMOKE OR HAZE
[NO. OF DAYS WITH] [WEATHER - DAYS WITH] 9 = BLOWING SNOW
X = TORNADO
MAX 32 OR BELOW: 2 0.01 INCH OR MORE: 6
MAX 90 OR ABOVE: 0 0.10 INCH OR MORE: 2
MIN 32 OR BELOW: 29 0.50 INCH OR MORE: 1
MIN 0 OR BELOW: 0 1.00 INCH OR MORE: 0
[HDD (BASE 65) ]
TOTAL THIS MO. 1005 CLEAR (SCALE 0-3) 3
DPTR FM NORMAL -210 PTCLDY (SCALE 4-7) 14
TOTAL FM JUL 1 8124 CLOUDY (SCALE 8-10) 14
DPTR FM NORMAL -235
[CDD (BASE 65) ]
TOTAL THIS MO. 0
DPTR FM NORMAL 0 [PRESSURE DATA]
TOTAL FM JAN 1 0 HIGHEST SLP M ON M
DPTR FM NORMAL 0 LOWEST SLP 29.20 ON 16
[REMARKS]
#FINAL-03-22#