000
CXUS53 KAPX 010731
CF6ANJ
PRELIMINARY LOCAL CLIMATOLOGICAL DATA (WS FORM: F-6)
STATION: SAULT STE MARIE MI
MONTH: MARCH
YEAR: 2022
LATITUDE: 46 28 N
LONGITUDE: 84 21 W
TEMPERATURE IN F: :PCPN: SNOW: WIND :SUNSHINE: SKY :PK WND
================================================================================
1 2 3 4 5 6A 6B 7 8 9 10 11 12 13 14 15 16 17 18
12Z AVG MX 2MIN
DY MAX MIN AVG DEP HDD CDD WTR SNW DPTH SPD SPD DIR MIN PSBL S-S WX SPD DR
================================================================================
1 29 19 24 2 41 0 0.04 0.4 33 6.9 20 310 M M 10 8 31 310
2 28 14 21 -1 44 0 0.09 0.5 32 7.7 20 320 M M 9 8 31 310
3 21 -5 8 -14 57 0 T T 32 4.6 14 310 M M 2 19 300
4 29 -1 14 -8 51 0 0.00 0.0 31 3.5 13 310 M M 1 20 310
5 33 22 28 5 37 0 0.39 0.0 31 10.3 20 120 M M 10 16 34 110
6 35 30 33 10 32 0 0.29 T 30 12.2 26 290 M M 10 1268 43 290
7 30 23 27 3 38 0 T T 30 8.9 20 310 M M 8 30 320
8 35 19 27 3 38 0 0.00 0.0 29 10.0 23 210 M M 4 31 210
9 31 21 26 2 39 0 0.05 0.5 29 9.0 21 300 M M 9 18 32 270
10 24 10 17 -7 48 0 T T 29 6.3 16 280 M M 6 25 260
11 28 1 15 -10 50 0 0.11 1.7 29 8.9 23 210 M M 5 35 210
12 17 6 12 -13 53 0 0.14 2.3 32 12.3 24 330 M M 6 8 37 320
13 27 1 14 -12 51 0 0.04 0.1 32 6.6 18 270 M M 8 18 26 290
14 33 12 23 -3 42 0 0.00 0.0 32 3.9 9 260 M M 4 8 14 250
15 42 14 28 2 37 0 0.00 0.0 30 4.9 14 190 M M 1 18 21 210
16 46 27 37 10 28 0 0.00 0.0 28 5.9 15 130 M M 5 18 24 130
17 48 31 40 13 25 0 0.00 0.0 27 6.8 18 320 M M 5 128 29 300
18 46 30 38 11 27 0 T 0.0 24 3.2 9 60 M M 7 1 14 310
19 40 32 36 8 29 0 0.29 T 22 6.2 12 300 M M 9 1 17 290
20 48 31 40 12 25 0 0.00 0.0 20 7.8 14 290 M M 0 20 290
21 44 27 36 8 29 0 0.00 0.0 16 4.4 9 260 M M 0 13 30
22 38 26 32 3 33 0 0.00 0.0 16 9.5 22 130 M M 0 35 100
23 39 32 36 7 29 0 0.50 0.3 16 13.0 25 120 M M 8 1 42 140
24 41 32 37 7 28 0 0.04 T 15 5.5 13 310 M M 9 18 19 300
25 46 30 38 8 27 0 0.00 0.0 14 8.1 14 290 M M 4 22 300
26 35 15 25 -5 40 0 0.02 0.3 12 18.2 29 300 M M 10 43 310
27 17 8 13 -18 52 0 0.03 0.3 12 14.9 25 320 M M 7 8 40 320
28 21 8 15 -16 50 0 T T 13 10.9 22 320 M M 2 31 300
29 34 6 20 -12 45 0 0.00 0.0 13 5.3 13 110 M M 3 20 110
30 33 27 30 -2 35 0 0.43 0.7 13 11.8 24 120 M M 10 168 43 110
31 35 29 32 0 33 0 0.85 T 12 10.9 20 320 M M 10 18 30 320
================================================================================
SM 1053 577 1193 0 3.31 7.1 258.4 M 182
================================================================================
AV 34.0 18.6 8.3 FASTST M M 6 MAX(MPH)
MISC ----> 29 300 # 43 290
================================================================================
NOTES:
# LAST OF SEVERAL OCCURRENCES
COLUMN 17 PEAK WIND IN M.P.H.
PRELIMINARY LOCAL CLIMATOLOGICAL DATA (WS FORM: F-6) , PAGE 2
STATION: SAULT STE MARIE MI
MONTH: MARCH
YEAR: 2022
LATITUDE: 46 28 N
LONGITUDE: 84 21 W
[TEMPERATURE DATA] [PRECIPITATION DATA] SYMBOLS USED IN COLUMN 16
AVERAGE MONTHLY: 26.3 TOTAL FOR MONTH: 3.31 1 = FOG OR MIST
DPTR FM NORMAL: -0.4 DPTR FM NORMAL: 1.50 2 = FOG REDUCING VISIBILITY
HIGHEST: 48 ON 20,17 GRTST 24HR 1.21 ON 30-31 TO 1/4 MILE OR LESS
LOWEST: -5 ON 3 3 = THUNDER
SNOW, ICE PELLETS, HAIL 4 = ICE PELLETS
TOTAL MONTH: 8.8 INCHES 5 = HAIL
GRTST 24HR 2.3 ON 12-12 6 = FREEZING RAIN OR DRIZZLE
GRTST DEPTH: 33 ON 1 7 = DUSTSTORM OR SANDSTORM:
VSBY 1/2 MILE OR LESS
8 = SMOKE OR HAZE
[NO. OF DAYS WITH] [WEATHER - DAYS WITH] 9 = BLOWING SNOW
X = TORNADO
MAX 32 OR BELOW: 12 0.01 INCH OR MORE: 15
MAX 90 OR ABOVE: 0 0.10 INCH OR MORE: 8
MIN 32 OR BELOW: 31 0.50 INCH OR MORE: 2
MIN 0 OR BELOW: 2 1.00 INCH OR MORE: 0
[HDD (BASE 65) ]
TOTAL THIS MO. 1193 CLEAR (SCALE 0-3) 8
DPTR FM NORMAL 6 PTCLDY (SCALE 4-7) 10
TOTAL FM JUL 1 6752 CLOUDY (SCALE 8-10) 13
DPTR FM NORMAL -380
[CDD (BASE 65) ]
TOTAL THIS MO. 0
DPTR FM NORMAL 0 [PRESSURE DATA]
TOTAL FM JAN 1 0 HIGHEST SLP 30.49 ON 3
DPTR FM NORMAL 0 LOWEST SLP 28.96 ON 31
[REMARKS]
#FINAL-03-22#