000
CXUS54 KLCH 010930
CF6ARA
PRELIMINARY LOCAL CLIMATOLOGICAL DATA (WS FORM: F-6)
STATION: NEW IBERIA
MONTH: DECEMBER
YEAR: 2023
LATITUDE: 30 1 N
LONGITUDE: 91 53 W
TEMPERATURE IN F: :PCPN: SNOW: WIND :SUNSHINE: SKY :PK WND
================================================================================
1 2 3 4 5 6A 6B 7 8 9 10 11 12 13 14 15 16 17 18
12Z AVG MX 2MIN
DY MAX MIN AVG DEP HDD CDD WTR SNW DPTH SPD SPD DIR MIN PSBL S-S WX SPD DR
================================================================================
1 76 67 72 15 0 7 5.54 M M 6.7 40 190 M M 10 13 54 180
2 73 65 69 12 0 4 0.12 M M 4.3 10 80 M M 10 13 16 80
3 71 52 62 5 3 0 0.00 M M 3.7 12 310 M M 3 12 16 300
4 69 48 59 2 6 0 0.00 M M 5.4 13 360 M M 1 128 16 20
5 64 44 54 -3 11 0 0.00 M M 3.1 7 320 M M 0 8 9 350
6 62 39 51 -5 14 0 0.00 M M 7.6 15 360 M M 0 19 360
7 64 36 50 -6 15 0 0.00 M M 3.3 10 140 M M 0 13 180
8 71 48 60 4 5 0 T M M 8.0 16 160 M M 6 20 160
9 80 62 71 15 0 6 0.67 M M 10.3 23 310 M M 4 13 31 310
10 63 38 51 -5 14 0 0.04 M M 12.2 29 360 M M 3 1 37 10
11 61 33 47 -9 18 0 0.00 M M 2.7 10 30 M M 0 8 15 30
12 65 36 51 -5 14 0 0.00 M M 5.8 12 110 M M 0 1 16 90
13 67 39 53 -2 12 0 0.00 M M 8.7 14 80 M M 0 19 80
14 69 50 60 5 5 0 0.00 M M 10.7 18 70 M M 1 8 25 60
15 71 51 61 6 4 0 0.00 M M 11.5 20 100 M M 4 25 90
16 62 54 58 3 7 0 1.68 M M 10.7 20 350 M M 8 1 25 350
17 61 41 51 -4 14 0 0.00 M M 9.0 17 10 M M 4 23 10
18 69 38 54 -1 11 0 0.00 M M 4.0 14 360 M M 0 1 19 10
19 60 41 51 -3 14 0 0.00 M M 5.4 12 100 M M 0 15 90
20 66 40 53 -1 12 0 0.00 M M 6.1 12 80 M M 0 15 80
21 69 49 59 5 6 0 0.00 M M 7.8 14 90 M M 3 18 80
22 74 55 65 11 0 0 0.00 M M 5.6 14 120 M M 2 1 17 120
23 76 59 68 14 0 3 T M M 10.1 20 140 M M 6 25 130
24 64 57 61 7 4 0 1.40 M M 9.6 23 140 M M 10 1 29 110
25 65 45 55 1 10 0 0.00 M M 7.1 15 330 M M 7 12 19 320
26 58 41 50 -4 15 0 0.00 M M 5.8 15 40 M M 3 20 30
27 63 45 54 0 11 0 T M M 4.1 14 260 M M 3 17 260
28 52 35 44 -9 21 0 0.00 M M 7.7 17 310 M M 0 23 290
29 53 31 42 -11 23 0 0.00 M M 6.8 17 290 M M 0 22 280
30 60 32 46 -7 19 0 0.00 M M 3.0 13 270 M M 0 1 23 290
31 68 31 50 -3 15 0 0.00 M 0 4.4 13 210 M M 2 12 19 230
================================================================================
SM 2046 1402 303 20 9.45 M 211.2 M 90
================================================================================
AV 66.0 45.2 6.8 FASTST M M 3 MAX(MPH)
MISC ----> 40 190 54 180
================================================================================
NOTES:
# LAST OF SEVERAL OCCURRENCES
COLUMN 17 PEAK WIND IN M.P.H.
PRELIMINARY LOCAL CLIMATOLOGICAL DATA (WS FORM: F-6) , PAGE 2
STATION: NEW IBERIA
MONTH: DECEMBER
YEAR: 2023
LATITUDE: 30 1 N
LONGITUDE: 91 53 W
[TEMPERATURE DATA] [PRECIPITATION DATA] SYMBOLS USED IN COLUMN 16
AVERAGE MONTHLY: 55.6 TOTAL FOR MONTH: 9.45 1 = FOG OR MIST
DPTR FM NORMAL: 0.6 DPTR FM NORMAL: 4.96 2 = FOG REDUCING VISIBILITY
HIGHEST: 80 ON 9 GRTST 24HR 5.55 ON 1- 2 TO 1/4 MILE OR LESS
LOWEST: 31 ON 31,29 3 = THUNDER
SNOW, ICE PELLETS, HAIL 4 = ICE PELLETS
TOTAL MONTH: M 5 = HAIL
GRTST 24HR M ON M 6 = FREEZING RAIN OR DRIZZLE
GRTST DEPTH: 0 7 = DUSTSTORM OR SANDSTORM:
VSBY 1/2 MILE OR LESS
8 = SMOKE OR HAZE
[NO. OF DAYS WITH] [WEATHER - DAYS WITH] 9 = BLOWING SNOW
X = TORNADO
MAX 32 OR BELOW: 0 0.01 INCH OR MORE: 6
MAX 90 OR ABOVE: 0 0.10 INCH OR MORE: 5
MIN 32 OR BELOW: 3 0.50 INCH OR MORE: 4
MIN 0 OR BELOW: 0 1.00 INCH OR MORE: 3
[HDD (BASE 65) ]
TOTAL THIS MO. 303 CLEAR (SCALE 0-3) 20
DPTR FM NORMAL -33 PTCLDY (SCALE 4-7) 8
TOTAL FM JUL 1 488 CLOUDY (SCALE 8-10) 3
DPTR FM NORMAL -52
[CDD (BASE 65) ]
TOTAL THIS MO. 20
DPTR FM NORMAL -6 [PRESSURE DATA]
TOTAL FM JAN 1 3720 HIGHEST SLP 30.48 ON 14
DPTR FM NORMAL 788 LOWEST SLP 29.74 ON 1
[REMARKS]
#FINAL-12-23#