000
CXUS54 KHGX 021208
CF6ARM
PRELIMINARY LOCAL CLIMATOLOGICAL DATA (WS FORM: F-6)
STATION: Wharton
MONTH: APRIL
YEAR: 2023
LATITUDE: 29 15 N
LONGITUDE: 96 9 W
TEMPERATURE IN F: :PCPN: SNOW: WIND :SUNSHINE: SKY :PK WND
================================================================================
1 2 3 4 5 6A 6B 7 8 9 10 11 12 13 14 15 16 17 18
12Z AVG MX 2MIN
DY MAX MIN AVG DEP HDD CDD WTR SNW DPTH SPD SPD DIR MIN PSBL S-S WX SPD DR
================================================================================
1 87 66 77 M 0 12 0.00 0.0 0 4.7 10 140 M M 5 12 16 50
2 84 65 75 M 0 10 0.00 0.0 0 9.6 23 170 M M 7 1 29 170
3 84 72 78 M 0 13 0.00 0.0 0 13.2 20 180 M M 9 1 28 180
4 80 72 76 M 0 11 0.00 0.0 0 16.2 23 170 M M 10 30 170
5 81 57 69 M 0 4 0.01 0.0 0 12.3 20 360 M M 9 1 28 360
6 64 55 60 M 5 0 M 0.0 0 11.2 16 10 M M 10 22 30
7 58 54 56 M 9 0 0.02 0.0 0 11.2 18 320 M M 10 1 23 360
8 65 54 60 M 5 0 M 0.0 M 8.1 14 340 M M 8 1 17 350
9 74 54 64 M 1 0 M 0.0 M 3.9 8 90 M M 8 1 M M
10 73 57 65 M 0 0 M 0.0 M 3.7 8 20 M M 5 16 360
11 77 56 67 M 0 2 0.00 0.0 0 5.1 10 20 M M 6 1 17 10
12 78 55 67 M 0 2 0.01 0.0 0 4.5 14 60 M M 2 1 28 70
13 79 53 66 M 0 1 0.00 0.0 0 4.0 10 160 M M 1 M M
14 76 58 67 M 0 2 M 0.0 0 7.0 14 150 M M 7 1 21 150
15 87 67 77 M 0 12 M 0.0 0 7.1 17 360 M M 5 22 360
16 74 53 64 M 1 0 0.01 0.0 0 10.2 18 350 M M 0 25 350
17 78 50 64 M 1 0 M 0.0 0 6.3 15 140 M M 1 20 110
18 83 57 70 M 0 5 M 0.0 0 9.7 23 150 M M 3 30 150
19 82 65 74 M 0 9 M 0.0 0 10.9 20 140 M M 7 25 150
20 80 70 75 M 0 10 M 0.0 0 11.3 20 150 M M 9 23 150
21 78 63 71 M 0 6 0.02 0.0 0 6.1 24 350 M M 6 39 40
22 78 56 67 M 0 2 0.00 0.0 0 8.6 14 100 M M 0 21 120
23 64 56 60 M 5 0 0.03 0.0 0 8.5 18 90 M M 6 25 90
24 71 55 63 M 2 0 0.00 0.0 0 6.1 9 40 M M 10 M M
25 80 62 71 M 0 6 M 0.0 0 7.4 13 120 M M 7 18 130
26 83 66 75 M 0 10 M 0.0 0 8.5 16 150 M M 9 1 20 150
27 77 62 70 M 0 5 M 0.0 0 4.7 13 40 M M 6 1 23 40
28 83 59 71 M 0 6 0.03 0.0 0 8.4 30 320 M M 6 1 39 320
29 73 54 64 M 1 0 0.01 0.0 0 14.0 24 310 M M 4 32 310
30 83 52 68 M 0 3 0.00 0.0 0 6.2 13 180 M M 0 M M
================================================================================
SM 2314 1775 30 131 0.14 0.0 248.7 M 176
================================================================================
AV 77.1 59.2 8.3 FASTST M M 6 MAX(MPH)
MISC ----> 30 320 # 39 40
================================================================================
NOTES:
# LAST OF SEVERAL OCCURRENCES
COLUMN 17 PEAK WIND IN M.P.H.
PRELIMINARY LOCAL CLIMATOLOGICAL DATA (WS FORM: F-6) , PAGE 2
STATION: Wharton
MONTH: APRIL
YEAR: 2023
LATITUDE: 29 15 N
LONGITUDE: 96 9 W
[TEMPERATURE DATA] [PRECIPITATION DATA] SYMBOLS USED IN COLUMN 16
AVERAGE MONTHLY: 68.2 TOTAL FOR MONTH: 0.14 1 = FOG OR MIST
DPTR FM NORMAL: 0.0 DPTR FM NORMAL: M 2 = FOG REDUCING VISIBILITY
HIGHEST: 87 ON 15, 1 GRTST 24HR 0.03 ON 23-23 TO 1/4 MILE OR LESS
LOWEST: 50 ON 17 3 = THUNDER
SNOW, ICE PELLETS, HAIL 4 = ICE PELLETS
TOTAL MONTH: 0.0 INCH 5 = HAIL
GRTST 24HR 0.0 6 = FREEZING RAIN OR DRIZZLE
GRTST DEPTH: 0 7 = DUSTSTORM OR SANDSTORM:
VSBY 1/2 MILE OR LESS
8 = SMOKE OR HAZE
[NO. OF DAYS WITH] [WEATHER - DAYS WITH] 9 = BLOWING SNOW
X = TORNADO
MAX 32 OR BELOW: 0 0.01 INCH OR MORE: 8
MAX 90 OR ABOVE: 0 0.10 INCH OR MORE: 0
MIN 32 OR BELOW: 0 0.50 INCH OR MORE: 0
MIN 0 OR BELOW: 0 1.00 INCH OR MORE: 0
[HDD (BASE 65) ]
TOTAL THIS MO. 30 CLEAR (SCALE 0-3) 6
DPTR FM NORMAL M PTCLDY (SCALE 4-7) 16
TOTAL FM JUL 1 851 CLOUDY (SCALE 8-10) 8
DPTR FM NORMAL M
[CDD (BASE 65) ]
TOTAL THIS MO. 131
DPTR FM NORMAL M [PRESSURE DATA]
TOTAL FM JAN 1 387 HIGHEST SLP M ON M
DPTR FM NORMAL M LOWEST SLP M ON M
[REMARKS]
#FINAL-04-23#