649
CXUS53 KARX 011357
CF6ARX
PRELIMINARY LOCAL CLIMATOLOGICAL DATA (WS FORM: F-6)
STATION: LA CROSSE WEATHER OFFICE WI
MONTH: MARCH
YEAR: 2021
LATITUDE: 43 49 N
LONGITUDE: 91 12 W
TEMPERATURE IN F: :PCPN: SNOW: WIND :SUNSHINE: SKY :PK WND
================================================================================
1 2 3 4 5 6A 6B 7 8 9 10 11 12 13 14 15 16 17 18
12Z AVG MX 2MIN
DY MAX MIN AVG DEP HDD CDD WTR SNW DPTH SPD SPD DIR MIN PSBL S-S WX SPD DR
================================================================================
1 24 15 20 -6 45 0 T 0.3 6 M M M M M M 32 M
2 41 14 28 2 37 0 0.00 0.0 6 M M M M M M 32 M
3 49 31 40 14 25 0 0.00 0.0 5 M M M M M M 32 M
4 44 27 36 9 29 0 0.00 0.0 3 M M M M M M 15 M
5 43 25 34 7 31 0 0.00 0.0 2 M M M M M M 15 M
6 47 25 36 8 29 0 0.00 0.0 2 M M M M M M 11 M
7 53 32 43 15 22 0 0.00 0.0 2 M M M M M M 15 M
8 58 38 48 20 17 0 0.00 0.0 0 M M M M M M M M
9 64 42 53 24 12 0 0.00 0.0 0 M M M M M M 35 M
10 61 38 50 21 15 0 0.76 0.0 0 M M M M M M 3 42 M
11 49 33 41 11 24 0 0.00 0.0 0 M M M M M M 43 M
12 45 29 37 7 28 0 0.00 0.0 0 M M M M M M 26 290
13 57 30 44 13 21 0 0.00 0.0 0 M M M M M M 18 M
14 49 28 39 8 26 0 0.00 0.0 0 M M M M M M 25 70
15 32 25 29 -3 36 0 0.29 3.1 0 M M M M M M 27 M
16 32 25 29 -3 36 0 T 0.0 3 M M M M M M 6 13 M
17 39 28 34 2 31 0 T T 2 M M M M M M 16 M
18 52 30 41 8 24 0 0.00 0.0 0 M M M M M M 27 M
19 51 27 39 6 26 0 0.00 0.0 0 M M M M M M 14 M
20 57 33 45 11 20 0 0.00 0.0 0 M M M M M M 28 M
21 61 41 51 17 14 0 0.00 0.0 0 M M M M M M 35 M
22 61 41 51 16 14 0 0.02 0.0 0 M M M M M M 14 M
23 58 42 50 15 15 0 0.16 0.0 0 M M M M M M 23 M
24 50 37 44 8 21 0 0.23 0.0 0 M M M M M M 29 M
25 47 34 41 5 24 0 T 0.0 0 M M M M M M 15 M
26 50 28 39 2 26 0 0.00 0.0 0 M M M M M M 15 M
27 43 33 38 1 27 0 0.44 T 0 M M M M M M 1 28 M
28 41 29 35 -3 30 0 T T 0 M M M M M M 33 M
29 67 33 50 12 15 0 0.00 0.0 0 M M M M M M 36 M
30 57 29 43 4 22 0 0.00 0.0 0 M M M M M M 32 M
31 35 23 29 -10 36 0 0.00 0.0 0 M M M M M M 30 M
================================================================================
SM 1517 945 778 0 1.90 3.4 M M M
================================================================================
AV 48.9 30.5 M FASTST M M M MAX(MPH)
MISC ----> M M 43 9999
================================================================================
NOTES:
# LAST OF SEVERAL OCCURRENCES
COLUMN 17 PEAK WIND IN M.P.H.
PRELIMINARY LOCAL CLIMATOLOGICAL DATA (WS FORM: F-6) , PAGE 2
STATION: LA CROSSE WEATHER OFFICE WI
MONTH: MARCH
YEAR: 2021
LATITUDE: 43 49 N
LONGITUDE: 91 12 W
[TEMPERATURE DATA] [PRECIPITATION DATA] SYMBOLS USED IN COLUMN 16
AVERAGE MONTHLY: 39.7 TOTAL FOR MONTH: 1.90 1 = FOG OR MIST
DPTR FM NORMAL: 7.5 DPTR FM NORMAL: 0.05 2 = FOG REDUCING VISIBILITY
HIGHEST: 67 ON 29 GRTST 24HR 0.76 ON 10-10 TO 1/4 MILE OR LESS
LOWEST: 14 ON 2 3 = THUNDER
SNOW, ICE PELLETS, HAIL 4 = ICE PELLETS
TOTAL MONTH: 3.4 INCHES 5 = HAIL
GRTST 24HR 3.1 ON 15-15 6 = FREEZING RAIN OR DRIZZLE
GRTST DEPTH: 7 ON M 7 = DUSTSTORM OR SANDSTORM:
VSBY 1/2 MILE OR LESS
8 = SMOKE OR HAZE
[NO. OF DAYS WITH] [WEATHER - DAYS WITH] 9 = BLOWING SNOW
X = TORNADO
MAX 32 OR BELOW: 3 0.01 INCH OR MORE: 6
MAX 90 OR ABOVE: 0 0.10 INCH OR MORE: 5
MIN 32 OR BELOW: 19 0.50 INCH OR MORE: 1
MIN 0 OR BELOW: 0 1.00 INCH OR MORE: 0
[HDD (BASE 65) ]
TOTAL THIS MO. 778 CLEAR (SCALE 0-3) 0
DPTR FM NORMAL -240 PTCLDY (SCALE 4-7) 0
TOTAL FM JUL 1 6472 CLOUDY (SCALE 8-10) 31
DPTR FM NORMAL -359
[CDD (BASE 65) ]
TOTAL THIS MO. 0
DPTR FM NORMAL 0 [PRESSURE DATA]
TOTAL FM JAN 1 0 HIGHEST SLP M ON M
DPTR FM NORMAL 0 LOWEST SLP M ON M
[REMARKS]
#FINAL-03-21#