000
CXUS53 KARX 012354
CF6ARX
PRELIMINARY LOCAL CLIMATOLOGICAL DATA (WS FORM: F-6)
STATION: LA CROSSE WEATHER OFFICE WI
MONTH: AUGUST
YEAR: 2023
LATITUDE: 43 49 N
LONGITUDE: 91 12 W
TEMPERATURE IN F: :PCPN: SNOW: WIND :SUNSHINE: SKY :PK WND
================================================================================
1 2 3 4 5 6A 6B 7 8 9 10 11 12 13 14 15 16 17 18
12Z AVG MX 2MIN
DY MAX MIN AVG DEP HDD CDD WTR SNW DPTH SPD SPD DIR MIN PSBL S-S WX SPD DR
================================================================================
1 82 60 71 1 0 6 0.00 0.0 0 M M M M M M 15 M
2 84 67 76 6 0 11 0.00 0.0 0 M M M M M M 12 M
3 87 67 77 7 0 12 0.00 0.0 0 M M M M M M 1 10 M
4 86 66 76 6 0 11 0.00 0.0 0 M M M M M M 1 14 M
5 83 61 72 2 0 7 0.00 0.0 0 M M M M M M 16 M
6 74 61 68 -2 0 3 T 0.0 0 M M M M M M 12 M
7 79 61 70 0 0 5 0.00 0.0 0 M M M M M M 14 M
8 80 60 70 0 0 5 0.00 0.0 0 M M M M M M 14 M
9 82 62 72 2 0 7 0.11 0.0 0 M M M M M M 3 15 M
10 78 60 69 -1 0 4 T 0.0 0 M M M M M M 15 M
11 83 61 72 2 0 7 1.45 0.0 0 M M M M M M 13 28 M
12 81 60 71 1 0 6 0.00 0.0 0 M M M M M 0 28 M
13 72 60 66 -4 0 1 0.03 0.0 0 M M M M M M 26 M
14 64 56 60 -10 5 0 0.45 0.0 0 M M M M M M 1 20 M
15 77 53 65 -5 0 0 0.00 0.0 0 M M M M M M 15 M
16 79 59 69 -1 0 4 T 0.0 0 M M M M M M 31 M
17 71 58 65 -4 0 0 0.03 0.0 0 M M M M M M 25 M
18 75 53 64 -5 1 0 0.00 0.0 0 M M M M M M 10 M
19 88 64 76 7 0 11 T 0.0 0 M M M M M M M M
20 85 68 77 8 0 12 0.00 0.0 0 M M M M M M 10 M
21 80 65 73 4 0 8 0.00 0.0 0 M M M M M M 18 M
22 88 65 77 8 0 12 0.00 0.0 0 M M M M M M 22 M
23 97 77 87 18 0 22 0.00 0.0 0 M M M M M M 23 M
24 90 70 80 12 0 15 0.00 0.0 0 M M M M M M 23 M
25 86 66 76 8 0 11 T 0.0 0 M M M M M M 12 M
26 73 57 65 -3 0 0 0.00 0.0 0 M M M M M M 13 M
27 74 51 63 -5 2 0 0.00 0.0 0 M M M M M M 10 M
28 81 57 69 1 0 4 0.14 0.0 0 M M M M M M 13 M
29 77 57 67 0 0 2 0.00 0.0 0 M M M M M M 16 M
30 75 49 62 -5 3 0 0.00 0.0 0 M M M M M M 16 M
31 78 52 65 -2 0 0 0.00 0.0 0 M M M M M M 15 M
================================================================================
SM 2489 1883 11 186 2.21 0.0 M M 0
================================================================================
AV 80.3 60.7 M FASTST M M 0 MAX(MPH)
MISC ----> M M 31 9999
================================================================================
NOTES:
# LAST OF SEVERAL OCCURRENCES
COLUMN 17 PEAK WIND IN M.P.H.
PRELIMINARY LOCAL CLIMATOLOGICAL DATA (WS FORM: F-6) , PAGE 2
STATION: LA CROSSE WEATHER OFFICE WI
MONTH: AUGUST
YEAR: 2023
LATITUDE: 43 49 N
LONGITUDE: 91 12 W
[TEMPERATURE DATA] [PRECIPITATION DATA] SYMBOLS USED IN COLUMN 16
AVERAGE MONTHLY: 70.5 TOTAL FOR MONTH: 2.21 1 = FOG OR MIST
DPTR FM NORMAL: 1.3 DPTR FM NORMAL: -2.26 2 = FOG REDUCING VISIBILITY
HIGHEST: 97 ON 23 GRTST 24HR 1.45 ON 11-11 TO 1/4 MILE OR LESS
LOWEST: 49 ON 30 3 = THUNDER
SNOW, ICE PELLETS, HAIL 4 = ICE PELLETS
TOTAL MONTH: 0.0 INCH 5 = HAIL
GRTST 24HR 0.0 6 = FREEZING RAIN OR DRIZZLE
GRTST DEPTH: 0 7 = DUSTSTORM OR SANDSTORM:
VSBY 1/2 MILE OR LESS
8 = SMOKE OR HAZE
[NO. OF DAYS WITH] [WEATHER - DAYS WITH] 9 = BLOWING SNOW
X = TORNADO
MAX 32 OR BELOW: 0 0.01 INCH OR MORE: 6
MAX 90 OR ABOVE: 2 0.10 INCH OR MORE: 4
MIN 32 OR BELOW: 0 0.50 INCH OR MORE: 1
MIN 0 OR BELOW: 0 1.00 INCH OR MORE: 1
[HDD (BASE 65) ]
TOTAL THIS MO. 11 CLEAR (SCALE 0-3) 1
DPTR FM NORMAL -10 PTCLDY (SCALE 4-7) 0
TOTAL FM JUL 1 25 CLOUDY (SCALE 8-10) 30
DPTR FM NORMAL -5
[CDD (BASE 65) ]
TOTAL THIS MO. 186
DPTR FM NORMAL 34 [PRESSURE DATA]
TOTAL FM JAN 1 576 HIGHEST SLP M ON M
DPTR FM NORMAL 93 LOWEST SLP M ON M
[REMARKS]
#FINAL-08-23#