000
CXUS53 KGJT 011433
CLAASE
CLIMATE REPORT
NATIONAL WEATHER SERVICE GRAND JUNCTION CO
642 AM MST WED JAN 1 2020
...................................
...THE ASPEN CO CLIMATE SUMMARY FOR THE YEAR OF 2019...
CLIMATE NORMAL PERIOD 1981 TO 2010
CLIMATE RECORD PERIOD 9999 TO 9999
WEATHER OBSERVED NORMAL DEPART LAST YEAR`S
VALUE DATE(S) VALUE FROM VALUE DATE(S)
NORMAL
................................................................
TEMPERATURE (F)
RECORD
HIGH MM MM
LOW MM MM
HIGHEST 89 09/03 MM MM 91 07/19
07/09
07/14
LOWEST -12 02/08 MM MM -9 02/21
AVG. MAXIMUM 56.0 54.7 1.3 58.8
AVG. MINIMUM 27.3 26.9 0.4 29.4
MEAN 41.7 40.8 0.9 44.1
DAYS MAX >= 90 0 0.4 -0.4 8
DAYS MAX <= 32 47 50.6 -3.6 28
DAYS MIN <= 32 214 212.5 1.5 196
DAYS MIN <= 0 23 19.8 3.2 12
PRECIPITATION (INCHES)
RECORD
MAXIMUM MM MM
MINIMUM MM MM
TOTALS 15.77 17.26 -1.49 12.27
DAILY AVG. 0.04 0.05 -0.01 0.03
DAYS >= .01 110 MM MM 91
DAYS >= .10 55 MM MM 37
DAYS >= .50 4 MM MM 3
DAYS >= 1.00 0 MM MM 0
GREATEST
24 HR. TOTAL 0.74 MM
SNOWFALL (INCHES)
RECORDS
TOTAL MM MM
24 HR TOTAL MM
SNOW DEPTH MM MM
TOTALS MM MM MM MM
LIQUID EQUIV MM MM MM MM
SINCE 7/1 MM MM MM MM
LIQUID 7/1 MM MM MM MM
SNOWDEPTH AVG. MM MM MM MM
DAYS >= TRACE MM MM MM MM
DAYS >= 1.0 MM MM MM MM
GREATEST
SNOW DEPTH MM MM MM
24 HR TOTAL MM MM
STORM TOTAL MM MM
DEGREE_DAYS
HEATING TOTAL 8509 8874 -365 7666
SINCE 7/1 3396 3721 -325 3357
COOLING TOTAL 111 39 72 179
SINCE 1/1 111 39 72 179
FREEZE DATES
RECORD
EARLIEST MM
LATEST MM
EARLIEST MM
LATEST MM
.................................................................
WIND (MPH)
AVERAGE WIND SPEED 6.2
RESULTANT WIND SPEED/DIRECTION 2/208
HIGHEST WIND SPEED/DIRECTION 37/170 DATE 11/29
HIGHEST GUST SPEED/DIRECTION 52/130 DATE 06/03
SKY COVER
POSSIBLE SUNSHINE (PERCENT) MM
AVERAGE SKY COVER 0.40
NUMBER OF DAYS FAIR 208
NUMBER OF DAYS PC 92
NUMBER OF DAYS CLOUDY 64
AVERAGE RH (PERCENT) 54
WEATHER CONDITIONS. NUMBER OF DAYS WITH
THUNDERSTORM 35 MIXED PRECIP 0
HEAVY RAIN 3 RAIN 18
LIGHT RAIN 96 FREEZING RAIN 0
LT FREEZING RAIN 0 HAIL 0
HEAVY SNOW 12 SNOW 40
LIGHT SNOW 105 SLEET 0
FOG 104 FOG W/VIS <= 1/4 MILE 13
HAZE 80
- INDICATES NEGATIVE NUMBERS.
R INDICATES RECORD WAS SET OR TIED.
MM INDICATES DATA IS MISSING.
T INDICATES TRACE AMOUNT.
$$