000
CXUS55 KGJT 010959
CLMASE
CLIMATE REPORT
NATIONAL WEATHER SERVICE GRAND JUNCTION CO
359 AM MDT WED NOV 01 2023
...................................
...THE ASPEN CO CLIMATE SUMMARY FOR THE MONTH OF OCTOBER 2023...
CLIMATE NORMAL PERIOD 1991 TO 2020
CLIMATE RECORD PERIOD 9999 TO 9999
WEATHER OBSERVED NORMAL DEPART LAST YEAR`S
VALUE DATE(S) VALUE FROM VALUE DATE(S)
NORMAL
................................................................
TEMPERATURE (F)
HIGHEST 73 10/01 MM MM 68 10/19
LOWEST 2 10/30 MM MM 10 10/28
AVG. MAXIMUM 59.2 59.7 -0.5 57.5
AVG. MINIMUM 29.1 29.0 0.1 27.7
MEAN 44.2 44.4 -0.2 42.6
DAYS MAX >= 90 0 0.0 0.0 0
DAYS MAX <= 32 1 0.6 0.4 1
DAYS MIN <= 32 24 21.7 2.3 26
DAYS MIN <= 0 0 0.1 -0.1 0
PRECIPITATION (INCHES)
TOTALS 2.39 1.33 1.06 1.85
DAILY AVG. 0.08 0.04 0.04 0.06
DAYS >= .01 7 8.7 -1.7 7
DAYS >= .10 5 4.4 0.6 5
DAYS >= .50 1 0.3 0.7 2
DAYS >= 1.00 1 0.0 1.0 0
GREATEST
24 HR. TOTAL 1.10 10/28 TO 10/29 0.68
SNOWFALL (INCHES)
TOTALS MM MM MM MM
SINCE 7/1 MM MM MM MM
SNOWDEPTH AVG. MM MM
DAYS >= 1.0 MM MM MM MM
GREATEST
SNOW DEPTH MM MM MM
24 HR TOTAL MM MM
DEGREE DAYS
HEATING TOTAL 638 640 -2 688
SINCE 7/1 969 1027 -58 953
COOLING TOTAL 0 0 0 0
SINCE 1/1 81 88 -7 125
................................................................
WIND (MPH)
AVERAGE WIND SPEED 6.2
HIGHEST WIND SPEED/DIRECTION 29/160 DATE 10/02
HIGHEST GUST SPEED/DIRECTION 44/150 DATE 10/01
SKY COVER
POSSIBLE SUNSHINE (PERCENT) MM
AVERAGE SKY COVER 0.26
NUMBER OF DAYS FAIR 22
NUMBER OF DAYS PC 4
NUMBER OF DAYS CLOUDY 5
AVERAGE RH (PERCENT) 54
WEATHER CONDITIONS. NUMBER OF DAYS WITH
THUNDERSTORM 0 MIXED PRECIP 0
HEAVY RAIN 2 RAIN 4
LIGHT RAIN 8 FREEZING RAIN 0
LT FREEZING RAIN 0 HAIL 0
HEAVY SNOW 0 SNOW 3
LIGHT SNOW 4 SLEET 0
FOG 8 FOG W/VIS <= 1/4 MILE 0
HAZE 2
- INDICATES NEGATIVE NUMBERS.
R INDICATES RECORD WAS SET OR TIED.
MM INDICATES DATA IS MISSING.
T INDICATES TRACE AMOUNT.
$$