000
CXUS56 KPQR 011201
CF6AST
PRELIMINARY LOCAL CLIMATOLOGICAL DATA (WS FORM: F-6)
STATION: ASTORIA OR
MONTH: JULY
YEAR: 2023
LATITUDE: 46 9 N
LONGITUDE: 123 53 W
TEMPERATURE IN F: :PCPN: SNOW: WIND :SUNSHINE: SKY :PK WND
================================================================================
1 2 3 4 5 6A 6B 7 8 9 10 11 12 13 14 15 16 17 18
12Z AVG MX 2MIN
DY MAX MIN AVG DEP HDD CDD WTR SNW DPTH SPD SPD DIR MIN PSBL S-S WX SPD DR
================================================================================
1 68 53 61 2 4 0 0.00 M M 12.6 21 320 M M 3 26 300
2 68 52 60 1 5 0 0.00 M M 9.9 20 300 M M 1 25 330
3 71 52 62 2 3 0 0.00 M M 6.0 16 300 M M 4 18 19 300
4 83 49 66 6 0 1 0.00 M M 6.4 20 310 M M 3 128 25 320
5 79 51 65 5 0 0 0.00 M M 6.0 14 290 M M 3 128 17 280
6 61 55 58 -2 7 0 T M M 6.0 12 270 M M 10 18 17 240
7 65 56 61 1 4 0 0.00 M M 5.6 15 250 M M 10 1 17 250
8 68 52 60 0 5 0 0.00 M M 4.7 13 260 M M 8 17 250
9 68 51 60 0 5 0 0.00 M M 5.9 14 260 M M 7 20 270
10 65 57 61 1 4 0 0.06 M M 5.7 13 250 M M 10 18 16 220
11 69 58 64 4 1 0 0.00 M M 5.1 13 340 M M 7 16 300
12 70 55 63 3 2 0 0.00 M M 5.8 14 310 M M 5 20 320
13 73 52 63 2 2 0 0.00 M M 9.0 18 310 M M 2 22 310
14 76 51 64 3 1 0 0.00 M M 8.0 20 310 M M 0 24 310
15 74 51 63 2 2 0 0.00 M M 7.6 18 280 M M 3 23 310
16 69 57 63 2 2 0 T M M 7.0 16 300 M M 9 1 19 310
17 70 57 64 3 1 0 0.12 M M 8.5 15 330 M M 5 1 18 320
18 71 51 61 0 4 0 0.00 M M 11.3 25 320 M M 0 31 320
19 73 52 63 2 2 0 0.00 M M 9.4 23 300 M M 3 28 310
20 69 58 64 3 1 0 T M M 5.6 14 290 M M 10 18 16 290
21 72 58 65 4 0 0 0.00 M M 5.6 14 300 M M 7 1 17 300
22 73 55 64 3 1 0 0.00 M M 7.4 16 320 M M 5 1 21 330
23 73 52 63 2 2 0 0.00 M M 5.9 15 300 M M 3 23 310
24 68 56 62 1 3 0 0.17 M M 6.6 24 200 M M 8 1 35 190
25 70 52 61 0 4 0 0.00 M M 3.9 9 260 M M 4 12 12 230
26 72 50 61 0 4 0 0.00 M M 15.3 22 330 M M 0 27 310
27 71 57 64 3 1 0 0.00 M M 8.6 15 320 M M 6 19 290
28 70 59 65 4 0 0 0.00 M M 9.0 20 300 M M 6 24 300
29 71 53 62 1 3 0 0.00 M M 5.9 15 310 M M 5 20 280
30 72 51 62 0 3 0 0.00 M M 7.7 17 310 M M 2 21 320
31 71 52 62 0 3 0 0.00 M M 9.4 22 320 M M 2 29 320
================================================================================
SM 2193 1665 79 1 0.35 M 231.4 M 151
================================================================================
AV 70.7 53.7 7.5 FASTST M M 5 MAX(MPH)
MISC ----> 25 320 35 190
================================================================================
NOTES:
# LAST OF SEVERAL OCCURRENCES
COLUMN 17 PEAK WIND IN M.P.H.
PRELIMINARY LOCAL CLIMATOLOGICAL DATA (WS FORM: F-6) , PAGE 2
STATION: ASTORIA OR
MONTH: JULY
YEAR: 2023
LATITUDE: 46 9 N
LONGITUDE: 123 53 W
[TEMPERATURE DATA] [PRECIPITATION DATA] SYMBOLS USED IN COLUMN 16
AVERAGE MONTHLY: 62.2 TOTAL FOR MONTH: 0.35 1 = FOG OR MIST
DPTR FM NORMAL: 1.6 DPTR FM NORMAL: -0.48 2 = FOG REDUCING VISIBILITY
HIGHEST: 83 ON 4 GRTST 24HR 0.17 ON 24-24 TO 1/4 MILE OR LESS
LOWEST: 49 ON 4 3 = THUNDER
SNOW, ICE PELLETS, HAIL 4 = ICE PELLETS
TOTAL MONTH: M 5 = HAIL
GRTST 24HR M ON M 6 = FREEZING RAIN OR DRIZZLE
GRTST DEPTH: M ON M 7 = DUSTSTORM OR SANDSTORM:
VSBY 1/2 MILE OR LESS
8 = SMOKE OR HAZE
[NO. OF DAYS WITH] [WEATHER - DAYS WITH] 9 = BLOWING SNOW
X = TORNADO
MAX 32 OR BELOW: 0 0.01 INCH OR MORE: 3
MAX 90 OR ABOVE: 0 0.10 INCH OR MORE: 2
MIN 32 OR BELOW: 0 0.50 INCH OR MORE: 0
MIN 0 OR BELOW: 0 1.00 INCH OR MORE: 0
[HDD (BASE 65) ]
TOTAL THIS MO. 79 CLEAR (SCALE 0-3) 10
DPTR FM NORMAL -61 PTCLDY (SCALE 4-7) 16
TOTAL FM JUL 1 79 CLOUDY (SCALE 8-10) 5
DPTR FM NORMAL -62
[CDD (BASE 65) ]
TOTAL THIS MO. 1
DPTR FM NORMAL -4 [PRESSURE DATA]
TOTAL FM JAN 1 15 HIGHEST SLP 30.24 ON 1
DPTR FM NORMAL 6 LOWEST SLP 29.91 ON 5
[REMARKS]
#FINAL-07-23#