000
CXUS56 KPQR 011201
CF6AST
PRELIMINARY LOCAL CLIMATOLOGICAL DATA (WS FORM: F-6)
STATION: ASTORIA OR
MONTH: MAY
YEAR: 2023
LATITUDE: 46 9 N
LONGITUDE: 123 53 W
TEMPERATURE IN F: :PCPN: SNOW: WIND :SUNSHINE: SKY :PK WND
================================================================================
1 2 3 4 5 6A 6B 7 8 9 10 11 12 13 14 15 16 17 18
12Z AVG MX 2MIN
DY MAX MIN AVG DEP HDD CDD WTR SNW DPTH SPD SPD DIR MIN PSBL S-S WX SPD DR
================================================================================
1 58 45 52 1 13 0 T M M 7.6 16 320 M M 9 1 20 310
2 59 50 55 4 10 0 0.00 M M 8.0 21 220 M M 5 27 220
3 55 50 53 2 12 0 0.00 M M 5.0 14 230 M M 10 18 220
4 51 48 50 -1 15 0 0.89 M M 7.3 15 210 M M 10 1 21 190
5 54 48 51 -1 14 0 0.20 M M 4.7 14 220 M M 10 18 19 200
6 59 49 54 2 11 0 0.02 M M 8.9 20 220 M M 8 1 28 220
7 60 45 53 1 12 0 T M M 4.4 13 240 M M 8 18 200
8 63 47 55 3 10 0 0.00 M M 6.8 20 320 M M 3 23 310
9 62 45 54 2 11 0 0.00 M M 7.3 17 320 M M 3 21 320
10 66 41 54 2 11 0 0.00 M M 7.0 17 320 M M 0 20 320
11 68 47 58 5 7 0 0.00 M M 6.0 17 300 M M 2 23 310
12 71 45 58 5 7 0 0.00 M M 4.4 15 300 M M 0 18 280
13 89 48 69 16 0 4 0.00 M M 6.1 15 320 M M 0 19 330
14 93 54 74 21 0 9 0.00 M M 7.4 23 80 M M 0 31 80
15 69 54 62 9 3 0 0.00 M M 10.8 21 230 M M 6 1 29 230
16 64 55 60 6 5 0 0.00 M M 5.1 15 210 M M 6 22 220
17 72 55 64 10 1 0 0.00 M M 5.6 12 310 M M 6 14 320
18 60 55 58 4 7 0 0.00 M M 6.0 13 250 M M 10 15 250
19 66 53 60 6 5 0 0.00 M M 9.4 20 310 M M 7 23 310
20 61 54 58 4 7 0 T M M 9.7 15 340 M M 10 1 20 340
21 62 52 57 3 8 0 0.01 M M 9.9 18 320 M M 8 1 23 320
22 61 52 57 3 8 0 0.03 M M 10.4 18 320 M M 10 1 24 290
23 61 47 54 0 11 0 0.00 M M 7.4 15 280 M M 7 19 320
24 64 44 54 -1 11 0 0.00 M M 7.5 23 320 M M 2 27 320
25 70 47 59 4 6 0 0.00 M M 6.3 18 290 M M 5 12 24 280
26 64 52 58 3 7 0 T M M 6.9 14 310 M M 10 1 17 320
27 63 53 58 3 7 0 0.02 M M 8.4 15 310 M M 10 1 18 330
28 62 52 57 2 8 0 0.00 M M 11.8 20 320 M M 7 25 300
29 60 51 56 1 9 0 T M M 12.8 21 310 M M 8 1 30 360
30 60 51 56 1 9 0 0.00 M M 12.1 20 310 M M 7 28 360
31 61 46 54 -2 11 0 0.00 M M 9.6 17 320 M M 5 24 310
================================================================================
SM 1988 1535 256 13 1.17 M 240.6 M 192
================================================================================
AV 64.1 49.5 7.8 FASTST M M 6 MAX(MPH)
MISC ----> # 23 80 31 80
================================================================================
NOTES:
# LAST OF SEVERAL OCCURRENCES
COLUMN 17 PEAK WIND IN M.P.H.
PRELIMINARY LOCAL CLIMATOLOGICAL DATA (WS FORM: F-6) , PAGE 2
STATION: ASTORIA OR
MONTH: MAY
YEAR: 2023
LATITUDE: 46 9 N
LONGITUDE: 123 53 W
[TEMPERATURE DATA] [PRECIPITATION DATA] SYMBOLS USED IN COLUMN 16
AVERAGE MONTHLY: 56.8 TOTAL FOR MONTH: 1.17 1 = FOG OR MIST
DPTR FM NORMAL: 3.4 DPTR FM NORMAL: -2.23 2 = FOG REDUCING VISIBILITY
HIGHEST: 93 ON 14 GRTST 24HR 1.08 ON 4- 5 TO 1/4 MILE OR LESS
LOWEST: 41 ON 10 3 = THUNDER
SNOW, ICE PELLETS, HAIL 4 = ICE PELLETS
TOTAL MONTH: M 5 = HAIL
GRTST 24HR M ON M 6 = FREEZING RAIN OR DRIZZLE
GRTST DEPTH: M ON M 7 = DUSTSTORM OR SANDSTORM:
VSBY 1/2 MILE OR LESS
8 = SMOKE OR HAZE
[NO. OF DAYS WITH] [WEATHER - DAYS WITH] 9 = BLOWING SNOW
X = TORNADO
MAX 32 OR BELOW: 0 0.01 INCH OR MORE: 6
MAX 90 OR ABOVE: 1 0.10 INCH OR MORE: 2
MIN 32 OR BELOW: 0 0.50 INCH OR MORE: 1
MIN 0 OR BELOW: 0 1.00 INCH OR MORE: 0
[HDD (BASE 65) ]
TOTAL THIS MO. 256 CLEAR (SCALE 0-3) 7
DPTR FM NORMAL -105 PTCLDY (SCALE 4-7) 13
TOTAL FM JUL 1 4551 CLOUDY (SCALE 8-10) 11
DPTR FM NORMAL -177
[CDD (BASE 65) ]
TOTAL THIS MO. 13
DPTR FM NORMAL 11 [PRESSURE DATA]
TOTAL FM JAN 1 14 HIGHEST SLP 30.28 ON 21
DPTR FM NORMAL 12 LOWEST SLP 29.72 ON 2
[REMARKS]
#FINAL-05-23#