000
CXUS56 KPQR 011610
CF6AST
PRELIMINARY LOCAL CLIMATOLOGICAL DATA (WS FORM: F-6)
STATION: ASTORIA OR
MONTH: JUNE
YEAR: 2022
LATITUDE: 46 9 N
LONGITUDE: 123 53 W
TEMPERATURE IN F: :PCPN: SNOW: WIND :SUNSHINE: SKY :PK WND
================================================================================
1 2 3 4 5 6A 6B 7 8 9 10 11 12 13 14 15 16 17 18
12Z AVG MX 2MIN
DY MAX MIN AVG DEP HDD CDD WTR SNW DPTH SPD SPD DIR MIN PSBL S-S WX SPD DR
================================================================================
1 63 51 57 1 8 0 T M M 4.4 14 240 M M 8 1 16 250
2 63 53 58 2 7 0 T M M 4.4 12 240 M M 9 1 16 250
3 65 55 60 4 5 0 0.19 M M 8.5 22 210 M M 10 1 31 220
4 62 55 59 3 6 0 1.06 M M 4.6 25 190 M M 10 1 34 190
5 59 48 54 -2 11 0 0.14 M M 9.4 22 200 M M 9 1 34 210
6 64 44 54 -2 11 0 0.00 M M 5.4 13 280 M M 4 12 20 280
7 72 47 60 4 5 0 T M M 7.7 21 220 M M 4 1 31 220
8 64 54 59 3 6 0 T M M 7.9 16 260 M M 4 1 24 240
9 60 54 57 1 8 0 1.23 M M 10.6 24 200 M M 10 1 39 180
10 59 55 57 0 8 0 0.49 M M 6.7 16 210 M M 10 1 25 220
11 65 54 60 3 5 0 0.02 M M 5.7 13 280 M M 9 1 16 290
12 59 50 55 -2 10 0 0.10 M M 9.4 18 300 M M 10 18 26 310
13 58 50 54 -3 11 0 0.03 M M 10.1 21 260 M M 10 18 24 260
14 62 47 55 -2 10 0 0.02 M M 8.0 14 330 M M 5 1 18 350
15 60 47 54 -3 11 0 0.02 M M 2.9 8 240 M M 6 11 80
16 63 52 58 1 7 0 0.07 M M 8.4 17 210 M M 7 1 23 210
17 57 47 52 -5 13 0 0.02 M M 4.0 12 340 M M 8 14 310
18 61 52 57 -1 8 0 0.07 M M 6.0 15 290 M M 10 1 21 250
19 64 53 59 1 6 0 0.16 M M 7.0 14 280 M M 9 1 21 290
20 66 53 60 2 5 0 T M M 6.6 15 300 M M 9 1 19 300
21 71 55 63 5 2 0 0.00 M M 8.0 20 310 M M 5 1 25 320
22 63 55 59 1 6 0 0.03 M M 12.0 21 320 M M 9 1 24 320
23 64 53 59 1 6 0 0.00 M M 11.4 20 320 M M 4 25 310
24 73 45 59 1 6 0 0.00 M M 8.2 23 320 M M 0 29 320
25 86 51 69 11 0 4 0.00 M M 7.0 16 330 M M 0 20 30
26 92 53 73 14 0 8 0.00 M M 7.4 17 320 M M 1 1 22 220
27 64 53 59 0 6 0 0.00 M M 11.2 29 230 M M 6 1 40 230
28 63 56 60 1 5 0 0.16 M M 10.8 21 200 M M 10 1 36 190
29 70 54 62 3 3 0 0.02 M M 6.3 12 250 M M 10 1 15 270
30 69 57 63 4 2 0 0.00 M M 8.9 23 290 M M 6 30 360
================================================================================
SM 1961 1553 197 12 3.83 M 228.9 M 212
================================================================================
AV 65.4 51.8 7.6 FASTST M M 7 MAX(MPH)
MISC ----> 29 230 40 230
================================================================================
NOTES:
# LAST OF SEVERAL OCCURRENCES
COLUMN 17 PEAK WIND IN M.P.H.
PRELIMINARY LOCAL CLIMATOLOGICAL DATA (WS FORM: F-6) , PAGE 2
STATION: ASTORIA OR
MONTH: JUNE
YEAR: 2022
LATITUDE: 46 9 N
LONGITUDE: 123 53 W
[TEMPERATURE DATA] [PRECIPITATION DATA] SYMBOLS USED IN COLUMN 16
AVERAGE MONTHLY: 58.6 TOTAL FOR MONTH: 3.83 1 = FOG OR MIST
DPTR FM NORMAL: 1.3 DPTR FM NORMAL: 1.53 2 = FOG REDUCING VISIBILITY
HIGHEST: 92 ON 26 GRTST 24HR 1.34 ON 9-10 TO 1/4 MILE OR LESS
LOWEST: 44 ON 6 3 = THUNDER
SNOW, ICE PELLETS, HAIL 4 = ICE PELLETS
TOTAL MONTH: M 5 = HAIL
GRTST 24HR M ON M 6 = FREEZING RAIN OR DRIZZLE
GRTST DEPTH: M ON M 7 = DUSTSTORM OR SANDSTORM:
VSBY 1/2 MILE OR LESS
8 = SMOKE OR HAZE
[NO. OF DAYS WITH] [WEATHER - DAYS WITH] 9 = BLOWING SNOW
X = TORNADO
MAX 32 OR BELOW: 0 0.01 INCH OR MORE: 17
MAX 90 OR ABOVE: 1 0.10 INCH OR MORE: 8
MIN 32 OR BELOW: 0 0.50 INCH OR MORE: 2
MIN 0 OR BELOW: 0 1.00 INCH OR MORE: 2
[HDD (BASE 65) ]
TOTAL THIS MO. 197 CLEAR (SCALE 0-3) 3
DPTR FM NORMAL -36 PTCLDY (SCALE 4-7) 12
TOTAL FM JUL 1 4945 CLOUDY (SCALE 8-10) 15
DPTR FM NORMAL -13
[CDD (BASE 65) ]
TOTAL THIS MO. 12
DPTR FM NORMAL 10 [PRESSURE DATA]
TOTAL FM JAN 1 12 HIGHEST SLP 30.36 ON 21
DPTR FM NORMAL 8 LOWEST SLP 29.59 ON 5
[REMARKS]
#FINAL-06-22#