000
CXUS53 KABR 012159
CF6ATY
PRELIMINARY LOCAL CLIMATOLOGICAL DATA (WS FORM: F-6)
STATION: WATERTOWN SD
MONTH: MARCH
YEAR: 2023
LATITUDE: 44 55 N
LONGITUDE: 97 9 W
TEMPERATURE IN F: :PCPN: SNOW: WIND :SUNSHINE: SKY :PK WND
================================================================================
1 2 3 4 5 6A 6B 7 8 9 10 11 12 13 14 15 16 17 18
12Z AVG MX 2MIN
DY MAX MIN AVG DEP HDD CDD WTR SNW DPTH SPD SPD DIR MIN PSBL S-S WX SPD DR
================================================================================
1 32 1 17 -5 48 0 0.04 0.6 7 15.8 32 350 M M 7 169 39 350
2 23 4 14 -8 51 0 T T 7 9.5 21 180 M M 6 1 26 170
3 36 19 28 5 37 0 0.00 0.0 7 7.4 16 160 M M 4 1 24 170
4 34 18 26 3 39 0 0.00 0.0 5 6.6 13 300 M M 3 17 310
5 35 21 28 4 37 0 0.02 0.8 4 10.6 21 70 M M 9 16 31 60
6 29 5 17 -7 48 0 0.01 0.8 6 15.8 24 50 M M 6 16 35 40
7 24 4 14 -11 51 0 0.05 0.5 5 6.9 16 20 M M 7 1 20 40
8 26 20 23 -2 42 0 0.04 0.4 5 9.1 16 10 M M 10 1 19 30
9 30 20 25 -1 40 0 0.21 3.2 5 8.6 14 40 M M 10 126 19 60
10 29 16 23 -3 42 0 T T 8 7.1 20 130 M M 10 12 30 130
11 33 21 27 0 38 0 0.24 1.3 8 15.9 28 260 M M 9 12 36 130
12 24 16 20 -7 45 0 T 0.1 9 20.3 32 330 M M 10 189 43 320
13 22 3 13 -15 52 0 0.00 0.0 9 6.8 16 340 M M 4 18 21 330
14 32 4 18 -10 47 0 0.00 0.0 9 19.6 33 170 M M 1 19 42 170
15 38 27 33 4 32 0 0.00 0.0 9 10.7 22 160 M M 1 12 28 160
16 32 12 22 -7 43 0 0.19 1.6 7 24.6 37 340 M M 6 128 45 350
17 14 2 8 -22 57 0 T T 8 21.7 33 320 M M 9 1289 42 300
18 15 -1 7 -23 58 0 0.00 0.0 8 13.8 24 330 M M 4 18 31 330
19 37 -7 15 -16 50 0 0.00 0.0 8 9.8 22 190 M M 0 26 190
20 26 5 16 -15 49 0 0.00 0.0 7 8.7 15 40 M M 0 20 70
21 32 18 25 -7 40 0 0.21 1.8 7 10.9 24 260 M M 7 16 30 270
22 26 15 21 -11 44 0 0.00 0.0 8 13.1 28 260 M M 9 37 260
23 27 6 17 -15 48 0 0.00 0.0 8 4.7 12 210 M M 0 12 13 190
24 34 13 24 -9 41 0 0.00 0.0 6 8.4 17 150 M M 7 23 140
25 32 18 25 -8 40 0 0.00 0.0 5 10.4 20 350 M M 8 18 23 350
26 27 8 18 -16 47 0 0.00 0.0 5 9.4 17 360 M M 0 20 350
27 24 5 15 -19 50 0 T T 4 7.8 17 20 M M 5 128 21 30
28 29 1 15 -20 50 0 0.00 0.0 4 12.7 23 260 M M 3 1 30 240
29 21 -5 8 -27 57 0 0.00 0.0 4 5.1 13 350 M M 0 16 350
30 28 14 21 -15 44 0 0.00 0.0 4 11.5 20 60 M M 9 1 30 60
31 31 24 28 -8 37 0 0.35 1.8 4 22.2 37 20 M M 10 12368 50 40
================================================================================
SM 882 327 1404 0 1.36 12.9 365.5 M 174
================================================================================
AV 28.5 10.5 11.8 FASTST M M 6 MAX(MPH)
MISC ----> # 37 340 50 40
================================================================================
NOTES:
# LAST OF SEVERAL OCCURRENCES
COLUMN 17 PEAK WIND IN M.P.H.
PRELIMINARY LOCAL CLIMATOLOGICAL DATA (WS FORM: F-6) , PAGE 2
STATION: WATERTOWN SD
MONTH: MARCH
YEAR: 2023
LATITUDE: 44 55 N
LONGITUDE: 97 9 W
[TEMPERATURE DATA] [PRECIPITATION DATA] SYMBOLS USED IN COLUMN 16
AVERAGE MONTHLY: 19.5 TOTAL FOR MONTH: 1.36 1 = FOG OR MIST
DPTR FM NORMAL: -9.6 DPTR FM NORMAL: 0.36 2 = FOG REDUCING VISIBILITY
HIGHEST: 38 ON 15 GRTST 24HR 0.35 ON 31-31 TO 1/4 MILE OR LESS
LOWEST: -7 ON 19 3 = THUNDER
SNOW, ICE PELLETS, HAIL 4 = ICE PELLETS
TOTAL MONTH: 13.7 INCHES 5 = HAIL
GRTST 24HR 3.2 ON 9- 9 6 = FREEZING RAIN OR DRIZZLE
GRTST DEPTH: 10 ON M 7 = DUSTSTORM OR SANDSTORM:
VSBY 1/2 MILE OR LESS
8 = SMOKE OR HAZE
[NO. OF DAYS WITH] [WEATHER - DAYS WITH] 9 = BLOWING SNOW
X = TORNADO
MAX 32 OR BELOW: 24 0.01 INCH OR MORE: 10
MAX 90 OR ABOVE: 0 0.10 INCH OR MORE: 5
MIN 32 OR BELOW: 31 0.50 INCH OR MORE: 0
MIN 0 OR BELOW: 3 1.00 INCH OR MORE: 0
[HDD (BASE 65) ]
TOTAL THIS MO. 1404 CLEAR (SCALE 0-3) 9
DPTR FM NORMAL 291 PTCLDY (SCALE 4-7) 12
TOTAL FM JUL 1 7730 CLOUDY (SCALE 8-10) 10
DPTR FM NORMAL 278
[CDD (BASE 65) ]
TOTAL THIS MO. 0
DPTR FM NORMAL 0 [PRESSURE DATA]
TOTAL FM JAN 1 0 HIGHEST SLP 30.57 ON 7
DPTR FM NORMAL 0 LOWEST SLP 29.38 ON 31
[REMARKS]
#FINAL-03-23#