000
CXUS51 KGYX 011435
CF6AUG
PRELIMINARY LOCAL CLIMATOLOGICAL DATA (WS FORM: F-6)
STATION: AUGUSTA
MONTH: APRIL
YEAR: 2023
LATITUDE: 44 18 N
LONGITUDE: 69 48 W
TEMPERATURE IN F: :PCPN: SNOW: WIND :SUNSHINE: SKY :PK WND
================================================================================
1 2 3 4 5 6A 6B 7 8 9 10 11 12 13 14 15 16 17 18
12Z AVG MX 2MIN
DY MAX MIN AVG DEP HDD CDD WTR SNW DPTH SPD SPD DIR MIN PSBL S-S WX SPD DR
================================================================================
1 41 33 37 -1 28 0 0.34 M M 4.0 12 320 M M 10 12 16 350
2 41 28 35 -3 30 0 0.00 M M 12.5 26 340 M M 3 12 35 290
3 46 25 36 -2 29 0 0.00 M M 6.6 20 170 M M 3 39 150
4 53 37 45 6 20 0 0.00 M M 3.7 16 360 M M 9 20 350
5 42 31 37 -2 28 0 0.03 M M 7.3 17 40 M M 10 16 21 20
6 54 31 43 3 22 0 0.09 M M 4.4 8 240 M M 9 16 13 240
7 52 32 42 2 23 0 0.00 M M 14.1 29 290 M M 1 43 300
8 44 29 37 -3 28 0 0.00 M M 11.1 23 300 M M 0 35 310
9 54 29 42 1 23 0 0.00 M M 5.4 14 290 M M 0 22 290
10 65 32 49 8 16 0 0.00 M M 6.1 13 290 M M 0 18 220
11 68 41 55 13 10 0 0.00 M M 7.0 23 320 M M 4 34 330
12 65 50 58 16 7 0 0.00 M M 12.6 25 330 M M 1 37 280
13 76 47 62 19 3 0 0.00 M M 4.8 13 170 M M 3 17 170
14 83 50 67 24 0 2 0.00 M M 6.5 16 350 M M 0 21 350
15 72 43 58 14 7 0 0.00 M M 6.3 15 140 M M 3 1 20 110
16 66 47 57 13 8 0 0.01 M M 6.1 13 90 M M 10 1 15 90
17 53 46 50 6 15 0 0.25 M M 5.5 15 120 M M 10 12 21 120
18 53 38 46 1 19 0 0.29 M M 4.8 16 280 M M 8 12 22 270
19 49 39 44 -1 21 0 0.00 M M 5.6 16 320 M M 10 25 330
20 54 37 46 0 19 0 0.00 M M 10.4 17 330 M M 4 26 290
21 58 35 47 1 18 0 0.00 M M 4.1 15 160 M M 4 20 160
22 59 34 47 0 18 0 0.00 M M 5.7 14 140 M M 5 19 160
23 57 42 50 3 15 0 0.30 M M 9.5 21 120 M M 7 1 29 130
24 44 42 43 -5 22 0 0.53 M M 7.6 15 120 M M 10 1 21 120
25 44 41 43 -5 22 0 0.06 M M 6.1 12 130 M M 10 1 15 150
26 51 40 46 -2 19 0 0.00 M M 2.6 8 190 M M 8 1 13 160
27 57 39 48 -1 17 0 0.00 M M 3.2 12 280 M M 7 16 280
28 67 36 52 3 13 0 0.00 M M 4.3 14 170 M M 0 1 20 200
29 62 40 51 1 14 0 0.00 M M 7.6 18 140 M M 3 24 150
30 51 43 47 -3 18 0 3.00 M M 10.4 25 110 M M 10 1 38 110
================================================================================
SM 1681 1137 532 2 4.90 M 205.9 M 162
================================================================================
AV 56.0 37.9 6.9 FASTST M M 5 MAX(MPH)
MISC ----> 29 290 43 300
================================================================================
NOTES:
# LAST OF SEVERAL OCCURRENCES
COLUMN 17 PEAK WIND IN M.P.H.
PRELIMINARY LOCAL CLIMATOLOGICAL DATA (WS FORM: F-6) , PAGE 2
STATION: AUGUSTA
MONTH: APRIL
YEAR: 2023
LATITUDE: 44 18 N
LONGITUDE: 69 48 W
[TEMPERATURE DATA] [PRECIPITATION DATA] SYMBOLS USED IN COLUMN 16
AVERAGE MONTHLY: 47.0 TOTAL FOR MONTH: 4.90 1 = FOG OR MIST
DPTR FM NORMAL: 3.2 DPTR FM NORMAL: 1.08 2 = FOG REDUCING VISIBILITY
HIGHEST: 83 ON 14 GRTST 24HR 3.00 ON 30-30 TO 1/4 MILE OR LESS
LOWEST: 25 ON 3 3 = THUNDER
SNOW, ICE PELLETS, HAIL 4 = ICE PELLETS
TOTAL MONTH: M 5 = HAIL
GRTST 24HR M ON M 6 = FREEZING RAIN OR DRIZZLE
GRTST DEPTH: M ON M 7 = DUSTSTORM OR SANDSTORM:
VSBY 1/2 MILE OR LESS
8 = SMOKE OR HAZE
[NO. OF DAYS WITH] [WEATHER - DAYS WITH] 9 = BLOWING SNOW
X = TORNADO
MAX 32 OR BELOW: 0 0.01 INCH OR MORE: 10
MAX 90 OR ABOVE: 0 0.10 INCH OR MORE: 6
MIN 32 OR BELOW: 8 0.50 INCH OR MORE: 2
MIN 0 OR BELOW: 0 1.00 INCH OR MORE: 1
[HDD (BASE 65) ]
TOTAL THIS MO. 532 CLEAR (SCALE 0-3) 11
DPTR FM NORMAL -103 PTCLDY (SCALE 4-7) 7
TOTAL FM JUL 1 5824 CLOUDY (SCALE 8-10) 12
DPTR FM NORMAL -1052
[CDD (BASE 65) ]
TOTAL THIS MO. 2
DPTR FM NORMAL 2 [PRESSURE DATA]
TOTAL FM JAN 1 2 HIGHEST SLP 30.53 ON 9
DPTR FM NORMAL 2 LOWEST SLP 29.27 ON 2
[REMARKS]
#FINAL-04-23#