000
CXUS51 KGYX 011608
CF6AUG
PRELIMINARY LOCAL CLIMATOLOGICAL DATA (WS FORM: F-6)
STATION: AUGUSTA
MONTH: SEPTEMBER
YEAR: 2021
LATITUDE: 44 18 N
LONGITUDE: 69 48 W
TEMPERATURE IN F: :PCPN: SNOW: WIND :SUNSHINE: SKY :PK WND
================================================================================
1 2 3 4 5 6A 6B 7 8 9 10 11 12 13 14 15 16 17 18
12Z AVG MX 2MIN
DY MAX MIN AVG DEP HDD CDD WTR SNW DPTH SPD SPD DIR MIN PSBL S-S WX SPD DR
================================================================================
1 73 60 67 1 0 2 0.07 0.0 0 5.3 15 310 M M 1 1 22 310
2 68 57 63 -3 2 0 0.83 0.0 0 9.4 23 350 M M 8 1 31 350
3 71 55 63 -3 2 0 0.04 0.0 0 7.1 18 350 M M 7 1 24 340
4 76 52 64 -1 1 0 0.00 0.0 0 6.7 18 330 M M 0 26 330
5 71 50 61 -4 4 0 0.04 0.0 0 6.4 13 170 M M 4 1 20 140
6 79 59 69 5 0 4 0.14 0.0 0 5.0 24 250 M M 5 1238 33 240
7 76 57 67 3 0 2 0.00 0.0 0 5.2 14 290 M M 2 20 280
8 77 54 66 2 0 1 0.00 0.0 0 7.4 18 170 M M 4 12 27 160
9 70 67 69 5 0 4 0.98 0.0 0 5.3 14 180 M M 10 13 20 180
10 74 57 66 3 0 1 0.19 0.0 0 9.0 20 300 M M 5 1 27 300
11 74 52 63 0 2 0 0.00 0.0 0 5.8 12 260 M M 2 17 230
12 79 57 68 6 0 3 0.00 0.0 0 6.7 14 240 M M 1 25 200
13 74 56 65 3 0 0 T 0.0 0 7.4 17 310 M M 3 26 280
14 72 53 63 1 2 0 0.00 0.0 0 5.6 12 160 M M 2 17 150
15 75 62 69 8 0 4 0.21 0.0 0 6.9 13 170 M M 9 13 20 210
16 72 56 64 3 1 0 0.02 0.0 0 3.8 14 40 M M 2 18 10
17 77 51 64 4 1 0 0.00 0.0 0 3.1 10 160 M M 4 1 14 150
18 81 61 71 11 0 6 0.10 0.0 0 3.9 17 360 M M 7 123 24 360
19 70 53 62 2 3 0 0.00 0.0 0 9.0 20 340 M M 0 27 340
20 72 47 60 1 5 0 0.00 0.0 0 4.1 10 160 M M 0 1 15 160
21 71 51 61 2 4 0 0.00 0.0 0 5.3 15 180 M M 7 12 23 180
22 76 63 70 12 0 5 0.04 0.0 0 7.5 20 170 M M 9 12 30 190
23 77 64 71 13 0 6 0.01 0.0 0 7.4 16 160 M M 8 1 23 150
24 75 64 70 12 0 5 1.06 0.0 0 10.5 23 160 M M 10 18 32 150
25 73 61 67 10 0 2 0.38 0.0 0 3.5 9 130 M M 9 13 13 130
26 71 56 64 7 1 0 1.76 0.0 0 6.7 18 320 M M 5 13 25 310
27 69 52 61 5 4 0 0.00 0.0 0 5.2 12 230 M M 4 20 220
28 65 51 58 2 7 0 0.00 0.0 0 3.4 15 350 M M 8 19 330
29 64 46 55 -1 10 0 0.01 0.0 0 6.9 14 360 M M 6 18 350
30 61 47 54 -1 11 0 0.26 0.0 0 5.9 18 350 M M 8 1 22 350
================================================================================
SM 2183 1671 60 45 6.14 0.0 185.4 M 150
================================================================================
AV 72.8 55.7 6.2 FASTST M M 5 MAX(MPH)
MISC ----> 24 250 33 240
================================================================================
NOTES:
# LAST OF SEVERAL OCCURRENCES
COLUMN 17 PEAK WIND IN M.P.H.
PRELIMINARY LOCAL CLIMATOLOGICAL DATA (WS FORM: F-6) , PAGE 2
STATION: AUGUSTA
MONTH: SEPTEMBER
YEAR: 2021
LATITUDE: 44 18 N
LONGITUDE: 69 48 W
[TEMPERATURE DATA] [PRECIPITATION DATA] SYMBOLS USED IN COLUMN 16
AVERAGE MONTHLY: 64.2 TOTAL FOR MONTH: 6.14 1 = FOG OR MIST
DPTR FM NORMAL: 3.2 DPTR FM NORMAL: 2.24 2 = FOG REDUCING VISIBILITY
HIGHEST: 81 ON 18 GRTST 24HR 2.09 ON 25-26 TO 1/4 MILE OR LESS
LOWEST: 46 ON 29 3 = THUNDER
SNOW, ICE PELLETS, HAIL 4 = ICE PELLETS
TOTAL MONTH: 0.0 INCH 5 = HAIL
GRTST 24HR 0.0 6 = FREEZING RAIN OR DRIZZLE
GRTST DEPTH: 0 7 = DUSTSTORM OR SANDSTORM:
VSBY 1/2 MILE OR LESS
8 = SMOKE OR HAZE
[NO. OF DAYS WITH] [WEATHER - DAYS WITH] 9 = BLOWING SNOW
X = TORNADO
MAX 32 OR BELOW: 0 0.01 INCH OR MORE: 17
MAX 90 OR ABOVE: 0 0.10 INCH OR MORE: 10
MIN 32 OR BELOW: 0 0.50 INCH OR MORE: 4
MIN 0 OR BELOW: 0 1.00 INCH OR MORE: 2
[HDD (BASE 65) ]
TOTAL THIS MO. 60 CLEAR (SCALE 0-3) 10
DPTR FM NORMAL -100 PTCLDY (SCALE 4-7) 12
TOTAL FM JUL 1 108 CLOUDY (SCALE 8-10) 8
DPTR FM NORMAL -85
[CDD (BASE 65) ]
TOTAL THIS MO. 45
DPTR FM NORMAL 7 [PRESSURE DATA]
TOTAL FM JAN 1 541 HIGHEST SLP 30.45 ON 21
DPTR FM NORMAL 116 LOWEST SLP 29.60 ON 6
[REMARKS]
#FINAL-09-21#