000
CXUS53 KGID 011213
CF6AUH
PRELIMINARY LOCAL CLIMATOLOGICAL DATA (WS FORM: F-6)
STATION: AURORA NE
MONTH: MAY
YEAR: 2023
LATITUDE: 40 54 N
LONGITUDE: 97 59 W
TEMPERATURE IN F: :PCPN: SNOW: WIND :SUNSHINE: SKY :PK WND
================================================================================
1 2 3 4 5 6A 6B 7 8 9 10 11 12 13 14 15 16 17 18
12Z AVG MX 2MIN
DY MAX MIN AVG DEP HDD CDD WTR SNW DPTH SPD SPD DIR MIN PSBL S-S WX SPD DR
================================================================================
1 64 31 48 M 17 0 0.00 M M 14.5 27 330 M M 0 33 330
2 65 28 47 M 18 0 0.00 M M 10.7 20 350 M M 0 24 340
3 76 30 53 M 12 0 0.00 M M 4.4 8 180 M M 1 M M
4 81 48 65 M 0 0 0.00 M M 12.5 20 170 M M 0 23 190
5 73 56 65 M 0 0 0.14 M M 7.1 15 120 M M 7 1 18 180
6 79 54 67 M 0 2 0.05 M M 7.4 15 340 M M 5 3 33 140
7 83 50 67 M 0 2 0.04 M M 13.0 24 80 M M 3 13 29 50
8 84 49 67 M 0 2 0.00 M M 8.0 13 290 M M 0 20 250
9 71 56 64 M 1 0 0.13 M M 10.5 23 110 M M 2 33 0
10 81 55 68 M 0 3 0.00 M M 7.8 15 150 M M 2 21 80
11 80 58 69 M 0 4 0.01 M M 13.5 27 120 M M 6 12 39 110
12 81 59 70 M 0 5 T M M 12.7 27 220 M M 8 1 37 190
13 78 55 67 M 0 2 0.00 M M 10.5 18 290 M M 6 27 290
14 63 52 58 M 7 0 0.00 M M 11.7 17 10 M M 8 1 23 10
15 54 49 52 M 13 0 0.00 M M 10.9 16 30 M M 10 1 18 30
16 77 53 65 M 0 0 0.00 M M 5.7 13 20 M M 4 18 40
17 82 46 64 M 1 0 0.00 M M 5.4 13 180 M M 0 21 190
18 78 53 66 M 0 1 0.00 M M 7.8 13 340 M M 4 8 17 20
19 67 43 55 M 10 0 0.00 M M 15.1 23 360 M M 2 30 20
20 76 36 56 M 9 0 0.00 M M 2.4 8 340 M M 0 M M
21 82 49 66 M 0 1 0.00 M M 9.0 13 190 M M 1 21 210
22 81 55 68 M 0 3 0.00 M M 7.4 12 170 M M 1 17 150
23 82 54 68 M 0 3 0.00 M M 7.3 12 150 M M 3 17 180
24 84 53 69 M 0 4 0.00 M M 5.9 14 150 M M 3 18 170
25 83 53 68 M 0 3 T M M 9.6 22 120 M M 2 27 120
26 84 53 69 M 0 4 0.00 M M 12.2 20 120 M M 2 25 120
27 84 55 70 M 0 5 0.00 M M 12.5 16 150 M M 1 25 160
28 81 59 70 M 0 5 T M M 11.7 21 160 M M 5 25 160
29 88 56 72 M 0 7 0.00 M M 10.3 16 230 M M 2 24 190
30 87 60 74 M 0 9 0.25 M M 7.3 23 320 M M 1 16 80
31 88 57 73 M 0 8 0.00 M M 7.4 18 320 M M 1 28 220
================================================================================
SM 2417 1565 88 73 0.62 M 292.2 M 90
================================================================================
AV 78.0 50.5 9.4 FASTST M M 3 MAX(MPH)
MISC ----> # 27 330 M M
================================================================================
NOTES:
# LAST OF SEVERAL OCCURRENCES
COLUMN 17 PEAK WIND IN M.P.H.
PRELIMINARY LOCAL CLIMATOLOGICAL DATA (WS FORM: F-6) , PAGE 2
STATION: AURORA NE
MONTH: MAY
YEAR: 2023
LATITUDE: 40 54 N
LONGITUDE: 97 59 W
[TEMPERATURE DATA] [PRECIPITATION DATA] SYMBOLS USED IN COLUMN 16
AVERAGE MONTHLY: 64.2 TOTAL FOR MONTH: 0.62 1 = FOG OR MIST
DPTR FM NORMAL: M DPTR FM NORMAL: M 2 = FOG REDUCING VISIBILITY
HIGHEST: 88 ON 31,29 GRTST 24HR 0.25 ON 30-30 TO 1/4 MILE OR LESS
LOWEST: 28 ON 2 3 = THUNDER
SNOW, ICE PELLETS, HAIL 4 = ICE PELLETS
TOTAL MONTH: M 5 = HAIL
GRTST 24HR M ON M 6 = FREEZING RAIN OR DRIZZLE
GRTST DEPTH: M ON M 7 = DUSTSTORM OR SANDSTORM:
VSBY 1/2 MILE OR LESS
8 = SMOKE OR HAZE
[NO. OF DAYS WITH] [WEATHER - DAYS WITH] 9 = BLOWING SNOW
X = TORNADO
MAX 32 OR BELOW: 0 0.01 INCH OR MORE: 6
MAX 90 OR ABOVE: 0 0.10 INCH OR MORE: 3
MIN 32 OR BELOW: 3 0.50 INCH OR MORE: 0
MIN 0 OR BELOW: 0 1.00 INCH OR MORE: 0
[HDD (BASE 65) ]
TOTAL THIS MO. 88 CLEAR (SCALE 0-3) 20
DPTR FM NORMAL M PTCLDY (SCALE 4-7) 9
TOTAL FM JUL 1 6175 CLOUDY (SCALE 8-10) 2
DPTR FM NORMAL M
[CDD (BASE 65) ]
TOTAL THIS MO. 73
DPTR FM NORMAL M [PRESSURE DATA]
TOTAL FM JAN 1 86 HIGHEST SLP M ON M
DPTR FM NORMAL M LOWEST SLP M ON M
[REMARKS]
#FINAL-05-23#