000
CXUS53 KGID 011435
CF6AUH
PRELIMINARY LOCAL CLIMATOLOGICAL DATA (WS FORM: F-6)
STATION: AURORA
MONTH: MARCH
YEAR: 2020
LATITUDE: 40 54 N
LONGITUDE: 97 59 W
TEMPERATURE IN F: :PCPN: SNOW: WIND :SUNSHINE: SKY :PK WND
================================================================================
1 2 3 4 5 6A 6B 7 8 9 10 11 12 13 14 15 16 17 18
12Z AVG MX 2MIN
DY MAX MIN AVG DEP HDD CDD WTR SNW DPTH SPD SPD DIR MIN PSBL S-S WX SPD DR
================================================================================
1 58 31 45 12 20 0 0.00 M M 14.0 25 350 M M 0 30 350
2 48 28 38 4 27 0 M M M 9.2 20 240 M M 5 23 240
3 62 30 46 12 19 0 0.00 M M 12.1 20 320 M M 2 27 250
4 64 31 48 14 17 0 0.00 M M 14.5 25 210 M M 0 36 220
5 55 26 41 6 24 0 0.00 M M 20.6 38 320 M M 0 45 330
6 58 20 39 4 26 0 0.00 M M 8.9 21 170 M M 0 25 170
7 74 38 56 20 9 0 0.00 M M 18.4 32 200 M M 0 40 200
8 72 44 58 22 7 0 0.09 M M 15.8 23 190 M M 1 32 190
9 44 32 38 2 27 0 0.52 M M 15.5 25 10 M M 10 24 360
10 45 31 38 1 27 0 T M M 4.8 9 150 M M 9 12 M M
11 68 31 50 13 15 0 0.00 M M 8.4 20 220 M M 5 12 23 220
12 57 31 44 6 21 0 0.07 M M 17.3 29 340 M M 3 36 350
13 45 26 36 -2 29 0 M M M 6.0 16 120 M M 8 M M
14 34 32 33 -5 32 0 M M M 12.3 21 70 M M 10 1 23 90
15 34 31 33 -6 32 0 M M M 8.7 14 130 M M 10 1 M M
16 45 33 39 0 26 0 T M M 6.7 12 360 M M 10 1 M M
17 44 34 39 0 26 0 0.01 M M 5.6 10 150 M M 10 1 17 160
18 51 43 47 7 18 0 0.04 M M 5.5 10 90 M M 10 12 M M
19 53 27 40 0 25 0 M M M 17.9 38 10 M M 10 123 46 10
20 29 17 23 -17 42 0 0.00 M M 17.6 31 350 M M 3 43 350
21 49 20 35 -6 30 0 0.00 M M 9.9 17 200 M M 2 23 200
22 47 31 39 -2 26 0 0.00 M M 9.4 13 180 M M 7 18 180
23 54 38 46 4 19 0 0.00 M M 4.6 10 90 M M 7 12 M M
24 63 42 53 11 12 0 0.00 M M 8.9 16 160 M M 6 12 21 160
25 70 41 56 14 9 0 0.00 M M 12.7 24 350 M M 6 12 30 350
26 50 39 45 2 20 0 0.00 M M 11.9 16 50 M M 10 12 17 30
27 47 44 46 3 19 0 0.01 M M 8.5 14 40 M M 10 1 M M
28 48 40 44 1 21 0 0.38 M M 16.1 33 330 M M 9 12 45 330
29 64 36 50 6 15 0 0.00 M M 9.1 15 280 M M 2 22 290
30 70 35 53 9 12 0 0.01 M M 9.2 18 130 M M 5 23 130
31 71 46 59 15 6 0 0.00 M M 9.5 20 220 M M 5 25 220
================================================================================
SM 1673 1028 658 0 M M 349.6 M 175
================================================================================
AV 54.0 33.2 11.3 FASTST M M 6 MAX(MPH)
MISC ----> # 38 320 # M M
================================================================================
NOTES:
# LAST OF SEVERAL OCCURRENCES
COLUMN 17 PEAK WIND IN M.P.H.
PRELIMINARY LOCAL CLIMATOLOGICAL DATA (WS FORM: F-6) , PAGE 2
STATION: AURORA
MONTH: MARCH
YEAR: 2020
LATITUDE: 40 54 N
LONGITUDE: 97 59 W
[TEMPERATURE DATA] [PRECIPITATION DATA] SYMBOLS USED IN COLUMN 16
AVERAGE MONTHLY: 43.6 TOTAL FOR MONTH: M 1 = FOG OR MIST
DPTR FM NORMAL: 4.7 DPTR FM NORMAL: M 2 = FOG REDUCING VISIBILITY
HIGHEST: 74 ON 7 GRTST 24HR M TO 1/4 MILE OR LESS
LOWEST: 17 ON 20 3 = THUNDER
SNOW, ICE PELLETS, HAIL 4 = ICE PELLETS
TOTAL MONTH: M 5 = HAIL
GRTST 24HR M ON M 6 = FREEZING RAIN OR DRIZZLE
GRTST DEPTH: M ON M 7 = DUSTSTORM OR SANDSTORM:
VSBY 1/2 MILE OR LESS
8 = SMOKE OR HAZE
[NO. OF DAYS WITH] [WEATHER - DAYS WITH] 9 = BLOWING SNOW
X = TORNADO
MAX 32 OR BELOW: 1 0.01 INCH OR MORE: M
MAX 90 OR ABOVE: 0 0.10 INCH OR MORE: M
MIN 32 OR BELOW: 17 0.50 INCH OR MORE: M
MIN 0 OR BELOW: 0 1.00 INCH OR MORE: M
[HDD (BASE 65) ]
TOTAL THIS MO. 658 CLEAR (SCALE 0-3) 11
DPTR FM NORMAL -150 PTCLDY (SCALE 4-7) 9
TOTAL FM JUL 1 5046 CLOUDY (SCALE 8-10) 11
DPTR FM NORMAL -554
[CDD (BASE 65) ]
TOTAL THIS MO. 0
DPTR FM NORMAL -1 [PRESSURE DATA]
TOTAL FM JAN 1 0 HIGHEST SLP M ON M
DPTR FM NORMAL -1 LOWEST SLP M ON M
[REMARKS]
#FINAL-03-20#