000
CXUS53 KGRB 041314
CLSAUW
CLIMATE REPORT
NATIONAL WEATHER SERVICE GREEN BAY
814 AM CDT MON SEP 04 2023
...................................
...THE WAUSAU WI CLIMATE SUMMARY FOR THE SEASON, FROM
6/1/2023 TO 8/31/2023...
CLIMATE NORMAL PERIOD: 1991 TO 2020
CLIMATE RECORD PERIOD: 1896 TO 2023
WEATHER OBSERVED NORMAL DEPART LAST YEAR`S
VALUE DATE(S) VALUE FROM VALUE DATE(S)
NORMAL
................................................................
TEMPERATURE (F)
RECORD
HIGH 107 07/13/1936
LOW 29 06/01/1897
HIGHEST 95 08/23 94 1 96 06/14
LOWEST 42 06/12 40 2 43 06/04
AVG. MAXIMUM 80.9 78.2 2.7 80.4
AVG. MINIMUM 57.5 56.7 0.8 59.7
MEAN 69.2 67.4 1.8 70.1
DAYS MAX >= 90 10 4.7 5.3 5
DAYS MAX <= 32 0 0.0 0.0 0
DAYS MIN <= 32 0 0.0 0.0 0
DAYS MIN <= 0 0 0.0 0.0 0
PRECIPITATION (INCHES)
RECORD
MAXIMUM 25.36 2021
MINIMUM 5.58 1976
TOTALS 8.39 12.60 -4.21 12.24
DAILY AVG. 0.09 0.14 -0.05 0.13
DAYS >= .01 32 34.9 -2.9 33
DAYS >= .10 17 21.7 -4.7 22
DAYS >= .50 6 8.4 -2.4 9
DAYS >= 1.00 1 3.3 -2.3 4
SNOWFALL (INCHES)
RECORDS
TOTAL 0.0 MM
24 HR TOTAL MM
TOTALS 0.0 0.0 0.0 0.0
SINCE 7/1 0.0 0.0 0.0 MM
DAYS >= TRACE 0 0.0 0.0 0
DAYS >= 1.0 0 0.0 0.0 0
GREATEST
SNOW DEPTH 0 0 MM
24 HR TOTAL 0.0
DEGREE DAYS
HEATING TOTAL 67 139 -72 36
SINCE 7/1 33 64 -31 MM
COOLING TOTAL 477 363 114 522
SINCE 1/1 509 385 124 MM
FREEZE DATES
RECORD
EARLIEST 08/30/1915
LATEST 06/12/1903
EARLIEST MM
LATEST 05/03
................................................................
WIND (MPH)
AVERAGE WIND SPEED 6.1
RESULTANT WIND SPEED/DIRECTION 1/300
HIGHEST WIND SPEED/DIRECTION 38/270 DATE 07/10
HIGHEST GUST SPEED/DIRECTION 52/270 DATE 07/10
SKY COVER
POSSIBLE SUNSHINE (PERCENT) MM
AVERAGE SKY COVER 0.32
NUMBER OF DAYS FAIR 55
NUMBER OF DAYS PC 27
NUMBER OF DAYS CLOUDY 9
AVERAGE RH (PERCENT) 64
WEATHER CONDITIONS. NUMBER OF DAYS WITH
THUNDERSTORM 18 MIXED PRECIP 0
HEAVY RAIN 10 RAIN 15
LIGHT RAIN 29 FREEZING RAIN 0
LT FREEZING RAIN 0 HAIL 0
HEAVY SNOW 0 SNOW 0
LIGHT SNOW 0 SLEET 0
FOG 42 FOG W/VIS <= 1/4 MILE 2
HAZE 30
- INDICATES NEGATIVE NUMBERS.
R INDICATES RECORD WAS SET OR TIED.
MM INDICATES DATA IS MISSING.
T INDICATES TRACE AMOUNT.
$$