000
CXUS53 KGRR 010910
CF6AZO
PRELIMINARY LOCAL CLIMATOLOGICAL DATA (WS FORM: F-6)
STATION: KALAMAZOO
MONTH: APRIL
YEAR: 2022
LATITUDE: 42 13 N
LONGITUDE: 85 33 W
TEMPERATURE IN F: :PCPN: SNOW: WIND :SUNSHINE: SKY :PK WND
================================================================================
1 2 3 4 5 6A 6B 7 8 9 10 11 12 13 14 15 16 17 18
12Z AVG MX 2MIN
DY MAX MIN AVG DEP HDD CDD WTR SNW DPTH SPD SPD DIR MIN PSBL S-S WX SPD DR
================================================================================
1 39 26 33 -10 32 0 0.01 M M 9.4 22 330 M M 8 18 28 330
2 46 25 36 -7 29 0 0.15 M M 6.1 15 180 M M 5 1 22 180
3 49 35 42 -2 23 0 0.00 M M 4.6 16 330 M M 8 18 24 330
4 57 39 48 4 17 0 0.24 M M 8.5 20 300 M M 9 1 27 290
5 60 40 50 6 15 0 0.00 M M 5.7 14 90 M M 6 18 22 120
6 56 47 52 7 13 0 0.51 M M 10.0 25 250 M M 9 18 37 240
7 47 39 43 -2 22 0 0.05 M M 10.1 20 230 M M 10 8 27 230
8 47 34 41 -5 24 0 0.02 M M 10.8 20 300 M M 10 1 25 270
9 41 31 36 -10 29 0 0.01 M M 8.8 21 300 M M 8 18 29 310
10 61 26 44 -2 21 0 0.00 M M 6.4 16 140 M M 0 29 170
11 69 41 55 8 10 0 T M M 8.6 18 250 M M 3 27 140
12 70 32 51 4 14 0 T M M 7.4 20 160 M M 2 1 35 150
13 68 50 59 11 6 0 0.36 M M 13.8 25 280 M M 9 1 37 260
14 56 36 46 -2 19 0 0.08 M M 17.4 36 230 M M 4 1 53 250
15 53 40 47 -1 18 0 0.17 M M 12.4 35 260 M M 9 54 210
16 45 33 39 -10 26 0 0.00 M M 10.0 23 290 M M 5 30 290
17 49 27 38 -11 27 0 0.00 M M 6.8 14 130 M M 1 23 140
18 40 33 37 -13 28 0 0.14 M M 6.9 18 290 M M 9 18 27 290
19 46 30 38 -12 27 0 T M M 11.6 23 320 M M 7 33 310
20 53 26 40 -10 25 0 0.04 M M 9.2 17 140 M M 6 30 130
21 67 45 56 5 9 0 0.21 M M 10.8 23 270 M M 5 1 38 290
22 51 39 45 -6 20 0 0.67 M M 7.1 16 100 M M 6 13 26 100
23 84 48 66 14 0 1 0.00 M M 11.7 23 210 M M 2 31 180
24 80 63 72 20 0 7 0.05 M M 13.7 31 260 M M 4 45 260
25 63 44 54 2 11 0 T M M 10.2 20 260 M M 9 29 250
26 44 33 39 -14 26 0 0.03 M M 11.3 20 320 M M 9 18 28 290
27 50 30 40 -13 25 0 T M M 7.8 20 330 M M 6 24 330
28 52 37 45 -8 20 0 T M M 6.8 13 120 M M 8 20 120
29 65 42 54 0 11 0 0.00 M M 7.8 15 110 M M 6 22 120
30 63 47 55 1 10 0 0.49 M M 9.6 21 100 M M 8 13 34 80
================================================================================
SM 1671 1118 557 8 3.23 M 281.3 M 191
================================================================================
AV 55.7 37.3 9.4 FASTST M M 6 MAX(MPH)
MISC ----> 36 230 54 210
================================================================================
NOTES:
# LAST OF SEVERAL OCCURRENCES
COLUMN 17 PEAK WIND IN M.P.H.
PRELIMINARY LOCAL CLIMATOLOGICAL DATA (WS FORM: F-6) , PAGE 2
STATION: KALAMAZOO
MONTH: APRIL
YEAR: 2022
LATITUDE: 42 13 N
LONGITUDE: 85 33 W
[TEMPERATURE DATA] [PRECIPITATION DATA] SYMBOLS USED IN COLUMN 16
AVERAGE MONTHLY: 46.5 TOTAL FOR MONTH: 3.23 1 = FOG OR MIST
DPTR FM NORMAL: -2.0 DPTR FM NORMAL: 0.16 2 = FOG REDUCING VISIBILITY
HIGHEST: 84 ON 23 GRTST 24HR 0.67 ON 22-22 TO 1/4 MILE OR LESS
LOWEST: 25 ON 2 3 = THUNDER
SNOW, ICE PELLETS, HAIL 4 = ICE PELLETS
TOTAL MONTH: M 5 = HAIL
GRTST 24HR M ON M 6 = FREEZING RAIN OR DRIZZLE
GRTST DEPTH: M ON M 7 = DUSTSTORM OR SANDSTORM:
VSBY 1/2 MILE OR LESS
8 = SMOKE OR HAZE
[NO. OF DAYS WITH] [WEATHER - DAYS WITH] 9 = BLOWING SNOW
X = TORNADO
MAX 32 OR BELOW: 0 0.01 INCH OR MORE: 17
MAX 90 OR ABOVE: 0 0.10 INCH OR MORE: 9
MIN 32 OR BELOW: 9 0.50 INCH OR MORE: 2
MIN 0 OR BELOW: 0 1.00 INCH OR MORE: 0
[HDD (BASE 65) ]
TOTAL THIS MO. 557 CLEAR (SCALE 0-3) 5
DPTR FM NORMAL 58 PTCLDY (SCALE 4-7) 12
TOTAL FM JUL 1 5672 CLOUDY (SCALE 8-10) 13
DPTR FM NORMAL -401
[CDD (BASE 65) ]
TOTAL THIS MO. 8
DPTR FM NORMAL 4 [PRESSURE DATA]
TOTAL FM JAN 1 8 HIGHEST SLP 30.51 ON 22
DPTR FM NORMAL 3 LOWEST SLP 29.45 ON 13
[REMARKS]
#FINAL-04-22#