208
CXUS54 KEWX 011010
CF6BAZ
PRELIMINARY LOCAL CLIMATOLOGICAL DATA (WS FORM: F-6)
STATION: NEW BRAUNFELS
MONTH: MARCH
YEAR: 2021
LATITUDE: 29 43 N
LONGITUDE: 98 3 W
TEMPERATURE IN F: :PCPN: SNOW: WIND :SUNSHINE: SKY :PK WND
================================================================================
1 2 3 4 5 6A 6B 7 8 9 10 11 12 13 14 15 16 17 18
12Z AVG MX 2MIN
DY MAX MIN AVG DEP HDD CDD WTR SNW DPTH SPD SPD DIR MIN PSBL S-S WX SPD DR
================================================================================
1 62 52 57 -1 8 0 T M M 20.6 32 30 M M 10 46 30
2 68 42 55 -3 10 0 0.00 M M 9.1 24 30 M M 1 30 20
3 71 36 54 -4 11 0 0.00 M M 6.0 13 160 M M 0 17 220
4 77 41 59 0 6 0 0.00 M M 9.2 21 160 M M 0 26 160
5 83 56 70 11 0 5 0.00 M M 10.6 26 360 M M 4 18 39 360
6 69 49 59 0 6 0 0.00 M M 11.7 25 20 M M 2 32 10
7 70 42 56 -3 9 0 0.00 M M 6.4 15 170 M M 0 20 160
8 72 44 58 -2 7 0 0.00 M M 8.2 20 140 M M 7 25 140
9 79 53 66 6 0 1 0.00 M M 15.3 26 180 M M 8 12 33 180
10 84 64 74 14 0 9 0.00 M M 19.6 30 160 M M 7 39 170
11 81 68 75 15 0 10 0.00 M M 16.1 28 180 M M 9 37 190
12 82 67 75 14 0 10 0.00 M M 14.6 26 180 M M 8 35 180
13 80 67 74 13 0 9 0.03 M M 17.4 30 150 M M 9 1 37 150
14 74 51 63 2 2 0 0.14 M M 7.5 26 180 M M 7 1 37 170
15 85 43 64 3 1 0 0.00 M M 8.0 17 180 M M 1 18 21 160
16 82 66 74 12 0 9 0.00 M M 10.0 24 160 M M 8 18 30 130
17 82 57 70 8 0 5 0.01 M M 17.0 30 310 M M 6 18 41 320
18 76 49 63 1 2 0 0.00 M M 16.1 26 350 M M 0 37 340
19 73 41 57 -5 8 0 0.00 M M 10.1 18 20 M M 0 26 30
20 72 38 55 -8 10 0 0.00 M M 5.0 13 110 M M 0 18 100
21 75 41 58 -5 7 0 0.00 M M 7.4 21 160 M M 1 1 26 170
22 73 54 64 1 1 0 T M M 11.8 25 150 M M 9 3 33 160
23 82 52 67 3 0 2 0.32 M M 6.4 24 270 M M 2 138 33 280
24 76 50 63 -1 2 0 0.00 M M 9.3 22 150 M M 7 128 29 140
25 78 55 67 3 0 2 T 0.0 M 11.0 29 350 M M 3 1 43 340
26 86 45 66 2 0 1 0.00 M M 7.0 17 140 M M 0 24 160
27 89 60 75 10 0 10 0.00 M M 7.7 22 200 M M 7 18 27 190
28 74 50 62 -3 3 0 0.02 M M 17.3 33 40 M M 6 138 43 50
29 77 43 60 -5 5 0 M M M 8.3 16 160 M M 4 25 180
30 83 61 72 7 0 7 T M M 10.4 21 190 M M 9 12 26 210
31 75 59 67 1 0 2 T M M 16.2 29 10 M M 8 1 39 40
================================================================================
SM 2390 1596 98 82 0.52 0.0 351.3 M 143
================================================================================
AV 77.1 51.5 11.3 FASTST M M 5 MAX(MPH)
MISC ----> 33 40 46 30
================================================================================
NOTES:
# LAST OF SEVERAL OCCURRENCES
COLUMN 17 PEAK WIND IN M.P.H.
PRELIMINARY LOCAL CLIMATOLOGICAL DATA (WS FORM: F-6) , PAGE 2
STATION: NEW BRAUNFELS
MONTH: MARCH
YEAR: 2021
LATITUDE: 29 43 N
LONGITUDE: 98 3 W
[TEMPERATURE DATA] [PRECIPITATION DATA] SYMBOLS USED IN COLUMN 16
AVERAGE MONTHLY: 64.3 TOTAL FOR MONTH: 0.52 1 = FOG OR MIST
DPTR FM NORMAL: 2.6 DPTR FM NORMAL: -2.14 2 = FOG REDUCING VISIBILITY
HIGHEST: 89 ON 27 GRTST 24HR 0.32 ON 22-23 TO 1/4 MILE OR LESS
LOWEST: 36 ON 3 3 = THUNDER
SNOW, ICE PELLETS, HAIL 4 = ICE PELLETS
TOTAL MONTH: 0.0 INCH 5 = HAIL
GRTST 24HR 0.0 6 = FREEZING RAIN OR DRIZZLE
GRTST DEPTH: M ON M 7 = DUSTSTORM OR SANDSTORM:
VSBY 1/2 MILE OR LESS
8 = SMOKE OR HAZE
[NO. OF DAYS WITH] [WEATHER - DAYS WITH] 9 = BLOWING SNOW
X = TORNADO
MAX 32 OR BELOW: 0 0.01 INCH OR MORE: 5
MAX 90 OR ABOVE: 0 0.10 INCH OR MORE: 2
MIN 32 OR BELOW: 0 0.50 INCH OR MORE: 0
MIN 0 OR BELOW: 0 1.00 INCH OR MORE: 0
[HDD (BASE 65) ]
TOTAL THIS MO. 98 CLEAR (SCALE 0-3) 12
DPTR FM NORMAL -64 PTCLDY (SCALE 4-7) 12
TOTAL FM JUL 1 1180 CLOUDY (SCALE 8-10) 7
DPTR FM NORMAL -337
[CDD (BASE 65) ]
TOTAL THIS MO. 82
DPTR FM NORMAL 23 [PRESSURE DATA]
TOTAL FM JAN 1 109 HIGHEST SLP 30.42 ON 8
DPTR FM NORMAL 25 LOWEST SLP 29.53 ON 25
[REMARKS]
#FINAL-03-21#